
{"version":"1.0","provider_name":"Fundaci\u00f3 TIC Salut i Social","provider_url":"https:\/\/ticsalutsocial.atoom.space\/en\/","author_name":"Victor","author_url":"https:\/\/ticsalutsocial.atoom.space\/en\/author\/victor\/","title":"Digital tools: opportunities in health and legal challenges - Fundaci\u00f3 TIC Salut i Social","type":"rich","width":600,"height":338,"html":"<blockquote class=\"wp-embedded-content\" data-secret=\"PY7fUOcWvi\"><a href=\"https:\/\/ticsalutsocial.atoom.space\/en\/event\/eines-digitals-oportunitats-en-salut-i-reptes-juridics\/\">Digital tools: opportunities in health and legal challenges<\/a><\/blockquote><iframe sandbox=\"allow-scripts\" security=\"restricted\" src=\"https:\/\/ticsalutsocial.atoom.space\/en\/event\/eines-digitals-oportunitats-en-salut-i-reptes-juridics\/embed\/#?secret=PY7fUOcWvi\" width=\"600\" height=\"338\" title=\"&#8220;Digital tools: opportunities in health and legal challenges&#8221; &#8212; Fundaci\u00f3 TIC Salut i Social\" data-secret=\"PY7fUOcWvi\" frameborder=\"0\" marginwidth=\"0\" marginheight=\"0\" scrolling=\"no\" class=\"wp-embedded-content\"><\/iframe><script type=\"text\/javascript\">\n\/* <![CDATA[ *\/\n\/*! This file is auto-generated *\/\n!function(d,l){\"use strict\";l.querySelector&&d.addEventListener&&\"undefined\"!=typeof URL&&(d.wp=d.wp||{},d.wp.receiveEmbedMessage||(d.wp.receiveEmbedMessage=function(e){var t=e.data;if((t||t.secret||t.message||t.value)&&!\/[^a-zA-Z0-9]\/.test(t.secret)){for(var s,r,n,a=l.querySelectorAll('iframe[data-secret=\"'+t.secret+'\"]'),o=l.querySelectorAll('blockquote[data-secret=\"'+t.secret+'\"]'),c=new RegExp(\"^https?:$\",\"i\"),i=0;i<o.length;i++)o[i].style.display=\"none\";for(i=0;i<a.length;i++)s=a[i],e.source===s.contentWindow&&(s.removeAttribute(\"style\"),\"height\"===t.message?(1e3<(r=parseInt(t.value,10))?r=1e3:~~r<200&&(r=200),s.height=r):\"link\"===t.message&&(r=new URL(s.getAttribute(\"src\")),n=new URL(t.value),c.test(n.protocol))&&n.host===r.host&&l.activeElement===s&&(d.top.location.href=t.value))}},d.addEventListener(\"message\",d.wp.receiveEmbedMessage,!1),l.addEventListener(\"DOMContentLoaded\",function(){for(var e,t,s=l.querySelectorAll(\"iframe.wp-embedded-content\"),r=0;r<s.length;r++)(t=(e=s[r]).getAttribute(\"data-secret\"))||(t=Math.random().toString(36).substring(2,12),e.src+=\"#?secret=\"+t,e.setAttribute(\"data-secret\",t)),e.contentWindow.postMessage({message:\"ready\",secret:t},\"*\")},!1)))}(window,document);\n\/\/# sourceURL=https:\/\/ticsalutsocial.atoom.space\/wp-includes\/js\/wp-embed.min.js\n\/* ]]> *\/\n<\/script>\n","description":"On September 26, the CSC will hold an information session at its headquarters that may be of interest to you. The purpose of the session is to discuss the balance between digital implementation and regulatory compliance. Starting at 12:00 at Av. Tibidabo, 21, Sarri\u00e0-Sant Gervasi, 08022 Barcelona PROGRAMME 12:00 WelcomeFrancesc Jos\u00e9 Mar\u00eda, General Director of [&hellip;]"}

Fundació TIC Salut i Social

Digital tools: opportunities in health and legal challenges - Fundació TIC Salut i Social

<blockquote class="wp-embedded-content" data-secret="PY7fUOcWvi"><a href="https://ticsalutsocial.atoom.space/en/event/eines-digitals-oportunitats-en-salut-i-reptes-juridics/">Digital tools: opportunities in health and legal challenges</a></blockquote><iframe sandbox="allow-scripts" security="restricted" src="https://ticsalutsocial.atoom.space/en/event/eines-digitals-oportunitats-en-salut-i-reptes-juridics/embed/#?secret=PY7fUOcWvi" width="600" height="338" title="&#8220;Digital tools: opportunities in health and legal challenges&#8221; &#8212; Fundació TIC Salut i Social" data-secret="PY7fUOcWvi" frameborder="0" marginwidth="0" marginheight="0" scrolling="no" class="wp-embedded-content"></iframe><script type="text/javascript">
/* <![CDATA[ */
/*! This file is auto-generated */
!function(d,l){"use strict";l.querySelector&&d.addEventListener&&"undefined"!=typeof URL&&(d.wp=d.wp||{},d.wp.receiveEmbedMessage||(d.wp.receiveEmbedMessage=function(e){var t=e.data;if((t||t.secret||t.message||t.value)&&!/[^a-zA-Z0-9]/.test(t.secret)){for(var s,r,n,a=l.querySelectorAll('iframe[data-secret="'+t.secret+'"]'),o=l.querySelectorAll('blockquote[data-secret="'+t.secret+'"]'),c=new RegExp("^https?:$","i"),i=0;i<o.length;i++)o[i].style.display="none";for(i=0;i<a.length;i++)s=a[i],e.source===s.contentWindow&&(s.removeAttribute("style"),"height"===t.message?(1e3<(r=parseInt(t.value,10))?r=1e3:~~r<200&&(r=200),s.height=r):"link"===t.message&&(r=new URL(s.getAttribute("src")),n=new URL(t.value),c.test(n.protocol))&&n.host===r.host&&l.activeElement===s&&(d.top.location.href=t.value))}},d.addEventListener("message",d.wp.receiveEmbedMessage,!1),l.addEventListener("DOMContentLoaded",function(){for(var e,t,s=l.querySelectorAll("iframe.wp-embedded-content"),r=0;r<s.length;r++)(t=(e=s[r]).getAttribute("data-secret"))||(t=Math.random().toString(36).substring(2,12),e.src+="#?secret="+t,e.setAttribute("data-secret",t)),e.contentWindow.postMessage({message:"ready",secret:t},"*")},!1)))}(window,document);
//# sourceURL=https://ticsalutsocial.atoom.space/wp-includes/js/wp-embed.min.js
/* ]]> */
</script>

On September 26, the CSC will hold an information session at its headquarters that may be of interest to you. The purpose of the session is to discuss the balance between digital implementation and regulatory compliance. Starting at 12:00 at Av. Tibidabo, 21, Sarrià-Sant Gervasi, 08022 Barcelona PROGRAMME 12:00 WelcomeFrancesc José María, General Director of [&hellip;]
