
{"id":22175,"date":"2023-09-15T09:38:58","date_gmt":"2023-09-15T07:38:58","guid":{"rendered":"https:\/\/ticsalutsocial.atoom.space\/app\/bcn65\/"},"modified":"2024-02-15T09:07:47","modified_gmt":"2024-02-15T07:07:47","slug":"bcn65","status":"publish","type":"app","link":"https:\/\/ticsalutsocial.atoom.space\/en\/app\/bcn65\/","title":{"rendered":"BCN+65"},"content":{"rendered":"","protected":false},"template":"","categoria_app":[809],"especialitat":[],"especialitat_social":[1076],"public":[1103],"class_list":["post-22175","app","type-app","status-publish","hentry","ambit-social-en","categoria_app-altres-apps-en-2","especialitat_social-aging","public-gent-gran-en"],"acf":{"descripcio":"BCN+65 \u00e9s l\u2019app de les persones grans de Barcelona. Aplega, de forma f\u00e0cil i accessible, tota la informaci\u00f3 d\u2019actualitat i els principals serveis i recursos municipals per a les persones de m\u00e9s de 65 anys.","contenido":{"definicio":"<p>BCN+65 \u00e9s l\u2019app de les persones grans de Barcelona. Aplega, de forma f\u00e0cil i accessible, tota la informaci\u00f3 d\u2019actualitat i els principals serveis i recursos municipals per a les persones de m\u00e9s de 65 anys de la ciutat en un sol punt d\u2019acc\u00e9s. A m\u00e9s, l\u2019aplicaci\u00f3 compta amb un servei d&#8217;avisos per ajustar-se millor a cada persona usu\u00e0ria, i integra el servei VinclesBCN, que refor\u00e7a les relacions socials de les persones grans que se senten soles.<\/p>\n","captures":["https:\/\/ticsalutsocial.atoom.space\/wp-content\/uploads\/2023\/09\/bcn1.webp","https:\/\/ticsalutsocial.atoom.space\/wp-content\/uploads\/2023\/09\/bcn2.webp","https:\/\/ticsalutsocial.atoom.space\/wp-content\/uploads\/2023\/09\/bcn4.webp","https:\/\/ticsalutsocial.atoom.space\/wp-content\/uploads\/2023\/09\/bcn5.webp"],"informacio":"","informacio_list":{"desenvolupador":"Ajuntament de Barcelona","cost":"Gratu\u00efta","versio_revisada":"4.7.2 (Android), 4.7.3 (iOS)\u00a0","data_revisio":"24\/05\/2023 (Google Play), 30\/05\/2023 (App Store)\u00a0","narc_referencia":"Ajuntament de Barcelona","especialitat":"Gent gran","adrecat_a":"Gent gran"},"links_descarrega":{"googleplay":"https:\/\/play.google.com\/store\/apps\/details?id=cat.bcn.vincles.mobile","appstore":"https:\/\/apps.apple.com\/es\/app\/vincles-bcn\/id1158902681?l=ca"},"etiqueta_short":false,"etiqueta_long":false,"prospecte":""},"icona":"https:\/\/ticsalutsocial.atoom.space\/wp-content\/uploads\/2023\/09\/bcn-1.webp","public":"<p>Gent gran<\/p>\n"},"yoast_head":"<!-- This site is optimized with the Yoast SEO plugin v27.1.1 - https:\/\/yoast.com\/product\/yoast-seo-wordpress\/ -->\n<title>BCN+65 - Fundaci\u00f3 TIC Salut i Social<\/title>\n<meta name=\"robots\" content=\"index, follow, max-snippet:-1, max-image-preview:large, max-video-preview:-1\" \/>\n<link rel=\"canonical\" href=\"https:\/\/ticsalutsocial.atoom.space\/en\/app\/bcn65\/\" \/>\n<meta property=\"og:locale\" content=\"en_US\" \/>\n<meta property=\"og:type\" content=\"article\" \/>\n<meta property=\"og:title\" content=\"BCN+65 - Fundaci\u00f3 TIC Salut i Social\" \/>\n<meta property=\"og:url\" content=\"https:\/\/ticsalutsocial.atoom.space\/en\/app\/bcn65\/\" \/>\n<meta property=\"og:site_name\" content=\"Fundaci\u00f3 TIC Salut i Social\" \/>\n<meta property=\"article:modified_time\" content=\"2024-02-15T07:07:47+00:00\" \/>\n<meta name=\"twitter:card\" content=\"summary_large_image\" \/>\n<script type=\"application\/ld+json\" class=\"yoast-schema-graph\">{\"@context\":\"https:\/\/schema.org\",\"@graph\":[{\"@type\":\"WebPage\",\"@id\":\"https:\/\/ticsalutsocial.atoom.space\/en\/app\/bcn65\/\",\"url\":\"https:\/\/ticsalutsocial.atoom.space\/en\/app\/bcn65\/\",\"name\":\"BCN+65 - Fundaci\u00f3 TIC Salut i Social\",\"isPartOf\":{\"@id\":\"https:\/\/ticsalutsocial.atoom.space\/en\/#website\"},\"datePublished\":\"2023-09-15T07:38:58+00:00\",\"dateModified\":\"2024-02-15T07:07:47+00:00\",\"breadcrumb\":{\"@id\":\"https:\/\/ticsalutsocial.atoom.space\/en\/app\/bcn65\/#breadcrumb\"},\"inLanguage\":\"en-US\",\"potentialAction\":[{\"@type\":\"ReadAction\",\"target\":[\"https:\/\/ticsalutsocial.atoom.space\/en\/app\/bcn65\/\"]}]},{\"@type\":\"BreadcrumbList\",\"@id\":\"https:\/\/ticsalutsocial.atoom.space\/en\/app\/bcn65\/#breadcrumb\",\"itemListElement\":[{\"@type\":\"ListItem\",\"position\":1,\"name\":\"Inici\",\"item\":\"https:\/\/ticsalutsocial.atoom.space\/en\/\"},{\"@type\":\"ListItem\",\"position\":2,\"name\":\"BCN+65\"}]},{\"@type\":\"WebSite\",\"@id\":\"https:\/\/ticsalutsocial.atoom.space\/en\/#website\",\"url\":\"https:\/\/ticsalutsocial.atoom.space\/en\/\",\"name\":\"Fundaci\u00f3 TIC Salut i Social\",\"description\":\"\",\"potentialAction\":[{\"@type\":\"SearchAction\",\"target\":{\"@type\":\"EntryPoint\",\"urlTemplate\":\"https:\/\/ticsalutsocial.atoom.space\/en\/?s={search_term_string}\"},\"query-input\":{\"@type\":\"PropertyValueSpecification\",\"valueRequired\":true,\"valueName\":\"search_term_string\"}}],\"inLanguage\":\"en-US\"}]}<\/script>\n<!-- \/ Yoast SEO plugin. -->","yoast_head_json":{"title":"BCN+65 - Fundaci\u00f3 TIC Salut i Social","robots":{"index":"index","follow":"follow","max-snippet":"max-snippet:-1","max-image-preview":"max-image-preview:large","max-video-preview":"max-video-preview:-1"},"canonical":"https:\/\/ticsalutsocial.atoom.space\/en\/app\/bcn65\/","og_locale":"en_US","og_type":"article","og_title":"BCN+65 - Fundaci\u00f3 TIC Salut i Social","og_url":"https:\/\/ticsalutsocial.atoom.space\/en\/app\/bcn65\/","og_site_name":"Fundaci\u00f3 TIC Salut i Social","article_modified_time":"2024-02-15T07:07:47+00:00","twitter_card":"summary_large_image","schema":{"@context":"https:\/\/schema.org","@graph":[{"@type":"WebPage","@id":"https:\/\/ticsalutsocial.atoom.space\/en\/app\/bcn65\/","url":"https:\/\/ticsalutsocial.atoom.space\/en\/app\/bcn65\/","name":"BCN+65 - Fundaci\u00f3 TIC Salut i Social","isPartOf":{"@id":"https:\/\/ticsalutsocial.atoom.space\/en\/#website"},"datePublished":"2023-09-15T07:38:58+00:00","dateModified":"2024-02-15T07:07:47+00:00","breadcrumb":{"@id":"https:\/\/ticsalutsocial.atoom.space\/en\/app\/bcn65\/#breadcrumb"},"inLanguage":"en-US","potentialAction":[{"@type":"ReadAction","target":["https:\/\/ticsalutsocial.atoom.space\/en\/app\/bcn65\/"]}]},{"@type":"BreadcrumbList","@id":"https:\/\/ticsalutsocial.atoom.space\/en\/app\/bcn65\/#breadcrumb","itemListElement":[{"@type":"ListItem","position":1,"name":"Inici","item":"https:\/\/ticsalutsocial.atoom.space\/en\/"},{"@type":"ListItem","position":2,"name":"BCN+65"}]},{"@type":"WebSite","@id":"https:\/\/ticsalutsocial.atoom.space\/en\/#website","url":"https:\/\/ticsalutsocial.atoom.space\/en\/","name":"Fundaci\u00f3 TIC Salut i Social","description":"","potentialAction":[{"@type":"SearchAction","target":{"@type":"EntryPoint","urlTemplate":"https:\/\/ticsalutsocial.atoom.space\/en\/?s={search_term_string}"},"query-input":{"@type":"PropertyValueSpecification","valueRequired":true,"valueName":"search_term_string"}}],"inLanguage":"en-US"}]}},"_links":{"self":[{"href":"https:\/\/ticsalutsocial.atoom.space\/en\/wp-json\/wp\/v2\/app\/22175","targetHints":{"allow":["GET"]}}],"collection":[{"href":"https:\/\/ticsalutsocial.atoom.space\/en\/wp-json\/wp\/v2\/app"}],"about":[{"href":"https:\/\/ticsalutsocial.atoom.space\/en\/wp-json\/wp\/v2\/types\/app"}],"wp:attachment":[{"href":"https:\/\/ticsalutsocial.atoom.space\/en\/wp-json\/wp\/v2\/media?parent=22175"}],"wp:term":[{"taxonomy":"categoria_app","embeddable":true,"href":"https:\/\/ticsalutsocial.atoom.space\/en\/wp-json\/wp\/v2\/categoria_app?post=22175"},{"taxonomy":"especialitat","embeddable":true,"href":"https:\/\/ticsalutsocial.atoom.space\/en\/wp-json\/wp\/v2\/especialitat?post=22175"},{"taxonomy":"especialitat_social","embeddable":true,"href":"https:\/\/ticsalutsocial.atoom.space\/en\/wp-json\/wp\/v2\/especialitat_social?post=22175"},{"taxonomy":"public","embeddable":true,"href":"https:\/\/ticsalutsocial.atoom.space\/en\/wp-json\/wp\/v2\/public?post=22175"}],"curies":[{"name":"wp","href":"https:\/\/api.w.org\/{rel}","templated":true}]}}

BCN+65 és l’app de les persones grans de Barcelona. Aplega, de forma fàcil i accessible, tota la informació d’actualitat i els principals serveis i recursos municipals per a les persones de més de 65 anys.

<p>BCN+65 és l’app de les persones grans de Barcelona. Aplega, de forma fàcil i accessible, tota la informació d’actualitat i els principals serveis i recursos municipals per a les persones de més de 65 anys de la ciutat en un sol punt d’accés. A més, l’aplicació compta amb un servei d&#8217;avisos per ajustar-se millor a cada persona usuària, i integra el servei VinclesBCN, que reforça les relacions socials de les persones grans que se senten soles.</p>

Gratuïta

<!-- This site is optimized with the Yoast SEO plugin v27.1.1 - https://yoast.com/product/yoast-seo-wordpress/ -->
<title>BCN+65 - Fundació TIC Salut i Social</title>
<meta name="robots" content="index, follow, max-snippet:-1, max-image-preview:large, max-video-preview:-1" />
<link rel="canonical" href="https://ticsalutsocial.atoom.space/en/app/bcn65/" />
<meta property="og:locale" content="en_US" />
<meta property="og:type" content="article" />
<meta property="og:title" content="BCN+65 - Fundació TIC Salut i Social" />
<meta property="og:url" content="https://ticsalutsocial.atoom.space/en/app/bcn65/" />
<meta property="og:site_name" content="Fundació TIC Salut i Social" />
<meta property="article:modified_time" content="2024-02-15T07:07:47+00:00" />
<meta name="twitter:card" content="summary_large_image" />
<script type="application/ld+json" class="yoast-schema-graph">{"@context":"https://schema.org","@graph":[{"@type":"WebPage","@id":"https://ticsalutsocial.atoom.space/en/app/bcn65/","url":"https://ticsalutsocial.atoom.space/en/app/bcn65/","name":"BCN+65 - Fundació TIC Salut i Social","isPartOf":{"@id":"https://ticsalutsocial.atoom.space/en/#website"},"datePublished":"2023-09-15T07:38:58+00:00","dateModified":"2024-02-15T07:07:47+00:00","breadcrumb":{"@id":"https://ticsalutsocial.atoom.space/en/app/bcn65/#breadcrumb"},"inLanguage":"en-US","potentialAction":[{"@type":"ReadAction","target":["https://ticsalutsocial.atoom.space/en/app/bcn65/"]}]},{"@type":"BreadcrumbList","@id":"https://ticsalutsocial.atoom.space/en/app/bcn65/#breadcrumb","itemListElement":[{"@type":"ListItem","position":1,"name":"Inici","item":"https://ticsalutsocial.atoom.space/en/"},{"@type":"ListItem","position":2,"name":"BCN+65"}]},{"@type":"WebSite","@id":"https://ticsalutsocial.atoom.space/en/#website","url":"https://ticsalutsocial.atoom.space/en/","name":"Fundació TIC Salut i Social","description":"","potentialAction":[{"@type":"SearchAction","target":{"@type":"EntryPoint","urlTemplate":"https://ticsalutsocial.atoom.space/en/?s={search_term_string}"},"query-input":{"@type":"PropertyValueSpecification","valueRequired":true,"valueName":"search_term_string"}}],"inLanguage":"en-US"}]}</script>
<!-- / Yoast SEO plugin. -->

BCN+65 - Fundació TIC Salut i Social

Fundació TIC Salut i Social
