
{"id":18980,"date":"2023-01-25T11:25:51","date_gmt":"2023-01-25T09:25:51","guid":{"rendered":"https:\/\/ticsalutsocial.atoom.space\/event\/xx-forum-de-seguretat-i-proteccio-de-dades-de-salut\/"},"modified":"2023-01-25T11:25:51","modified_gmt":"2023-01-25T09:25:51","slug":"xx-forum-de-seguretat-i-proteccio-de-dades-de-salut","status":"publish","type":"event","link":"https:\/\/ticsalutsocial.atoom.space\/en\/event\/xx-forum-de-seguretat-i-proteccio-de-dades-de-salut\/","title":{"rendered":"XX F\u00f2rum de Seguretat i Protecci\u00f3 de Dades de Salut"},"content":{"rendered":"\n<p>La <strong>Societat Espanyola d&#8217;Inform\u00e0tica de la Salut (SEIS)<\/strong> va establir el <strong>F\u00f2rum de Seguretat i Protecci\u00f3 de Dades de Salut<\/strong> per generar un lloc de trobada per a tots els professionals del sector sanitari (metges, personal d&#8217;infermeria, farmac\u00e8utics, investigadors, advocats, professionals de les&nbsp;Tecnologies de la Informaci\u00f3 i la Comunicaci\u00f3&nbsp;(TIC), gestors, directius, universitaris, etc.), les autoritats en mat\u00e8ria de protecci\u00f3 de dades i ciberseguretat aix\u00ed com els principals l\u00edders del sector tecnol\u00f2gic a fi de compartir experi\u00e8ncies i coneixement per tal de promoure una utilitzaci\u00f3 segura de les TIC que contribueixi a una atenci\u00f3 sanit\u00e0ria de qualitat, eficient i especialment respectuosa amb els drets dels ciutadans.<\/p>\n\n\n\n<p>L&#8217;eina m\u00e9s important de qu\u00e8 disposa el <strong>F\u00f2rum de Seguretat i Protecci\u00f3 de Dades de Salut<\/strong> per complir aquest objectiu \u00e9s la seva reuni\u00f3 anual, que el 2023 arribar\u00e0 ja a la seva XX edici\u00f3 i que se celebrar\u00e0 els dies 15 i 16 de febrer a l&#8217;Hospital Universitari Son Espases a Palma \u2013 Mallorca.<\/p>\n","protected":false},"featured_media":15859,"menu_order":0,"template":"","meta":{"_acf_changed":false,"inline_featured_image":false},"tipus":[],"topic":[],"class_list":["post-18980","event","type-event","status-publish","has-post-thumbnail","hentry"],"acf":{"imatge":15859,"informacio":{"ubicacio":"Hospital Universitari Son Espases. Carretera de Valldemossa, 79, 07120 Palma, Illes Balears","data":"15\/02\/2023","hora":"","preu":"","inscripcions":"https:\/\/seis.es\/foropd2023\/?_mrMailingList=213&_mrSubscriber=6895&utm_campaign=&utm_medium=email&utm_source=mailing213"},"programa":{"titol":"","items":false},"documents":false},"yoast_head":"<!-- This site is optimized with the Yoast SEO plugin v27.1.1 - https:\/\/yoast.com\/product\/yoast-seo-wordpress\/ -->\n<title>XX F\u00f2rum de Seguretat i Protecci\u00f3 de Dades de Salut - Fundaci\u00f3 TIC Salut i Social<\/title>\n<meta name=\"description\" content=\"Reuni\u00f3 anual, que el 2023 arribar\u00e0 ja a la seva XX edici\u00f3 i que se celebrar\u00e0 els dies 15 i 16 de febrer a l&#039;Hospital Universitari Son Espases a Palma \u2013 Mallorca.\" \/>\n<meta name=\"robots\" content=\"index, follow, max-snippet:-1, max-image-preview:large, max-video-preview:-1\" \/>\n<link rel=\"canonical\" href=\"https:\/\/ticsalutsocial.atoom.space\/en\/event\/xx-forum-de-seguretat-i-proteccio-de-dades-de-salut\/\" \/>\n<meta property=\"og:locale\" content=\"en_US\" \/>\n<meta property=\"og:type\" content=\"article\" \/>\n<meta property=\"og:title\" content=\"XX F\u00f2rum de Seguretat i Protecci\u00f3 de Dades de Salut - Fundaci\u00f3 TIC Salut i Social\" \/>\n<meta property=\"og:description\" content=\"Reuni\u00f3 anual, que el 2023 arribar\u00e0 ja a la seva XX edici\u00f3 i que se celebrar\u00e0 els dies 15 i 16 de febrer a l&#039;Hospital Universitari Son Espases a Palma \u2013 Mallorca.\" \/>\n<meta property=\"og:url\" content=\"https:\/\/ticsalutsocial.atoom.space\/en\/event\/xx-forum-de-seguretat-i-proteccio-de-dades-de-salut\/\" \/>\n<meta property=\"og:site_name\" content=\"Fundaci\u00f3 TIC Salut i Social\" \/>\n<meta property=\"og:image\" content=\"https:\/\/ticsalutsocial.atoom.space\/wp-content\/uploads\/2023\/01\/ForoDatos23.jpg\" \/>\n\t<meta property=\"og:image:width\" content=\"756\" \/>\n\t<meta property=\"og:image:height\" content=\"909\" \/>\n\t<meta property=\"og:image:type\" content=\"image\/jpeg\" \/>\n<meta name=\"twitter:card\" content=\"summary_large_image\" \/>\n<meta name=\"twitter:label1\" content=\"Est. reading time\" \/>\n\t<meta name=\"twitter:data1\" content=\"1 minute\" \/>\n<script type=\"application\/ld+json\" class=\"yoast-schema-graph\">{\"@context\":\"https:\/\/schema.org\",\"@graph\":[{\"@type\":\"WebPage\",\"@id\":\"https:\/\/ticsalutsocial.atoom.space\/en\/event\/xx-forum-de-seguretat-i-proteccio-de-dades-de-salut\/\",\"url\":\"https:\/\/ticsalutsocial.atoom.space\/en\/event\/xx-forum-de-seguretat-i-proteccio-de-dades-de-salut\/\",\"name\":\"XX F\u00f2rum de Seguretat i Protecci\u00f3 de Dades de Salut - Fundaci\u00f3 TIC Salut i Social\",\"isPartOf\":{\"@id\":\"https:\/\/ticsalutsocial.atoom.space\/en\/#website\"},\"primaryImageOfPage\":{\"@id\":\"https:\/\/ticsalutsocial.atoom.space\/en\/event\/xx-forum-de-seguretat-i-proteccio-de-dades-de-salut\/#primaryimage\"},\"image\":{\"@id\":\"https:\/\/ticsalutsocial.atoom.space\/en\/event\/xx-forum-de-seguretat-i-proteccio-de-dades-de-salut\/#primaryimage\"},\"thumbnailUrl\":\"https:\/\/ticsalutsocial.atoom.space\/wp-content\/uploads\/2023\/01\/ForoDatos23.jpg\",\"datePublished\":\"2023-01-25T09:25:51+00:00\",\"description\":\"Reuni\u00f3 anual, que el 2023 arribar\u00e0 ja a la seva XX edici\u00f3 i que se celebrar\u00e0 els dies 15 i 16 de febrer a l'Hospital Universitari Son Espases a Palma \u2013 Mallorca.\",\"breadcrumb\":{\"@id\":\"https:\/\/ticsalutsocial.atoom.space\/en\/event\/xx-forum-de-seguretat-i-proteccio-de-dades-de-salut\/#breadcrumb\"},\"inLanguage\":\"en-US\",\"potentialAction\":[{\"@type\":\"ReadAction\",\"target\":[\"https:\/\/ticsalutsocial.atoom.space\/en\/event\/xx-forum-de-seguretat-i-proteccio-de-dades-de-salut\/\"]}]},{\"@type\":\"ImageObject\",\"inLanguage\":\"en-US\",\"@id\":\"https:\/\/ticsalutsocial.atoom.space\/en\/event\/xx-forum-de-seguretat-i-proteccio-de-dades-de-salut\/#primaryimage\",\"url\":\"https:\/\/ticsalutsocial.atoom.space\/wp-content\/uploads\/2023\/01\/ForoDatos23.jpg\",\"contentUrl\":\"https:\/\/ticsalutsocial.atoom.space\/wp-content\/uploads\/2023\/01\/ForoDatos23.jpg\",\"width\":756,\"height\":909},{\"@type\":\"BreadcrumbList\",\"@id\":\"https:\/\/ticsalutsocial.atoom.space\/en\/event\/xx-forum-de-seguretat-i-proteccio-de-dades-de-salut\/#breadcrumb\",\"itemListElement\":[{\"@type\":\"ListItem\",\"position\":1,\"name\":\"Inici\",\"item\":\"https:\/\/ticsalutsocial.atoom.space\/en\/\"},{\"@type\":\"ListItem\",\"position\":2,\"name\":\"XX F\u00f2rum de Seguretat i Protecci\u00f3 de Dades de Salut\"}]},{\"@type\":\"WebSite\",\"@id\":\"https:\/\/ticsalutsocial.atoom.space\/en\/#website\",\"url\":\"https:\/\/ticsalutsocial.atoom.space\/en\/\",\"name\":\"Fundaci\u00f3 TIC Salut i Social\",\"description\":\"\",\"potentialAction\":[{\"@type\":\"SearchAction\",\"target\":{\"@type\":\"EntryPoint\",\"urlTemplate\":\"https:\/\/ticsalutsocial.atoom.space\/en\/?s={search_term_string}\"},\"query-input\":{\"@type\":\"PropertyValueSpecification\",\"valueRequired\":true,\"valueName\":\"search_term_string\"}}],\"inLanguage\":\"en-US\"}]}<\/script>\n<!-- \/ Yoast SEO plugin. -->","yoast_head_json":{"title":"XX F\u00f2rum de Seguretat i Protecci\u00f3 de Dades de Salut - Fundaci\u00f3 TIC Salut i Social","description":"Reuni\u00f3 anual, que el 2023 arribar\u00e0 ja a la seva XX edici\u00f3 i que se celebrar\u00e0 els dies 15 i 16 de febrer a l'Hospital Universitari Son Espases a Palma \u2013 Mallorca.","robots":{"index":"index","follow":"follow","max-snippet":"max-snippet:-1","max-image-preview":"max-image-preview:large","max-video-preview":"max-video-preview:-1"},"canonical":"https:\/\/ticsalutsocial.atoom.space\/en\/event\/xx-forum-de-seguretat-i-proteccio-de-dades-de-salut\/","og_locale":"en_US","og_type":"article","og_title":"XX F\u00f2rum de Seguretat i Protecci\u00f3 de Dades de Salut - Fundaci\u00f3 TIC Salut i Social","og_description":"Reuni\u00f3 anual, que el 2023 arribar\u00e0 ja a la seva XX edici\u00f3 i que se celebrar\u00e0 els dies 15 i 16 de febrer a l'Hospital Universitari Son Espases a Palma \u2013 Mallorca.","og_url":"https:\/\/ticsalutsocial.atoom.space\/en\/event\/xx-forum-de-seguretat-i-proteccio-de-dades-de-salut\/","og_site_name":"Fundaci\u00f3 TIC Salut i Social","og_image":[{"width":756,"height":909,"url":"https:\/\/ticsalutsocial.atoom.space\/wp-content\/uploads\/2023\/01\/ForoDatos23.jpg","type":"image\/jpeg"}],"twitter_card":"summary_large_image","twitter_misc":{"Est. reading time":"1 minute"},"schema":{"@context":"https:\/\/schema.org","@graph":[{"@type":"WebPage","@id":"https:\/\/ticsalutsocial.atoom.space\/en\/event\/xx-forum-de-seguretat-i-proteccio-de-dades-de-salut\/","url":"https:\/\/ticsalutsocial.atoom.space\/en\/event\/xx-forum-de-seguretat-i-proteccio-de-dades-de-salut\/","name":"XX F\u00f2rum de Seguretat i Protecci\u00f3 de Dades de Salut - Fundaci\u00f3 TIC Salut i Social","isPartOf":{"@id":"https:\/\/ticsalutsocial.atoom.space\/en\/#website"},"primaryImageOfPage":{"@id":"https:\/\/ticsalutsocial.atoom.space\/en\/event\/xx-forum-de-seguretat-i-proteccio-de-dades-de-salut\/#primaryimage"},"image":{"@id":"https:\/\/ticsalutsocial.atoom.space\/en\/event\/xx-forum-de-seguretat-i-proteccio-de-dades-de-salut\/#primaryimage"},"thumbnailUrl":"https:\/\/ticsalutsocial.atoom.space\/wp-content\/uploads\/2023\/01\/ForoDatos23.jpg","datePublished":"2023-01-25T09:25:51+00:00","description":"Reuni\u00f3 anual, que el 2023 arribar\u00e0 ja a la seva XX edici\u00f3 i que se celebrar\u00e0 els dies 15 i 16 de febrer a l'Hospital Universitari Son Espases a Palma \u2013 Mallorca.","breadcrumb":{"@id":"https:\/\/ticsalutsocial.atoom.space\/en\/event\/xx-forum-de-seguretat-i-proteccio-de-dades-de-salut\/#breadcrumb"},"inLanguage":"en-US","potentialAction":[{"@type":"ReadAction","target":["https:\/\/ticsalutsocial.atoom.space\/en\/event\/xx-forum-de-seguretat-i-proteccio-de-dades-de-salut\/"]}]},{"@type":"ImageObject","inLanguage":"en-US","@id":"https:\/\/ticsalutsocial.atoom.space\/en\/event\/xx-forum-de-seguretat-i-proteccio-de-dades-de-salut\/#primaryimage","url":"https:\/\/ticsalutsocial.atoom.space\/wp-content\/uploads\/2023\/01\/ForoDatos23.jpg","contentUrl":"https:\/\/ticsalutsocial.atoom.space\/wp-content\/uploads\/2023\/01\/ForoDatos23.jpg","width":756,"height":909},{"@type":"BreadcrumbList","@id":"https:\/\/ticsalutsocial.atoom.space\/en\/event\/xx-forum-de-seguretat-i-proteccio-de-dades-de-salut\/#breadcrumb","itemListElement":[{"@type":"ListItem","position":1,"name":"Inici","item":"https:\/\/ticsalutsocial.atoom.space\/en\/"},{"@type":"ListItem","position":2,"name":"XX F\u00f2rum de Seguretat i Protecci\u00f3 de Dades de Salut"}]},{"@type":"WebSite","@id":"https:\/\/ticsalutsocial.atoom.space\/en\/#website","url":"https:\/\/ticsalutsocial.atoom.space\/en\/","name":"Fundaci\u00f3 TIC Salut i Social","description":"","potentialAction":[{"@type":"SearchAction","target":{"@type":"EntryPoint","urlTemplate":"https:\/\/ticsalutsocial.atoom.space\/en\/?s={search_term_string}"},"query-input":{"@type":"PropertyValueSpecification","valueRequired":true,"valueName":"search_term_string"}}],"inLanguage":"en-US"}]}},"_links":{"self":[{"href":"https:\/\/ticsalutsocial.atoom.space\/en\/wp-json\/wp\/v2\/event\/18980","targetHints":{"allow":["GET"]}}],"collection":[{"href":"https:\/\/ticsalutsocial.atoom.space\/en\/wp-json\/wp\/v2\/event"}],"about":[{"href":"https:\/\/ticsalutsocial.atoom.space\/en\/wp-json\/wp\/v2\/types\/event"}],"wp:featuredmedia":[{"embeddable":true,"href":"https:\/\/ticsalutsocial.atoom.space\/en\/wp-json\/wp\/v2\/media\/15859"}],"wp:attachment":[{"href":"https:\/\/ticsalutsocial.atoom.space\/en\/wp-json\/wp\/v2\/media?parent=18980"}],"wp:term":[{"taxonomy":"tipus","embeddable":true,"href":"https:\/\/ticsalutsocial.atoom.space\/en\/wp-json\/wp\/v2\/tipus?post=18980"},{"taxonomy":"topic","embeddable":true,"href":"https:\/\/ticsalutsocial.atoom.space\/en\/wp-json\/wp\/v2\/topic?post=18980"}],"curies":[{"name":"wp","href":"https:\/\/api.w.org\/{rel}","templated":true}]}}

XX Fòrum de Seguretat i Protecció de Dades de Salut

<p>La <strong>Societat Espanyola d&#8217;Informàtica de la Salut (SEIS)</strong> va establir el <strong>Fòrum de Seguretat i Protecció de Dades de Salut</strong> per generar un lloc de trobada per a tots els professionals del sector sanitari (metges, personal d&#8217;infermeria, farmacèutics, investigadors, advocats, professionals de les&nbsp;Tecnologies de la Informació i la Comunicació&nbsp;(TIC), gestors, directius, universitaris, etc.), les autoritats en matèria de protecció de dades i ciberseguretat així com els principals líders del sector tecnològic a fi de compartir experiències i coneixement per tal de promoure una utilització segura de les TIC que contribueixi a una atenció sanitària de qualitat, eficient i especialment respectuosa amb els drets dels ciutadans.</p>



<p>L&#8217;eina més important de què disposa el <strong>Fòrum de Seguretat i Protecció de Dades de Salut</strong> per complir aquest objectiu és la seva reunió anual, que el 2023 arribarà ja a la seva XX edició i que se celebrarà els dies 15 i 16 de febrer a l&#8217;Hospital Universitari Son Espases a Palma – Mallorca.</p>

<!-- This site is optimized with the Yoast SEO plugin v27.1.1 - https://yoast.com/product/yoast-seo-wordpress/ -->
<title>XX Fòrum de Seguretat i Protecció de Dades de Salut - Fundació TIC Salut i Social</title>
<meta name="description" content="Reunió anual, que el 2023 arribarà ja a la seva XX edició i que se celebrarà els dies 15 i 16 de febrer a l&#039;Hospital Universitari Son Espases a Palma – Mallorca." />
<meta name="robots" content="index, follow, max-snippet:-1, max-image-preview:large, max-video-preview:-1" />
<link rel="canonical" href="https://ticsalutsocial.atoom.space/en/event/xx-forum-de-seguretat-i-proteccio-de-dades-de-salut/" />
<meta property="og:locale" content="en_US" />
<meta property="og:type" content="article" />
<meta property="og:title" content="XX Fòrum de Seguretat i Protecció de Dades de Salut - Fundació TIC Salut i Social" />
<meta property="og:description" content="Reunió anual, que el 2023 arribarà ja a la seva XX edició i que se celebrarà els dies 15 i 16 de febrer a l&#039;Hospital Universitari Son Espases a Palma – Mallorca." />
<meta property="og:url" content="https://ticsalutsocial.atoom.space/en/event/xx-forum-de-seguretat-i-proteccio-de-dades-de-salut/" />
<meta property="og:site_name" content="Fundació TIC Salut i Social" />
<meta property="og:image" content="https://ticsalutsocial.atoom.space/wp-content/uploads/2023/01/ForoDatos23.jpg" />
	<meta property="og:image:width" content="756" />
	<meta property="og:image:height" content="909" />
	<meta property="og:image:type" content="image/jpeg" />
<meta name="twitter:card" content="summary_large_image" />
<meta name="twitter:label1" content="Est. reading time" />
	<meta name="twitter:data1" content="1 minute" />
<script type="application/ld+json" class="yoast-schema-graph">{"@context":"https://schema.org","@graph":[{"@type":"WebPage","@id":"https://ticsalutsocial.atoom.space/en/event/xx-forum-de-seguretat-i-proteccio-de-dades-de-salut/","url":"https://ticsalutsocial.atoom.space/en/event/xx-forum-de-seguretat-i-proteccio-de-dades-de-salut/","name":"XX Fòrum de Seguretat i Protecció de Dades de Salut - Fundació TIC Salut i Social","isPartOf":{"@id":"https://ticsalutsocial.atoom.space/en/#website"},"primaryImageOfPage":{"@id":"https://ticsalutsocial.atoom.space/en/event/xx-forum-de-seguretat-i-proteccio-de-dades-de-salut/#primaryimage"},"image":{"@id":"https://ticsalutsocial.atoom.space/en/event/xx-forum-de-seguretat-i-proteccio-de-dades-de-salut/#primaryimage"},"thumbnailUrl":"https://ticsalutsocial.atoom.space/wp-content/uploads/2023/01/ForoDatos23.jpg","datePublished":"2023-01-25T09:25:51+00:00","description":"Reunió anual, que el 2023 arribarà ja a la seva XX edició i que se celebrarà els dies 15 i 16 de febrer a l'Hospital Universitari Son Espases a Palma – Mallorca.","breadcrumb":{"@id":"https://ticsalutsocial.atoom.space/en/event/xx-forum-de-seguretat-i-proteccio-de-dades-de-salut/#breadcrumb"},"inLanguage":"en-US","potentialAction":[{"@type":"ReadAction","target":["https://ticsalutsocial.atoom.space/en/event/xx-forum-de-seguretat-i-proteccio-de-dades-de-salut/"]}]},{"@type":"ImageObject","inLanguage":"en-US","@id":"https://ticsalutsocial.atoom.space/en/event/xx-forum-de-seguretat-i-proteccio-de-dades-de-salut/#primaryimage","url":"https://ticsalutsocial.atoom.space/wp-content/uploads/2023/01/ForoDatos23.jpg","contentUrl":"https://ticsalutsocial.atoom.space/wp-content/uploads/2023/01/ForoDatos23.jpg","width":756,"height":909},{"@type":"BreadcrumbList","@id":"https://ticsalutsocial.atoom.space/en/event/xx-forum-de-seguretat-i-proteccio-de-dades-de-salut/#breadcrumb","itemListElement":[{"@type":"ListItem","position":1,"name":"Inici","item":"https://ticsalutsocial.atoom.space/en/"},{"@type":"ListItem","position":2,"name":"XX Fòrum de Seguretat i Protecció de Dades de Salut"}]},{"@type":"WebSite","@id":"https://ticsalutsocial.atoom.space/en/#website","url":"https://ticsalutsocial.atoom.space/en/","name":"Fundació TIC Salut i Social","description":"","potentialAction":[{"@type":"SearchAction","target":{"@type":"EntryPoint","urlTemplate":"https://ticsalutsocial.atoom.space/en/?s={search_term_string}"},"query-input":{"@type":"PropertyValueSpecification","valueRequired":true,"valueName":"search_term_string"}}],"inLanguage":"en-US"}]}</script>
<!-- / Yoast SEO plugin. -->

XX Fòrum de Seguretat i Protecció de Dades de Salut - Fundació TIC Salut i Social

Reunió anual, que el 2023 arribarà ja a la seva XX edició i que se celebrarà els dies 15 i 16 de febrer a l'Hospital Universitari Son Espases a Palma – Mallorca.

Fundació TIC Salut i Social
