
{"id":20624,"date":"2023-04-12T10:55:41","date_gmt":"2023-04-12T08:55:41","guid":{"rendered":"https:\/\/ticsalutsocial.atoom.space\/?post_type=event&#038;p=20624"},"modified":"2023-04-17T15:19:06","modified_gmt":"2023-04-17T13:19:06","slug":"drons-a-la-salut-antecedents-i-futur","status":"publish","type":"event","link":"https:\/\/ticsalutsocial.atoom.space\/en\/event\/drons-a-la-salut-antecedents-i-futur\/","title":{"rendered":"Drons a la Salut: antecedents i futur"},"content":{"rendered":"\n<p>En aquesta sessi\u00f3, es parlar\u00e0 dels antecedents de l\u2019\u00fas dels drons a l\u2019enton de la salut. Aix\u00ed mateix, es presentaran casos d\u2019\u00fas actuals i es repassar\u00e0 la normativa actual i futura. La sessi\u00f3 finalitzar\u00e0 amb<br>una an\u00e0lisi de casos d\u2019\u00fas esperats a curt\/mig termini i amb una demo amb minidrons a l\u2019interior de la sala de la sessi\u00f3 amb els\/les assistents.<br>Es parlar\u00e0 d\u2019aquest tema amb dos ponents, l&#8217;Ernest Artigas i en Lluc Garcia, que seran moderats per en Sergi Iglesia, membre de la Societat Catalana de Salut Digital. Tamb\u00e9 hi participar\u00e0 la responsable d&#8217;Atenci\u00f3 No Presencial de la Fundaci\u00f3 TIC Salut Social, N\u00faria Abd\u00f3n.<\/p>\n\n\n\n<p>Aquesta sessi\u00f3 es realitzar\u00e0 en format hibrid (presencial i webinar).<\/p>\n","protected":false},"featured_media":0,"menu_order":0,"template":"","meta":{"_acf_changed":false,"inline_featured_image":false},"tipus":[],"topic":[],"class_list":["post-20624","event","type-event","status-publish","hentry"],"acf":{"imatge":20622,"informacio":{"ubicacio":"Sala CAMFIC  c\/ Diputaci\u00f3 316 (Barcelona)","data":"17\/04\/2023","hora":"18:00","preu":"","inscripcions":"https:\/\/assistencia.academia.cat\/?id=119"},"programa":{"titol":"","items":false}},"yoast_head":"<!-- This site is optimized with the Yoast SEO plugin v27.1.1 - https:\/\/yoast.com\/product\/yoast-seo-wordpress\/ -->\n<title>Drons a la Salut: antecedents i futur - Fundaci\u00f3 TIC Salut i Social<\/title>\n<meta name=\"description\" content=\"Sessi\u00f3 sobre els antecedents de l\u2019\u00fas dels drons a l\u2019enton de la salut.\" \/>\n<meta name=\"robots\" content=\"index, follow, max-snippet:-1, max-image-preview:large, max-video-preview:-1\" \/>\n<link rel=\"canonical\" href=\"https:\/\/ticsalutsocial.atoom.space\/en\/event\/drons-a-la-salut-antecedents-i-futur\/\" \/>\n<meta property=\"og:locale\" content=\"en_US\" \/>\n<meta property=\"og:type\" content=\"article\" \/>\n<meta property=\"og:title\" content=\"Drons a la Salut: antecedents i futur - Fundaci\u00f3 TIC Salut i Social\" \/>\n<meta property=\"og:description\" content=\"Sessi\u00f3 sobre els antecedents de l\u2019\u00fas dels drons a l\u2019enton de la salut.\" \/>\n<meta property=\"og:url\" content=\"https:\/\/ticsalutsocial.atoom.space\/en\/event\/drons-a-la-salut-antecedents-i-futur\/\" \/>\n<meta property=\"og:site_name\" content=\"Fundaci\u00f3 TIC Salut i Social\" \/>\n<meta property=\"article:modified_time\" content=\"2023-04-17T13:19:06+00:00\" \/>\n<meta name=\"twitter:card\" content=\"summary_large_image\" \/>\n<meta name=\"twitter:label1\" content=\"Est. reading time\" \/>\n\t<meta name=\"twitter:data1\" content=\"1 minute\" \/>\n<script type=\"application\/ld+json\" class=\"yoast-schema-graph\">{\"@context\":\"https:\/\/schema.org\",\"@graph\":[{\"@type\":\"WebPage\",\"@id\":\"https:\/\/ticsalutsocial.atoom.space\/en\/event\/drons-a-la-salut-antecedents-i-futur\/\",\"url\":\"https:\/\/ticsalutsocial.atoom.space\/en\/event\/drons-a-la-salut-antecedents-i-futur\/\",\"name\":\"Drons a la Salut: antecedents i futur - Fundaci\u00f3 TIC Salut i Social\",\"isPartOf\":{\"@id\":\"https:\/\/ticsalutsocial.atoom.space\/en\/#website\"},\"datePublished\":\"2023-04-12T08:55:41+00:00\",\"dateModified\":\"2023-04-17T13:19:06+00:00\",\"description\":\"Sessi\u00f3 sobre els antecedents de l\u2019\u00fas dels drons a l\u2019enton de la salut.\",\"breadcrumb\":{\"@id\":\"https:\/\/ticsalutsocial.atoom.space\/en\/event\/drons-a-la-salut-antecedents-i-futur\/#breadcrumb\"},\"inLanguage\":\"en-US\",\"potentialAction\":[{\"@type\":\"ReadAction\",\"target\":[\"https:\/\/ticsalutsocial.atoom.space\/en\/event\/drons-a-la-salut-antecedents-i-futur\/\"]}]},{\"@type\":\"BreadcrumbList\",\"@id\":\"https:\/\/ticsalutsocial.atoom.space\/en\/event\/drons-a-la-salut-antecedents-i-futur\/#breadcrumb\",\"itemListElement\":[{\"@type\":\"ListItem\",\"position\":1,\"name\":\"Inici\",\"item\":\"https:\/\/ticsalutsocial.atoom.space\/en\/\"},{\"@type\":\"ListItem\",\"position\":2,\"name\":\"Drons a la Salut: antecedents i futur\"}]},{\"@type\":\"WebSite\",\"@id\":\"https:\/\/ticsalutsocial.atoom.space\/en\/#website\",\"url\":\"https:\/\/ticsalutsocial.atoom.space\/en\/\",\"name\":\"Fundaci\u00f3 TIC Salut i Social\",\"description\":\"\",\"potentialAction\":[{\"@type\":\"SearchAction\",\"target\":{\"@type\":\"EntryPoint\",\"urlTemplate\":\"https:\/\/ticsalutsocial.atoom.space\/en\/?s={search_term_string}\"},\"query-input\":{\"@type\":\"PropertyValueSpecification\",\"valueRequired\":true,\"valueName\":\"search_term_string\"}}],\"inLanguage\":\"en-US\"}]}<\/script>\n<!-- \/ Yoast SEO plugin. -->","yoast_head_json":{"title":"Drons a la Salut: antecedents i futur - Fundaci\u00f3 TIC Salut i Social","description":"Sessi\u00f3 sobre els antecedents de l\u2019\u00fas dels drons a l\u2019enton de la salut.","robots":{"index":"index","follow":"follow","max-snippet":"max-snippet:-1","max-image-preview":"max-image-preview:large","max-video-preview":"max-video-preview:-1"},"canonical":"https:\/\/ticsalutsocial.atoom.space\/en\/event\/drons-a-la-salut-antecedents-i-futur\/","og_locale":"en_US","og_type":"article","og_title":"Drons a la Salut: antecedents i futur - Fundaci\u00f3 TIC Salut i Social","og_description":"Sessi\u00f3 sobre els antecedents de l\u2019\u00fas dels drons a l\u2019enton de la salut.","og_url":"https:\/\/ticsalutsocial.atoom.space\/en\/event\/drons-a-la-salut-antecedents-i-futur\/","og_site_name":"Fundaci\u00f3 TIC Salut i Social","article_modified_time":"2023-04-17T13:19:06+00:00","twitter_card":"summary_large_image","twitter_misc":{"Est. reading time":"1 minute"},"schema":{"@context":"https:\/\/schema.org","@graph":[{"@type":"WebPage","@id":"https:\/\/ticsalutsocial.atoom.space\/en\/event\/drons-a-la-salut-antecedents-i-futur\/","url":"https:\/\/ticsalutsocial.atoom.space\/en\/event\/drons-a-la-salut-antecedents-i-futur\/","name":"Drons a la Salut: antecedents i futur - Fundaci\u00f3 TIC Salut i Social","isPartOf":{"@id":"https:\/\/ticsalutsocial.atoom.space\/en\/#website"},"datePublished":"2023-04-12T08:55:41+00:00","dateModified":"2023-04-17T13:19:06+00:00","description":"Sessi\u00f3 sobre els antecedents de l\u2019\u00fas dels drons a l\u2019enton de la salut.","breadcrumb":{"@id":"https:\/\/ticsalutsocial.atoom.space\/en\/event\/drons-a-la-salut-antecedents-i-futur\/#breadcrumb"},"inLanguage":"en-US","potentialAction":[{"@type":"ReadAction","target":["https:\/\/ticsalutsocial.atoom.space\/en\/event\/drons-a-la-salut-antecedents-i-futur\/"]}]},{"@type":"BreadcrumbList","@id":"https:\/\/ticsalutsocial.atoom.space\/en\/event\/drons-a-la-salut-antecedents-i-futur\/#breadcrumb","itemListElement":[{"@type":"ListItem","position":1,"name":"Inici","item":"https:\/\/ticsalutsocial.atoom.space\/en\/"},{"@type":"ListItem","position":2,"name":"Drons a la Salut: antecedents i futur"}]},{"@type":"WebSite","@id":"https:\/\/ticsalutsocial.atoom.space\/en\/#website","url":"https:\/\/ticsalutsocial.atoom.space\/en\/","name":"Fundaci\u00f3 TIC Salut i Social","description":"","potentialAction":[{"@type":"SearchAction","target":{"@type":"EntryPoint","urlTemplate":"https:\/\/ticsalutsocial.atoom.space\/en\/?s={search_term_string}"},"query-input":{"@type":"PropertyValueSpecification","valueRequired":true,"valueName":"search_term_string"}}],"inLanguage":"en-US"}]}},"_links":{"self":[{"href":"https:\/\/ticsalutsocial.atoom.space\/en\/wp-json\/wp\/v2\/event\/20624","targetHints":{"allow":["GET"]}}],"collection":[{"href":"https:\/\/ticsalutsocial.atoom.space\/en\/wp-json\/wp\/v2\/event"}],"about":[{"href":"https:\/\/ticsalutsocial.atoom.space\/en\/wp-json\/wp\/v2\/types\/event"}],"wp:attachment":[{"href":"https:\/\/ticsalutsocial.atoom.space\/en\/wp-json\/wp\/v2\/media?parent=20624"}],"wp:term":[{"taxonomy":"tipus","embeddable":true,"href":"https:\/\/ticsalutsocial.atoom.space\/en\/wp-json\/wp\/v2\/tipus?post=20624"},{"taxonomy":"topic","embeddable":true,"href":"https:\/\/ticsalutsocial.atoom.space\/en\/wp-json\/wp\/v2\/topic?post=20624"}],"curies":[{"name":"wp","href":"https:\/\/api.w.org\/{rel}","templated":true}]}}

<p>En aquesta sessió, es parlarà dels antecedents de l’ús dels drons a l’enton de la salut. Així mateix, es presentaran casos d’ús actuals i es repassarà la normativa actual i futura. La sessió finalitzarà amb<br>una anàlisi de casos d’ús esperats a curt/mig termini i amb una demo amb minidrons a l’interior de la sala de la sessió amb els/les assistents.<br>Es parlarà d’aquest tema amb dos ponents, l&#8217;Ernest Artigas i en Lluc Garcia, que seran moderats per en Sergi Iglesia, membre de la Societat Catalana de Salut Digital. També hi participarà la responsable d&#8217;Atenció No Presencial de la Fundació TIC Salut Social, Núria Abdón.</p>



<p>Aquesta sessió es realitzarà en format hibrid (presencial i webinar).</p>

Sala CAMFIC  c/ Diputació 316 (Barcelona)

<!-- This site is optimized with the Yoast SEO plugin v27.1.1 - https://yoast.com/product/yoast-seo-wordpress/ -->
<title>Drons a la Salut: antecedents i futur - Fundació TIC Salut i Social</title>
<meta name="description" content="Sessió sobre els antecedents de l’ús dels drons a l’enton de la salut." />
<meta name="robots" content="index, follow, max-snippet:-1, max-image-preview:large, max-video-preview:-1" />
<link rel="canonical" href="https://ticsalutsocial.atoom.space/en/event/drons-a-la-salut-antecedents-i-futur/" />
<meta property="og:locale" content="en_US" />
<meta property="og:type" content="article" />
<meta property="og:title" content="Drons a la Salut: antecedents i futur - Fundació TIC Salut i Social" />
<meta property="og:description" content="Sessió sobre els antecedents de l’ús dels drons a l’enton de la salut." />
<meta property="og:url" content="https://ticsalutsocial.atoom.space/en/event/drons-a-la-salut-antecedents-i-futur/" />
<meta property="og:site_name" content="Fundació TIC Salut i Social" />
<meta property="article:modified_time" content="2023-04-17T13:19:06+00:00" />
<meta name="twitter:card" content="summary_large_image" />
<meta name="twitter:label1" content="Est. reading time" />
	<meta name="twitter:data1" content="1 minute" />
<script type="application/ld+json" class="yoast-schema-graph">{"@context":"https://schema.org","@graph":[{"@type":"WebPage","@id":"https://ticsalutsocial.atoom.space/en/event/drons-a-la-salut-antecedents-i-futur/","url":"https://ticsalutsocial.atoom.space/en/event/drons-a-la-salut-antecedents-i-futur/","name":"Drons a la Salut: antecedents i futur - Fundació TIC Salut i Social","isPartOf":{"@id":"https://ticsalutsocial.atoom.space/en/#website"},"datePublished":"2023-04-12T08:55:41+00:00","dateModified":"2023-04-17T13:19:06+00:00","description":"Sessió sobre els antecedents de l’ús dels drons a l’enton de la salut.","breadcrumb":{"@id":"https://ticsalutsocial.atoom.space/en/event/drons-a-la-salut-antecedents-i-futur/#breadcrumb"},"inLanguage":"en-US","potentialAction":[{"@type":"ReadAction","target":["https://ticsalutsocial.atoom.space/en/event/drons-a-la-salut-antecedents-i-futur/"]}]},{"@type":"BreadcrumbList","@id":"https://ticsalutsocial.atoom.space/en/event/drons-a-la-salut-antecedents-i-futur/#breadcrumb","itemListElement":[{"@type":"ListItem","position":1,"name":"Inici","item":"https://ticsalutsocial.atoom.space/en/"},{"@type":"ListItem","position":2,"name":"Drons a la Salut: antecedents i futur"}]},{"@type":"WebSite","@id":"https://ticsalutsocial.atoom.space/en/#website","url":"https://ticsalutsocial.atoom.space/en/","name":"Fundació TIC Salut i Social","description":"","potentialAction":[{"@type":"SearchAction","target":{"@type":"EntryPoint","urlTemplate":"https://ticsalutsocial.atoom.space/en/?s={search_term_string}"},"query-input":{"@type":"PropertyValueSpecification","valueRequired":true,"valueName":"search_term_string"}}],"inLanguage":"en-US"}]}</script>
<!-- / Yoast SEO plugin. -->

Drons a la Salut: antecedents i futur - Fundació TIC Salut i Social

Sessió sobre els antecedents de l’ús dels drons a l’enton de la salut.

Fundació TIC Salut i Social
