
{"id":20909,"date":"2023-05-02T15:09:24","date_gmt":"2023-05-02T13:09:24","guid":{"rendered":"https:\/\/ticsalutsocial.atoom.space\/event\/com-treure-avantatge-competitiu-de-la-proteccio-de-dades-des-del-disseny-i-per-defecte\/"},"modified":"2023-05-03T09:32:56","modified_gmt":"2023-05-03T07:32:56","slug":"com-treure-avantatge-competitiu-de-la-proteccio-de-dades-des-del-disseny-i-per-defecte","status":"publish","type":"event","link":"https:\/\/ticsalutsocial.atoom.space\/en\/event\/com-treure-avantatge-competitiu-de-la-proteccio-de-dades-des-del-disseny-i-per-defecte\/","title":{"rendered":"&#8216;How to gain competitive advantage from data protection by design and by default&#8217;"},"content":{"rendered":"<p><span class=\"jCAhz ChMk0b\"><span class=\"ryNqvb\">The Catalan Data Protection Agency is organizing the session <strong><em>How to gain a competitive advantage from data protection by design and by default<\/em><\/strong> on <strong><em>May<\/em> <\/strong>4 at the School of Public Administration of Catalonia.<\/span><\/span><\/p>\n<p>&nbsp;<\/p>\n<p><strong><span class=\"jCAhz ChMk0b\"><span class=\"ryNqvb\">PROGRAM<\/span><\/span> <\/strong><\/p>\n<p><strong><span class=\"jCAhz ChMk0b\"><span class=\"ryNqvb\">9.30 Welcome<\/span><\/span> <\/strong><\/p>\n<ul>\n<li><span class=\"jCAhz ChMk0b\"><span class=\"ryNqvb\">Meritxell Borr\u00e0s i Sol\u00e9 Director of the Catalan Data Protection Authority.<\/span><\/span><\/li>\n<\/ul>\n<p><strong><span class=\"jCAhz ChMk0b\"><span class=\"ryNqvb\">9.45 Presentation of the guide &#8220;Privacy by design and privacy by default.<\/span><\/span> <span class=\"jCAhz ChMk0b\"><span class=\"ryNqvb\">Developer Guide\u201d<\/span><\/span> <\/strong><\/p>\n<ul>\n<li><span class=\"jCAhz ChMk0b\"><span class=\"ryNqvb\">Albert Serra, Technology and Information Security Coordinator of the APDCAT<\/span><\/span><\/li>\n<\/ul>\n<p><strong><span class=\"jCAhz ChMk0b\"><span class=\"ryNqvb\">10.00 Presentation &#8220;Privacy in the hands of the &#8220;source code&#8221;.<\/span><\/span> <span class=\"jCAhz ChMk0b\"><span class=\"ryNqvb\">Good and bad practices&#8221;<\/span><\/span> <\/strong><\/p>\n<ul>\n<li><span class=\"jCAhz ChMk0b\"><span class=\"ryNqvb\">Gen\u00eds Margarit Telecommunications engineer expert in cyber security.<\/span><\/span><\/li>\n<\/ul>\n<p><strong><span class=\"jCAhz ChMk0b\"><span class=\"ryNqvb\">11.00 Break<\/span><\/span> <\/strong><\/p>\n<p><strong><span class=\"jCAhz ChMk0b\"><span class=\"ryNqvb\">11.30 Round table: &#8220;How to incorporate privacy by design in an organization&#8221;<\/span><\/span> <\/strong><\/p>\n<p><strong><span class=\"jCAhz ChMk0b\"><span class=\"ryNqvb\">Moderated by:<\/span><\/span> <\/strong><\/p>\n<ul>\n<li><span class=\"jCAhz ChMk0b\"><span class=\"ryNqvb\">Josep Puy, CEO of Data Risk.<\/span><\/span><\/li>\n<\/ul>\n<p><strong><span class=\"jCAhz ChMk0b\"><span class=\"ryNqvb\">Participants:<\/span><\/span> <\/strong><\/p>\n<ul>\n<li><span class=\"jCAhz ChMk0b\"><span class=\"ryNqvb\">Rosa Parrilla, Data Protection Delegate of the Department of Education Aida Mariscal Expert in data protection at the CTTI Legal Advice.<\/span><\/span><\/li>\n<li><span class=\"jCAhz ChMk0b\"><span class=\"ryNqvb\">Carme Pratdep\u00e0dua i Bufill, Manager of the mHealth.cat Office of the TIC Salut Social Foundation.<\/span><\/span><\/li>\n<li><span class=\"jCAhz ChMk0b\"><span class=\"ryNqvb\">Josep Maria Cabas\u00e9s, Solutions Manager of the ICT Area of the Department of Social Rights, CTTI.<\/span><\/span><\/li>\n<li><span class=\"jCAhz ChMk0b\"><span class=\"ryNqvb\">Xavier Urios Head of the APDCAT Legal Advice.<\/span><\/span><\/li>\n<\/ul>\n<p><strong><span class=\"jCAhz ChMk0b\"><span class=\"ryNqvb\">13.00 Closing<\/span><\/span><\/strong><\/p>\n","protected":false},"featured_media":0,"menu_order":0,"template":"","meta":{"_acf_changed":false,"inline_featured_image":false},"tipus":[107,655],"topic":[],"class_list":["post-20909","event","type-event","status-publish","hentry","tipus-dpd-health","tipus-digital-assets"],"acf":{"informacio":{"ubicacio":"Escola d\u2019Administraci\u00f3 P\u00fablica de Catalunya (C\/ Girona, 20)","data":"04\/05\/2023","hora":"9:30","preu":"Gratu\u00eft pr\u00e8via inscripci\u00f3","inscripcions":"mailto:jornades.apdcat@gencat.cat"},"programa":{"titol":"","items":false},"documents":false},"yoast_head":"<!-- This site is optimized with the Yoast SEO plugin v27.1.1 - https:\/\/yoast.com\/product\/yoast-seo-wordpress\/ -->\n<title>&#039;How to gain competitive advantage from data protection by design and by default&#039; - Fundaci\u00f3 TIC Salut i Social<\/title>\n<meta name=\"robots\" content=\"index, follow, max-snippet:-1, max-image-preview:large, max-video-preview:-1\" \/>\n<link rel=\"canonical\" href=\"https:\/\/ticsalutsocial.atoom.space\/en\/event\/com-treure-avantatge-competitiu-de-la-proteccio-de-dades-des-del-disseny-i-per-defecte\/\" \/>\n<meta property=\"og:locale\" content=\"en_US\" \/>\n<meta property=\"og:type\" content=\"article\" \/>\n<meta property=\"og:title\" content=\"&#039;How to gain competitive advantage from data protection by design and by default&#039; - Fundaci\u00f3 TIC Salut i Social\" \/>\n<meta property=\"og:description\" content=\"The Catalan Data Protection Agency is organizing the session How to gain a competitive advantage from data protection by design and by default on May 4 at the School of Public Administration of Catalonia. &nbsp; PROGRAM 9.30 Welcome Meritxell Borr\u00e0s i Sol\u00e9 Director of the Catalan Data Protection Authority. 9.45 Presentation of the guide &#8220;Privacy [&hellip;]\" \/>\n<meta property=\"og:url\" content=\"https:\/\/ticsalutsocial.atoom.space\/en\/event\/com-treure-avantatge-competitiu-de-la-proteccio-de-dades-des-del-disseny-i-per-defecte\/\" \/>\n<meta property=\"og:site_name\" content=\"Fundaci\u00f3 TIC Salut i Social\" \/>\n<meta property=\"article:modified_time\" content=\"2023-05-03T07:32:56+00:00\" \/>\n<meta name=\"twitter:card\" content=\"summary_large_image\" \/>\n<meta name=\"twitter:label1\" content=\"Est. reading time\" \/>\n\t<meta name=\"twitter:data1\" content=\"1 minute\" \/>\n<script type=\"application\/ld+json\" class=\"yoast-schema-graph\">{\"@context\":\"https:\/\/schema.org\",\"@graph\":[{\"@type\":\"WebPage\",\"@id\":\"https:\/\/ticsalutsocial.atoom.space\/en\/event\/com-treure-avantatge-competitiu-de-la-proteccio-de-dades-des-del-disseny-i-per-defecte\/\",\"url\":\"https:\/\/ticsalutsocial.atoom.space\/en\/event\/com-treure-avantatge-competitiu-de-la-proteccio-de-dades-des-del-disseny-i-per-defecte\/\",\"name\":\"'How to gain competitive advantage from data protection by design and by default' - Fundaci\u00f3 TIC Salut i Social\",\"isPartOf\":{\"@id\":\"https:\/\/ticsalutsocial.atoom.space\/en\/#website\"},\"datePublished\":\"2023-05-02T13:09:24+00:00\",\"dateModified\":\"2023-05-03T07:32:56+00:00\",\"breadcrumb\":{\"@id\":\"https:\/\/ticsalutsocial.atoom.space\/en\/event\/com-treure-avantatge-competitiu-de-la-proteccio-de-dades-des-del-disseny-i-per-defecte\/#breadcrumb\"},\"inLanguage\":\"en-US\",\"potentialAction\":[{\"@type\":\"ReadAction\",\"target\":[\"https:\/\/ticsalutsocial.atoom.space\/en\/event\/com-treure-avantatge-competitiu-de-la-proteccio-de-dades-des-del-disseny-i-per-defecte\/\"]}]},{\"@type\":\"BreadcrumbList\",\"@id\":\"https:\/\/ticsalutsocial.atoom.space\/en\/event\/com-treure-avantatge-competitiu-de-la-proteccio-de-dades-des-del-disseny-i-per-defecte\/#breadcrumb\",\"itemListElement\":[{\"@type\":\"ListItem\",\"position\":1,\"name\":\"Inici\",\"item\":\"https:\/\/ticsalutsocial.atoom.space\/en\/\"},{\"@type\":\"ListItem\",\"position\":2,\"name\":\"&#8216;How to gain competitive advantage from data protection by design and by default&#8217;\"}]},{\"@type\":\"WebSite\",\"@id\":\"https:\/\/ticsalutsocial.atoom.space\/en\/#website\",\"url\":\"https:\/\/ticsalutsocial.atoom.space\/en\/\",\"name\":\"Fundaci\u00f3 TIC Salut i Social\",\"description\":\"\",\"potentialAction\":[{\"@type\":\"SearchAction\",\"target\":{\"@type\":\"EntryPoint\",\"urlTemplate\":\"https:\/\/ticsalutsocial.atoom.space\/en\/?s={search_term_string}\"},\"query-input\":{\"@type\":\"PropertyValueSpecification\",\"valueRequired\":true,\"valueName\":\"search_term_string\"}}],\"inLanguage\":\"en-US\"}]}<\/script>\n<!-- \/ Yoast SEO plugin. -->","yoast_head_json":{"title":"'How to gain competitive advantage from data protection by design and by default' - Fundaci\u00f3 TIC Salut i Social","robots":{"index":"index","follow":"follow","max-snippet":"max-snippet:-1","max-image-preview":"max-image-preview:large","max-video-preview":"max-video-preview:-1"},"canonical":"https:\/\/ticsalutsocial.atoom.space\/en\/event\/com-treure-avantatge-competitiu-de-la-proteccio-de-dades-des-del-disseny-i-per-defecte\/","og_locale":"en_US","og_type":"article","og_title":"'How to gain competitive advantage from data protection by design and by default' - Fundaci\u00f3 TIC Salut i Social","og_description":"The Catalan Data Protection Agency is organizing the session How to gain a competitive advantage from data protection by design and by default on May 4 at the School of Public Administration of Catalonia. &nbsp; PROGRAM 9.30 Welcome Meritxell Borr\u00e0s i Sol\u00e9 Director of the Catalan Data Protection Authority. 9.45 Presentation of the guide &#8220;Privacy [&hellip;]","og_url":"https:\/\/ticsalutsocial.atoom.space\/en\/event\/com-treure-avantatge-competitiu-de-la-proteccio-de-dades-des-del-disseny-i-per-defecte\/","og_site_name":"Fundaci\u00f3 TIC Salut i Social","article_modified_time":"2023-05-03T07:32:56+00:00","twitter_card":"summary_large_image","twitter_misc":{"Est. reading time":"1 minute"},"schema":{"@context":"https:\/\/schema.org","@graph":[{"@type":"WebPage","@id":"https:\/\/ticsalutsocial.atoom.space\/en\/event\/com-treure-avantatge-competitiu-de-la-proteccio-de-dades-des-del-disseny-i-per-defecte\/","url":"https:\/\/ticsalutsocial.atoom.space\/en\/event\/com-treure-avantatge-competitiu-de-la-proteccio-de-dades-des-del-disseny-i-per-defecte\/","name":"'How to gain competitive advantage from data protection by design and by default' - Fundaci\u00f3 TIC Salut i Social","isPartOf":{"@id":"https:\/\/ticsalutsocial.atoom.space\/en\/#website"},"datePublished":"2023-05-02T13:09:24+00:00","dateModified":"2023-05-03T07:32:56+00:00","breadcrumb":{"@id":"https:\/\/ticsalutsocial.atoom.space\/en\/event\/com-treure-avantatge-competitiu-de-la-proteccio-de-dades-des-del-disseny-i-per-defecte\/#breadcrumb"},"inLanguage":"en-US","potentialAction":[{"@type":"ReadAction","target":["https:\/\/ticsalutsocial.atoom.space\/en\/event\/com-treure-avantatge-competitiu-de-la-proteccio-de-dades-des-del-disseny-i-per-defecte\/"]}]},{"@type":"BreadcrumbList","@id":"https:\/\/ticsalutsocial.atoom.space\/en\/event\/com-treure-avantatge-competitiu-de-la-proteccio-de-dades-des-del-disseny-i-per-defecte\/#breadcrumb","itemListElement":[{"@type":"ListItem","position":1,"name":"Inici","item":"https:\/\/ticsalutsocial.atoom.space\/en\/"},{"@type":"ListItem","position":2,"name":"&#8216;How to gain competitive advantage from data protection by design and by default&#8217;"}]},{"@type":"WebSite","@id":"https:\/\/ticsalutsocial.atoom.space\/en\/#website","url":"https:\/\/ticsalutsocial.atoom.space\/en\/","name":"Fundaci\u00f3 TIC Salut i Social","description":"","potentialAction":[{"@type":"SearchAction","target":{"@type":"EntryPoint","urlTemplate":"https:\/\/ticsalutsocial.atoom.space\/en\/?s={search_term_string}"},"query-input":{"@type":"PropertyValueSpecification","valueRequired":true,"valueName":"search_term_string"}}],"inLanguage":"en-US"}]}},"_links":{"self":[{"href":"https:\/\/ticsalutsocial.atoom.space\/en\/wp-json\/wp\/v2\/event\/20909","targetHints":{"allow":["GET"]}}],"collection":[{"href":"https:\/\/ticsalutsocial.atoom.space\/en\/wp-json\/wp\/v2\/event"}],"about":[{"href":"https:\/\/ticsalutsocial.atoom.space\/en\/wp-json\/wp\/v2\/types\/event"}],"wp:attachment":[{"href":"https:\/\/ticsalutsocial.atoom.space\/en\/wp-json\/wp\/v2\/media?parent=20909"}],"wp:term":[{"taxonomy":"tipus","embeddable":true,"href":"https:\/\/ticsalutsocial.atoom.space\/en\/wp-json\/wp\/v2\/tipus?post=20909"},{"taxonomy":"topic","embeddable":true,"href":"https:\/\/ticsalutsocial.atoom.space\/en\/wp-json\/wp\/v2\/topic?post=20909"}],"curies":[{"name":"wp","href":"https:\/\/api.w.org\/{rel}","templated":true}]}}

<p><span class="jCAhz ChMk0b"><span class="ryNqvb">The Catalan Data Protection Agency is organizing the session <strong><em>How to gain a competitive advantage from data protection by design and by default</em></strong> on <strong><em>May</em> </strong>4 at the School of Public Administration of Catalonia.</span></span></p>
<p>&nbsp;</p>
<p><strong><span class="jCAhz ChMk0b"><span class="ryNqvb">PROGRAM</span></span> </strong></p>
<p><strong><span class="jCAhz ChMk0b"><span class="ryNqvb">9.30 Welcome</span></span> </strong></p>
<ul>
<li><span class="jCAhz ChMk0b"><span class="ryNqvb">Meritxell Borràs i Solé Director of the Catalan Data Protection Authority.</span></span></li>
</ul>
<p><strong><span class="jCAhz ChMk0b"><span class="ryNqvb">9.45 Presentation of the guide &#8220;Privacy by design and privacy by default.</span></span> <span class="jCAhz ChMk0b"><span class="ryNqvb">Developer Guide”</span></span> </strong></p>
<ul>
<li><span class="jCAhz ChMk0b"><span class="ryNqvb">Albert Serra, Technology and Information Security Coordinator of the APDCAT</span></span></li>
</ul>
<p><strong><span class="jCAhz ChMk0b"><span class="ryNqvb">10.00 Presentation &#8220;Privacy in the hands of the &#8220;source code&#8221;.</span></span> <span class="jCAhz ChMk0b"><span class="ryNqvb">Good and bad practices&#8221;</span></span> </strong></p>
<ul>
<li><span class="jCAhz ChMk0b"><span class="ryNqvb">Genís Margarit Telecommunications engineer expert in cyber security.</span></span></li>
</ul>
<p><strong><span class="jCAhz ChMk0b"><span class="ryNqvb">11.00 Break</span></span> </strong></p>
<p><strong><span class="jCAhz ChMk0b"><span class="ryNqvb">11.30 Round table: &#8220;How to incorporate privacy by design in an organization&#8221;</span></span> </strong></p>
<p><strong><span class="jCAhz ChMk0b"><span class="ryNqvb">Moderated by:</span></span> </strong></p>
<ul>
<li><span class="jCAhz ChMk0b"><span class="ryNqvb">Josep Puy, CEO of Data Risk.</span></span></li>
</ul>
<p><strong><span class="jCAhz ChMk0b"><span class="ryNqvb">Participants:</span></span> </strong></p>
<ul>
<li><span class="jCAhz ChMk0b"><span class="ryNqvb">Rosa Parrilla, Data Protection Delegate of the Department of Education Aida Mariscal Expert in data protection at the CTTI Legal Advice.</span></span></li>
<li><span class="jCAhz ChMk0b"><span class="ryNqvb">Carme Pratdepàdua i Bufill, Manager of the mHealth.cat Office of the TIC Salut Social Foundation.</span></span></li>
<li><span class="jCAhz ChMk0b"><span class="ryNqvb">Josep Maria Cabasés, Solutions Manager of the ICT Area of the Department of Social Rights, CTTI.</span></span></li>
<li><span class="jCAhz ChMk0b"><span class="ryNqvb">Xavier Urios Head of the APDCAT Legal Advice.</span></span></li>
</ul>
<p><strong><span class="jCAhz ChMk0b"><span class="ryNqvb">13.00 Closing</span></span></strong></p>

Escola d’Administració Pública de Catalunya (C/ Girona, 20)

Gratuït prèvia inscripció

<!-- This site is optimized with the Yoast SEO plugin v27.1.1 - https://yoast.com/product/yoast-seo-wordpress/ -->
<title>&#039;How to gain competitive advantage from data protection by design and by default&#039; - Fundació TIC Salut i Social</title>
<meta name="robots" content="index, follow, max-snippet:-1, max-image-preview:large, max-video-preview:-1" />
<link rel="canonical" href="https://ticsalutsocial.atoom.space/en/event/com-treure-avantatge-competitiu-de-la-proteccio-de-dades-des-del-disseny-i-per-defecte/" />
<meta property="og:locale" content="en_US" />
<meta property="og:type" content="article" />
<meta property="og:title" content="&#039;How to gain competitive advantage from data protection by design and by default&#039; - Fundació TIC Salut i Social" />
<meta property="og:description" content="The Catalan Data Protection Agency is organizing the session How to gain a competitive advantage from data protection by design and by default on May 4 at the School of Public Administration of Catalonia. &nbsp; PROGRAM 9.30 Welcome Meritxell Borràs i Solé Director of the Catalan Data Protection Authority. 9.45 Presentation of the guide &#8220;Privacy [&hellip;]" />
<meta property="og:url" content="https://ticsalutsocial.atoom.space/en/event/com-treure-avantatge-competitiu-de-la-proteccio-de-dades-des-del-disseny-i-per-defecte/" />
<meta property="og:site_name" content="Fundació TIC Salut i Social" />
<meta property="article:modified_time" content="2023-05-03T07:32:56+00:00" />
<meta name="twitter:card" content="summary_large_image" />
<meta name="twitter:label1" content="Est. reading time" />
	<meta name="twitter:data1" content="1 minute" />
<script type="application/ld+json" class="yoast-schema-graph">{"@context":"https://schema.org","@graph":[{"@type":"WebPage","@id":"https://ticsalutsocial.atoom.space/en/event/com-treure-avantatge-competitiu-de-la-proteccio-de-dades-des-del-disseny-i-per-defecte/","url":"https://ticsalutsocial.atoom.space/en/event/com-treure-avantatge-competitiu-de-la-proteccio-de-dades-des-del-disseny-i-per-defecte/","name":"'How to gain competitive advantage from data protection by design and by default' - Fundació TIC Salut i Social","isPartOf":{"@id":"https://ticsalutsocial.atoom.space/en/#website"},"datePublished":"2023-05-02T13:09:24+00:00","dateModified":"2023-05-03T07:32:56+00:00","breadcrumb":{"@id":"https://ticsalutsocial.atoom.space/en/event/com-treure-avantatge-competitiu-de-la-proteccio-de-dades-des-del-disseny-i-per-defecte/#breadcrumb"},"inLanguage":"en-US","potentialAction":[{"@type":"ReadAction","target":["https://ticsalutsocial.atoom.space/en/event/com-treure-avantatge-competitiu-de-la-proteccio-de-dades-des-del-disseny-i-per-defecte/"]}]},{"@type":"BreadcrumbList","@id":"https://ticsalutsocial.atoom.space/en/event/com-treure-avantatge-competitiu-de-la-proteccio-de-dades-des-del-disseny-i-per-defecte/#breadcrumb","itemListElement":[{"@type":"ListItem","position":1,"name":"Inici","item":"https://ticsalutsocial.atoom.space/en/"},{"@type":"ListItem","position":2,"name":"&#8216;How to gain competitive advantage from data protection by design and by default&#8217;"}]},{"@type":"WebSite","@id":"https://ticsalutsocial.atoom.space/en/#website","url":"https://ticsalutsocial.atoom.space/en/","name":"Fundació TIC Salut i Social","description":"","potentialAction":[{"@type":"SearchAction","target":{"@type":"EntryPoint","urlTemplate":"https://ticsalutsocial.atoom.space/en/?s={search_term_string}"},"query-input":{"@type":"PropertyValueSpecification","valueRequired":true,"valueName":"search_term_string"}}],"inLanguage":"en-US"}]}</script>
<!-- / Yoast SEO plugin. -->

'How to gain competitive advantage from data protection by design and by default' - Fundació TIC Salut i Social

The Catalan Data Protection Agency is organizing the session How to gain a competitive advantage from data protection by design and by default on May 4 at the School of Public Administration of Catalonia. &nbsp; PROGRAM 9.30 Welcome Meritxell Borràs i Solé Director of the Catalan Data Protection Authority. 9.45 Presentation of the guide &#8220;Privacy [&hellip;]

Fundació TIC Salut i Social
