
{"id":21637,"date":"2023-07-04T14:35:05","date_gmt":"2023-07-04T12:35:05","guid":{"rendered":"https:\/\/ticsalutsocial.atoom.space\/?post_type=event&#038;p=21637"},"modified":"2023-07-04T14:35:06","modified_gmt":"2023-07-04T12:35:06","slug":"xlii-jornades-deconomia-de-la-salut","status":"publish","type":"event","link":"https:\/\/ticsalutsocial.atoom.space\/en\/event\/xlii-jornades-deconomia-de-la-salut\/","title":{"rendered":"XLII Jornades d&#8217;Economia de la Salut"},"content":{"rendered":"\n<p>Del 5 al 7 de juliol del 2023 tindr\u00e0 lloc a Girona la XLII edici\u00f3 de les Jornades de l&#8217;Associaci\u00f3 d&#8217;Economia de la Salut (AES) sota el lema &#8220;Rumb a un sistema sanitari sostenible, innovador i digital&#8221;.\u00a0<\/p>\n\n\n\n<p>El programa cient\u00edfic d&#8217;aquestes Jornades XLII posa el focus en els reptes i oportunitats m\u00e9s rellevants de la nova era post-Covid, reprenent prioritats pr\u00e8vies a la pand\u00e8mia i utilitzant els aprenentatges d&#8217;aquests \u00faltims dos anys. En concret, es tractar\u00e0 la digitalitzaci\u00f3 i la revoluci\u00f3 de les dades com les grans palanques de canvi del Sistema Nacional de Salut.<\/p>\n\n\n\n<hr class=\"wp-block-separator has-alpha-channel-opacity\"\/>\n\n\n\n<p>Consulta el programa <a href=\"https:\/\/www.aes.es\/jornadas\/docs\/esquema-horario-Jornadas-AES-2023.pdf\" target=\"_blank\" rel=\"noreferrer noopener\">aqu\u00ed<\/a>.<\/p>\n","protected":false},"featured_media":0,"menu_order":0,"template":"","meta":{"_acf_changed":false,"inline_featured_image":false},"tipus":[],"topic":[],"class_list":["post-21637","event","type-event","status-publish","hentry"],"acf":{"informacio":{"ubicacio":"Universitat de Girona Facultat de Lletres, Campus Barri Vell - Edifici Sant Dom\u00e8nec I","data":"05\/07\/2023","hora":"8:30","preu":"","inscripcions":"https:\/\/www.aes.es\/jornadas\/ca\/#inscripcion"},"programa":{"titol":"","items":false},"imatge":21635},"yoast_head":"<!-- This site is optimized with the Yoast SEO plugin v27.1.1 - https:\/\/yoast.com\/product\/yoast-seo-wordpress\/ -->\n<title>XLII Jornades d&#039;Economia de la Salut - Fundaci\u00f3 TIC Salut i Social<\/title>\n<meta name=\"robots\" content=\"index, follow, max-snippet:-1, max-image-preview:large, max-video-preview:-1\" \/>\n<link rel=\"canonical\" href=\"https:\/\/ticsalutsocial.atoom.space\/en\/event\/xlii-jornades-deconomia-de-la-salut\/\" \/>\n<meta property=\"og:locale\" content=\"en_US\" \/>\n<meta property=\"og:type\" content=\"article\" \/>\n<meta property=\"og:title\" content=\"XLII Jornades d&#039;Economia de la Salut - Fundaci\u00f3 TIC Salut i Social\" \/>\n<meta property=\"og:description\" content=\"Del 5 al 7 de juliol del 2023 tindr\u00e0 lloc a Girona la XLII edici\u00f3 de les Jornades de l&#8217;Associaci\u00f3 d&#8217;Economia de la Salut (AES) sota el lema &#8220;Rumb a un sistema sanitari sostenible, innovador i digital&#8221;.\u00a0 El programa cient\u00edfic d&#8217;aquestes Jornades XLII posa el focus en els reptes i oportunitats m\u00e9s rellevants de la [&hellip;]\" \/>\n<meta property=\"og:url\" content=\"https:\/\/ticsalutsocial.atoom.space\/en\/event\/xlii-jornades-deconomia-de-la-salut\/\" \/>\n<meta property=\"og:site_name\" content=\"Fundaci\u00f3 TIC Salut i Social\" \/>\n<meta property=\"article:modified_time\" content=\"2023-07-04T12:35:06+00:00\" \/>\n<meta name=\"twitter:card\" content=\"summary_large_image\" \/>\n<meta name=\"twitter:label1\" content=\"Est. reading time\" \/>\n\t<meta name=\"twitter:data1\" content=\"1 minute\" \/>\n<script type=\"application\/ld+json\" class=\"yoast-schema-graph\">{\"@context\":\"https:\/\/schema.org\",\"@graph\":[{\"@type\":\"WebPage\",\"@id\":\"https:\/\/ticsalutsocial.atoom.space\/en\/event\/xlii-jornades-deconomia-de-la-salut\/\",\"url\":\"https:\/\/ticsalutsocial.atoom.space\/en\/event\/xlii-jornades-deconomia-de-la-salut\/\",\"name\":\"XLII Jornades d'Economia de la Salut - Fundaci\u00f3 TIC Salut i Social\",\"isPartOf\":{\"@id\":\"https:\/\/ticsalutsocial.atoom.space\/en\/#website\"},\"datePublished\":\"2023-07-04T12:35:05+00:00\",\"dateModified\":\"2023-07-04T12:35:06+00:00\",\"breadcrumb\":{\"@id\":\"https:\/\/ticsalutsocial.atoom.space\/en\/event\/xlii-jornades-deconomia-de-la-salut\/#breadcrumb\"},\"inLanguage\":\"en-US\",\"potentialAction\":[{\"@type\":\"ReadAction\",\"target\":[\"https:\/\/ticsalutsocial.atoom.space\/en\/event\/xlii-jornades-deconomia-de-la-salut\/\"]}]},{\"@type\":\"BreadcrumbList\",\"@id\":\"https:\/\/ticsalutsocial.atoom.space\/en\/event\/xlii-jornades-deconomia-de-la-salut\/#breadcrumb\",\"itemListElement\":[{\"@type\":\"ListItem\",\"position\":1,\"name\":\"Inici\",\"item\":\"https:\/\/ticsalutsocial.atoom.space\/en\/\"},{\"@type\":\"ListItem\",\"position\":2,\"name\":\"XLII Jornades d&#8217;Economia de la Salut\"}]},{\"@type\":\"WebSite\",\"@id\":\"https:\/\/ticsalutsocial.atoom.space\/en\/#website\",\"url\":\"https:\/\/ticsalutsocial.atoom.space\/en\/\",\"name\":\"Fundaci\u00f3 TIC Salut i Social\",\"description\":\"\",\"potentialAction\":[{\"@type\":\"SearchAction\",\"target\":{\"@type\":\"EntryPoint\",\"urlTemplate\":\"https:\/\/ticsalutsocial.atoom.space\/en\/?s={search_term_string}\"},\"query-input\":{\"@type\":\"PropertyValueSpecification\",\"valueRequired\":true,\"valueName\":\"search_term_string\"}}],\"inLanguage\":\"en-US\"}]}<\/script>\n<!-- \/ Yoast SEO plugin. -->","yoast_head_json":{"title":"XLII Jornades d'Economia de la Salut - Fundaci\u00f3 TIC Salut i Social","robots":{"index":"index","follow":"follow","max-snippet":"max-snippet:-1","max-image-preview":"max-image-preview:large","max-video-preview":"max-video-preview:-1"},"canonical":"https:\/\/ticsalutsocial.atoom.space\/en\/event\/xlii-jornades-deconomia-de-la-salut\/","og_locale":"en_US","og_type":"article","og_title":"XLII Jornades d'Economia de la Salut - Fundaci\u00f3 TIC Salut i Social","og_description":"Del 5 al 7 de juliol del 2023 tindr\u00e0 lloc a Girona la XLII edici\u00f3 de les Jornades de l&#8217;Associaci\u00f3 d&#8217;Economia de la Salut (AES) sota el lema &#8220;Rumb a un sistema sanitari sostenible, innovador i digital&#8221;.\u00a0 El programa cient\u00edfic d&#8217;aquestes Jornades XLII posa el focus en els reptes i oportunitats m\u00e9s rellevants de la [&hellip;]","og_url":"https:\/\/ticsalutsocial.atoom.space\/en\/event\/xlii-jornades-deconomia-de-la-salut\/","og_site_name":"Fundaci\u00f3 TIC Salut i Social","article_modified_time":"2023-07-04T12:35:06+00:00","twitter_card":"summary_large_image","twitter_misc":{"Est. reading time":"1 minute"},"schema":{"@context":"https:\/\/schema.org","@graph":[{"@type":"WebPage","@id":"https:\/\/ticsalutsocial.atoom.space\/en\/event\/xlii-jornades-deconomia-de-la-salut\/","url":"https:\/\/ticsalutsocial.atoom.space\/en\/event\/xlii-jornades-deconomia-de-la-salut\/","name":"XLII Jornades d'Economia de la Salut - Fundaci\u00f3 TIC Salut i Social","isPartOf":{"@id":"https:\/\/ticsalutsocial.atoom.space\/en\/#website"},"datePublished":"2023-07-04T12:35:05+00:00","dateModified":"2023-07-04T12:35:06+00:00","breadcrumb":{"@id":"https:\/\/ticsalutsocial.atoom.space\/en\/event\/xlii-jornades-deconomia-de-la-salut\/#breadcrumb"},"inLanguage":"en-US","potentialAction":[{"@type":"ReadAction","target":["https:\/\/ticsalutsocial.atoom.space\/en\/event\/xlii-jornades-deconomia-de-la-salut\/"]}]},{"@type":"BreadcrumbList","@id":"https:\/\/ticsalutsocial.atoom.space\/en\/event\/xlii-jornades-deconomia-de-la-salut\/#breadcrumb","itemListElement":[{"@type":"ListItem","position":1,"name":"Inici","item":"https:\/\/ticsalutsocial.atoom.space\/en\/"},{"@type":"ListItem","position":2,"name":"XLII Jornades d&#8217;Economia de la Salut"}]},{"@type":"WebSite","@id":"https:\/\/ticsalutsocial.atoom.space\/en\/#website","url":"https:\/\/ticsalutsocial.atoom.space\/en\/","name":"Fundaci\u00f3 TIC Salut i Social","description":"","potentialAction":[{"@type":"SearchAction","target":{"@type":"EntryPoint","urlTemplate":"https:\/\/ticsalutsocial.atoom.space\/en\/?s={search_term_string}"},"query-input":{"@type":"PropertyValueSpecification","valueRequired":true,"valueName":"search_term_string"}}],"inLanguage":"en-US"}]}},"_links":{"self":[{"href":"https:\/\/ticsalutsocial.atoom.space\/en\/wp-json\/wp\/v2\/event\/21637","targetHints":{"allow":["GET"]}}],"collection":[{"href":"https:\/\/ticsalutsocial.atoom.space\/en\/wp-json\/wp\/v2\/event"}],"about":[{"href":"https:\/\/ticsalutsocial.atoom.space\/en\/wp-json\/wp\/v2\/types\/event"}],"wp:attachment":[{"href":"https:\/\/ticsalutsocial.atoom.space\/en\/wp-json\/wp\/v2\/media?parent=21637"}],"wp:term":[{"taxonomy":"tipus","embeddable":true,"href":"https:\/\/ticsalutsocial.atoom.space\/en\/wp-json\/wp\/v2\/tipus?post=21637"},{"taxonomy":"topic","embeddable":true,"href":"https:\/\/ticsalutsocial.atoom.space\/en\/wp-json\/wp\/v2\/topic?post=21637"}],"curies":[{"name":"wp","href":"https:\/\/api.w.org\/{rel}","templated":true}]}}

<p>Del 5 al 7 de juliol del 2023 tindrà lloc a Girona la XLII edició de les Jornades de l&#8217;Associació d&#8217;Economia de la Salut (AES) sota el lema &#8220;Rumb a un sistema sanitari sostenible, innovador i digital&#8221;. </p>



<p>El programa científic d&#8217;aquestes Jornades XLII posa el focus en els reptes i oportunitats més rellevants de la nova era post-Covid, reprenent prioritats prèvies a la pandèmia i utilitzant els aprenentatges d&#8217;aquests últims dos anys. En concret, es tractarà la digitalització i la revolució de les dades com les grans palanques de canvi del Sistema Nacional de Salut.</p>



<hr class="wp-block-separator has-alpha-channel-opacity"/>



<p>Consulta el programa <a href="https://www.aes.es/jornadas/docs/esquema-horario-Jornadas-AES-2023.pdf" target="_blank" rel="noreferrer noopener">aquí</a>.</p>

Universitat de Girona Facultat de Lletres, Campus Barri Vell - Edifici Sant Domènec I

<!-- This site is optimized with the Yoast SEO plugin v27.1.1 - https://yoast.com/product/yoast-seo-wordpress/ -->
<title>XLII Jornades d&#039;Economia de la Salut - Fundació TIC Salut i Social</title>
<meta name="robots" content="index, follow, max-snippet:-1, max-image-preview:large, max-video-preview:-1" />
<link rel="canonical" href="https://ticsalutsocial.atoom.space/en/event/xlii-jornades-deconomia-de-la-salut/" />
<meta property="og:locale" content="en_US" />
<meta property="og:type" content="article" />
<meta property="og:title" content="XLII Jornades d&#039;Economia de la Salut - Fundació TIC Salut i Social" />
<meta property="og:description" content="Del 5 al 7 de juliol del 2023 tindrà lloc a Girona la XLII edició de les Jornades de l&#8217;Associació d&#8217;Economia de la Salut (AES) sota el lema &#8220;Rumb a un sistema sanitari sostenible, innovador i digital&#8221;.  El programa científic d&#8217;aquestes Jornades XLII posa el focus en els reptes i oportunitats més rellevants de la [&hellip;]" />
<meta property="og:url" content="https://ticsalutsocial.atoom.space/en/event/xlii-jornades-deconomia-de-la-salut/" />
<meta property="og:site_name" content="Fundació TIC Salut i Social" />
<meta property="article:modified_time" content="2023-07-04T12:35:06+00:00" />
<meta name="twitter:card" content="summary_large_image" />
<meta name="twitter:label1" content="Est. reading time" />
	<meta name="twitter:data1" content="1 minute" />
<script type="application/ld+json" class="yoast-schema-graph">{"@context":"https://schema.org","@graph":[{"@type":"WebPage","@id":"https://ticsalutsocial.atoom.space/en/event/xlii-jornades-deconomia-de-la-salut/","url":"https://ticsalutsocial.atoom.space/en/event/xlii-jornades-deconomia-de-la-salut/","name":"XLII Jornades d'Economia de la Salut - Fundació TIC Salut i Social","isPartOf":{"@id":"https://ticsalutsocial.atoom.space/en/#website"},"datePublished":"2023-07-04T12:35:05+00:00","dateModified":"2023-07-04T12:35:06+00:00","breadcrumb":{"@id":"https://ticsalutsocial.atoom.space/en/event/xlii-jornades-deconomia-de-la-salut/#breadcrumb"},"inLanguage":"en-US","potentialAction":[{"@type":"ReadAction","target":["https://ticsalutsocial.atoom.space/en/event/xlii-jornades-deconomia-de-la-salut/"]}]},{"@type":"BreadcrumbList","@id":"https://ticsalutsocial.atoom.space/en/event/xlii-jornades-deconomia-de-la-salut/#breadcrumb","itemListElement":[{"@type":"ListItem","position":1,"name":"Inici","item":"https://ticsalutsocial.atoom.space/en/"},{"@type":"ListItem","position":2,"name":"XLII Jornades d&#8217;Economia de la Salut"}]},{"@type":"WebSite","@id":"https://ticsalutsocial.atoom.space/en/#website","url":"https://ticsalutsocial.atoom.space/en/","name":"Fundació TIC Salut i Social","description":"","potentialAction":[{"@type":"SearchAction","target":{"@type":"EntryPoint","urlTemplate":"https://ticsalutsocial.atoom.space/en/?s={search_term_string}"},"query-input":{"@type":"PropertyValueSpecification","valueRequired":true,"valueName":"search_term_string"}}],"inLanguage":"en-US"}]}</script>
<!-- / Yoast SEO plugin. -->

XLII Jornades d'Economia de la Salut - Fundació TIC Salut i Social

Del 5 al 7 de juliol del 2023 tindrà lloc a Girona la XLII edició de les Jornades de l&#8217;Associació d&#8217;Economia de la Salut (AES) sota el lema &#8220;Rumb a un sistema sanitari sostenible, innovador i digital&#8221;.  El programa científic d&#8217;aquestes Jornades XLII posa el focus en els reptes i oportunitats més rellevants de la [&hellip;]

Fundació TIC Salut i Social
