
{"id":22646,"date":"2023-10-23T09:59:19","date_gmt":"2023-10-23T07:59:19","guid":{"rendered":"https:\/\/ticsalutsocial.atoom.space\/?post_type=event&#038;p=22646"},"modified":"2023-10-24T10:56:25","modified_gmt":"2023-10-24T08:56:25","slug":"x-curso-de-patologia-digital","status":"publish","type":"event","link":"https:\/\/ticsalutsocial.atoom.space\/en\/event\/x-curso-de-patologia-digital\/","title":{"rendered":"X Curso de Patolog\u00eda Digital"},"content":{"rendered":"\n<p>Del 25 al 27 de octubre se celebra el X Curso de Patolog\u00eda Digital, en el <strong>Sal\u00f3n de actos de la FOM<\/strong> (Valencia).<\/p>\n\n\n\n<p>Nuestro director de Transformaci\u00f3n Digital, Carlos Gallego, participar\u00e1 en la mesa redonda<strong> &#8220;Inform\u00e1ticos hospitalarios<\/strong>&#8221; el 25 de octubre a las 11:00h y en &#8220;<strong>DICOM en perspectiva institucional<\/strong>&#8221; a las 19:30h.<\/p>\n\n\n\n<p>Consulta el programa <a href=\"https:\/\/digipat.org\/Prog.html\">aqu\u00ed<\/a>.<\/p>\n","protected":false},"featured_media":22644,"menu_order":0,"template":"","meta":{"_acf_changed":false,"inline_featured_image":false},"tipus":[],"topic":[],"class_list":["post-22646","event","type-event","status-publish","has-post-thumbnail","hentry"],"acf":{"imatge":22644,"informacio":{"ubicacio":"Sal\u00f3n de actos de la FOM Valencia","data":"25\/10\/2023","hora":"","preu":"","inscripcions":"https:\/\/digipat.org\/form.html"},"programa":{"titol":"","items":false}},"yoast_head":"<!-- This site is optimized with the Yoast SEO plugin v27.1.1 - https:\/\/yoast.com\/product\/yoast-seo-wordpress\/ -->\n<title>X Curso de Patolog\u00eda Digital - Fundaci\u00f3 TIC Salut i Social<\/title>\n<meta name=\"robots\" content=\"index, follow, max-snippet:-1, max-image-preview:large, max-video-preview:-1\" \/>\n<link rel=\"canonical\" href=\"https:\/\/ticsalutsocial.atoom.space\/en\/event\/x-curso-de-patologia-digital\/\" \/>\n<meta property=\"og:locale\" content=\"en_US\" \/>\n<meta property=\"og:type\" content=\"article\" \/>\n<meta property=\"og:title\" content=\"X Curso de Patolog\u00eda Digital - Fundaci\u00f3 TIC Salut i Social\" \/>\n<meta property=\"og:description\" content=\"Del 25 al 27 de octubre se celebra el X Curso de Patolog\u00eda Digital, en el Sal\u00f3n de actos de la FOM (Valencia). Nuestro director de Transformaci\u00f3n Digital, Carlos Gallego, participar\u00e1 en la mesa redonda &#8220;Inform\u00e1ticos hospitalarios&#8221; el 25 de octubre a las 11:00h y en &#8220;DICOM en perspectiva institucional&#8221; a las 19:30h. Consulta el [&hellip;]\" \/>\n<meta property=\"og:url\" content=\"https:\/\/ticsalutsocial.atoom.space\/en\/event\/x-curso-de-patologia-digital\/\" \/>\n<meta property=\"og:site_name\" content=\"Fundaci\u00f3 TIC Salut i Social\" \/>\n<meta property=\"article:modified_time\" content=\"2023-10-24T08:56:25+00:00\" \/>\n<meta property=\"og:image\" content=\"https:\/\/ticsalutsocial.atoom.space\/wp-content\/uploads\/2023\/10\/Portada1.png\" \/>\n\t<meta property=\"og:image:width\" content=\"1314\" \/>\n\t<meta property=\"og:image:height\" content=\"1833\" \/>\n\t<meta property=\"og:image:type\" content=\"image\/png\" \/>\n<meta name=\"twitter:card\" content=\"summary_large_image\" \/>\n<script type=\"application\/ld+json\" class=\"yoast-schema-graph\">{\"@context\":\"https:\/\/schema.org\",\"@graph\":[{\"@type\":\"WebPage\",\"@id\":\"https:\/\/ticsalutsocial.atoom.space\/en\/event\/x-curso-de-patologia-digital\/\",\"url\":\"https:\/\/ticsalutsocial.atoom.space\/en\/event\/x-curso-de-patologia-digital\/\",\"name\":\"X Curso de Patolog\u00eda Digital - Fundaci\u00f3 TIC Salut i Social\",\"isPartOf\":{\"@id\":\"https:\/\/ticsalutsocial.atoom.space\/en\/#website\"},\"primaryImageOfPage\":{\"@id\":\"https:\/\/ticsalutsocial.atoom.space\/en\/event\/x-curso-de-patologia-digital\/#primaryimage\"},\"image\":{\"@id\":\"https:\/\/ticsalutsocial.atoom.space\/en\/event\/x-curso-de-patologia-digital\/#primaryimage\"},\"thumbnailUrl\":\"https:\/\/ticsalutsocial.atoom.space\/wp-content\/uploads\/2023\/10\/Portada1.png\",\"datePublished\":\"2023-10-23T07:59:19+00:00\",\"dateModified\":\"2023-10-24T08:56:25+00:00\",\"breadcrumb\":{\"@id\":\"https:\/\/ticsalutsocial.atoom.space\/en\/event\/x-curso-de-patologia-digital\/#breadcrumb\"},\"inLanguage\":\"en-US\",\"potentialAction\":[{\"@type\":\"ReadAction\",\"target\":[\"https:\/\/ticsalutsocial.atoom.space\/en\/event\/x-curso-de-patologia-digital\/\"]}]},{\"@type\":\"ImageObject\",\"inLanguage\":\"en-US\",\"@id\":\"https:\/\/ticsalutsocial.atoom.space\/en\/event\/x-curso-de-patologia-digital\/#primaryimage\",\"url\":\"https:\/\/ticsalutsocial.atoom.space\/wp-content\/uploads\/2023\/10\/Portada1.png\",\"contentUrl\":\"https:\/\/ticsalutsocial.atoom.space\/wp-content\/uploads\/2023\/10\/Portada1.png\",\"width\":1314,\"height\":1833},{\"@type\":\"BreadcrumbList\",\"@id\":\"https:\/\/ticsalutsocial.atoom.space\/en\/event\/x-curso-de-patologia-digital\/#breadcrumb\",\"itemListElement\":[{\"@type\":\"ListItem\",\"position\":1,\"name\":\"Inici\",\"item\":\"https:\/\/ticsalutsocial.atoom.space\/en\/\"},{\"@type\":\"ListItem\",\"position\":2,\"name\":\"X Curso de Patolog\u00eda Digital\"}]},{\"@type\":\"WebSite\",\"@id\":\"https:\/\/ticsalutsocial.atoom.space\/en\/#website\",\"url\":\"https:\/\/ticsalutsocial.atoom.space\/en\/\",\"name\":\"Fundaci\u00f3 TIC Salut i Social\",\"description\":\"\",\"potentialAction\":[{\"@type\":\"SearchAction\",\"target\":{\"@type\":\"EntryPoint\",\"urlTemplate\":\"https:\/\/ticsalutsocial.atoom.space\/en\/?s={search_term_string}\"},\"query-input\":{\"@type\":\"PropertyValueSpecification\",\"valueRequired\":true,\"valueName\":\"search_term_string\"}}],\"inLanguage\":\"en-US\"}]}<\/script>\n<!-- \/ Yoast SEO plugin. -->","yoast_head_json":{"title":"X Curso de Patolog\u00eda Digital - Fundaci\u00f3 TIC Salut i Social","robots":{"index":"index","follow":"follow","max-snippet":"max-snippet:-1","max-image-preview":"max-image-preview:large","max-video-preview":"max-video-preview:-1"},"canonical":"https:\/\/ticsalutsocial.atoom.space\/en\/event\/x-curso-de-patologia-digital\/","og_locale":"en_US","og_type":"article","og_title":"X Curso de Patolog\u00eda Digital - Fundaci\u00f3 TIC Salut i Social","og_description":"Del 25 al 27 de octubre se celebra el X Curso de Patolog\u00eda Digital, en el Sal\u00f3n de actos de la FOM (Valencia). Nuestro director de Transformaci\u00f3n Digital, Carlos Gallego, participar\u00e1 en la mesa redonda &#8220;Inform\u00e1ticos hospitalarios&#8221; el 25 de octubre a las 11:00h y en &#8220;DICOM en perspectiva institucional&#8221; a las 19:30h. Consulta el [&hellip;]","og_url":"https:\/\/ticsalutsocial.atoom.space\/en\/event\/x-curso-de-patologia-digital\/","og_site_name":"Fundaci\u00f3 TIC Salut i Social","article_modified_time":"2023-10-24T08:56:25+00:00","og_image":[{"width":1314,"height":1833,"url":"https:\/\/ticsalutsocial.atoom.space\/wp-content\/uploads\/2023\/10\/Portada1.png","type":"image\/png"}],"twitter_card":"summary_large_image","schema":{"@context":"https:\/\/schema.org","@graph":[{"@type":"WebPage","@id":"https:\/\/ticsalutsocial.atoom.space\/en\/event\/x-curso-de-patologia-digital\/","url":"https:\/\/ticsalutsocial.atoom.space\/en\/event\/x-curso-de-patologia-digital\/","name":"X Curso de Patolog\u00eda Digital - Fundaci\u00f3 TIC Salut i Social","isPartOf":{"@id":"https:\/\/ticsalutsocial.atoom.space\/en\/#website"},"primaryImageOfPage":{"@id":"https:\/\/ticsalutsocial.atoom.space\/en\/event\/x-curso-de-patologia-digital\/#primaryimage"},"image":{"@id":"https:\/\/ticsalutsocial.atoom.space\/en\/event\/x-curso-de-patologia-digital\/#primaryimage"},"thumbnailUrl":"https:\/\/ticsalutsocial.atoom.space\/wp-content\/uploads\/2023\/10\/Portada1.png","datePublished":"2023-10-23T07:59:19+00:00","dateModified":"2023-10-24T08:56:25+00:00","breadcrumb":{"@id":"https:\/\/ticsalutsocial.atoom.space\/en\/event\/x-curso-de-patologia-digital\/#breadcrumb"},"inLanguage":"en-US","potentialAction":[{"@type":"ReadAction","target":["https:\/\/ticsalutsocial.atoom.space\/en\/event\/x-curso-de-patologia-digital\/"]}]},{"@type":"ImageObject","inLanguage":"en-US","@id":"https:\/\/ticsalutsocial.atoom.space\/en\/event\/x-curso-de-patologia-digital\/#primaryimage","url":"https:\/\/ticsalutsocial.atoom.space\/wp-content\/uploads\/2023\/10\/Portada1.png","contentUrl":"https:\/\/ticsalutsocial.atoom.space\/wp-content\/uploads\/2023\/10\/Portada1.png","width":1314,"height":1833},{"@type":"BreadcrumbList","@id":"https:\/\/ticsalutsocial.atoom.space\/en\/event\/x-curso-de-patologia-digital\/#breadcrumb","itemListElement":[{"@type":"ListItem","position":1,"name":"Inici","item":"https:\/\/ticsalutsocial.atoom.space\/en\/"},{"@type":"ListItem","position":2,"name":"X Curso de Patolog\u00eda Digital"}]},{"@type":"WebSite","@id":"https:\/\/ticsalutsocial.atoom.space\/en\/#website","url":"https:\/\/ticsalutsocial.atoom.space\/en\/","name":"Fundaci\u00f3 TIC Salut i Social","description":"","potentialAction":[{"@type":"SearchAction","target":{"@type":"EntryPoint","urlTemplate":"https:\/\/ticsalutsocial.atoom.space\/en\/?s={search_term_string}"},"query-input":{"@type":"PropertyValueSpecification","valueRequired":true,"valueName":"search_term_string"}}],"inLanguage":"en-US"}]}},"_links":{"self":[{"href":"https:\/\/ticsalutsocial.atoom.space\/en\/wp-json\/wp\/v2\/event\/22646","targetHints":{"allow":["GET"]}}],"collection":[{"href":"https:\/\/ticsalutsocial.atoom.space\/en\/wp-json\/wp\/v2\/event"}],"about":[{"href":"https:\/\/ticsalutsocial.atoom.space\/en\/wp-json\/wp\/v2\/types\/event"}],"wp:featuredmedia":[{"embeddable":true,"href":"https:\/\/ticsalutsocial.atoom.space\/en\/wp-json\/wp\/v2\/media\/22644"}],"wp:attachment":[{"href":"https:\/\/ticsalutsocial.atoom.space\/en\/wp-json\/wp\/v2\/media?parent=22646"}],"wp:term":[{"taxonomy":"tipus","embeddable":true,"href":"https:\/\/ticsalutsocial.atoom.space\/en\/wp-json\/wp\/v2\/tipus?post=22646"},{"taxonomy":"topic","embeddable":true,"href":"https:\/\/ticsalutsocial.atoom.space\/en\/wp-json\/wp\/v2\/topic?post=22646"}],"curies":[{"name":"wp","href":"https:\/\/api.w.org\/{rel}","templated":true}]}}

X Curso de Patología Digital

<p>Del 25 al 27 de octubre se celebra el X Curso de Patología Digital, en el <strong>Salón de actos de la FOM</strong> (Valencia).</p>



<p>Nuestro director de Transformación Digital, Carlos Gallego, participará en la mesa redonda<strong> &#8220;Informáticos hospitalarios</strong>&#8221; el 25 de octubre a las 11:00h y en &#8220;<strong>DICOM en perspectiva institucional</strong>&#8221; a las 19:30h.</p>



<p>Consulta el programa <a href="https://digipat.org/Prog.html">aquí</a>.</p>

Salón de actos de la FOM Valencia

<!-- This site is optimized with the Yoast SEO plugin v27.1.1 - https://yoast.com/product/yoast-seo-wordpress/ -->
<title>X Curso de Patología Digital - Fundació TIC Salut i Social</title>
<meta name="robots" content="index, follow, max-snippet:-1, max-image-preview:large, max-video-preview:-1" />
<link rel="canonical" href="https://ticsalutsocial.atoom.space/en/event/x-curso-de-patologia-digital/" />
<meta property="og:locale" content="en_US" />
<meta property="og:type" content="article" />
<meta property="og:title" content="X Curso de Patología Digital - Fundació TIC Salut i Social" />
<meta property="og:description" content="Del 25 al 27 de octubre se celebra el X Curso de Patología Digital, en el Salón de actos de la FOM (Valencia). Nuestro director de Transformación Digital, Carlos Gallego, participará en la mesa redonda &#8220;Informáticos hospitalarios&#8221; el 25 de octubre a las 11:00h y en &#8220;DICOM en perspectiva institucional&#8221; a las 19:30h. Consulta el [&hellip;]" />
<meta property="og:url" content="https://ticsalutsocial.atoom.space/en/event/x-curso-de-patologia-digital/" />
<meta property="og:site_name" content="Fundació TIC Salut i Social" />
<meta property="article:modified_time" content="2023-10-24T08:56:25+00:00" />
<meta property="og:image" content="https://ticsalutsocial.atoom.space/wp-content/uploads/2023/10/Portada1.png" />
	<meta property="og:image:width" content="1314" />
	<meta property="og:image:height" content="1833" />
	<meta property="og:image:type" content="image/png" />
<meta name="twitter:card" content="summary_large_image" />
<script type="application/ld+json" class="yoast-schema-graph">{"@context":"https://schema.org","@graph":[{"@type":"WebPage","@id":"https://ticsalutsocial.atoom.space/en/event/x-curso-de-patologia-digital/","url":"https://ticsalutsocial.atoom.space/en/event/x-curso-de-patologia-digital/","name":"X Curso de Patología Digital - Fundació TIC Salut i Social","isPartOf":{"@id":"https://ticsalutsocial.atoom.space/en/#website"},"primaryImageOfPage":{"@id":"https://ticsalutsocial.atoom.space/en/event/x-curso-de-patologia-digital/#primaryimage"},"image":{"@id":"https://ticsalutsocial.atoom.space/en/event/x-curso-de-patologia-digital/#primaryimage"},"thumbnailUrl":"https://ticsalutsocial.atoom.space/wp-content/uploads/2023/10/Portada1.png","datePublished":"2023-10-23T07:59:19+00:00","dateModified":"2023-10-24T08:56:25+00:00","breadcrumb":{"@id":"https://ticsalutsocial.atoom.space/en/event/x-curso-de-patologia-digital/#breadcrumb"},"inLanguage":"en-US","potentialAction":[{"@type":"ReadAction","target":["https://ticsalutsocial.atoom.space/en/event/x-curso-de-patologia-digital/"]}]},{"@type":"ImageObject","inLanguage":"en-US","@id":"https://ticsalutsocial.atoom.space/en/event/x-curso-de-patologia-digital/#primaryimage","url":"https://ticsalutsocial.atoom.space/wp-content/uploads/2023/10/Portada1.png","contentUrl":"https://ticsalutsocial.atoom.space/wp-content/uploads/2023/10/Portada1.png","width":1314,"height":1833},{"@type":"BreadcrumbList","@id":"https://ticsalutsocial.atoom.space/en/event/x-curso-de-patologia-digital/#breadcrumb","itemListElement":[{"@type":"ListItem","position":1,"name":"Inici","item":"https://ticsalutsocial.atoom.space/en/"},{"@type":"ListItem","position":2,"name":"X Curso de Patología Digital"}]},{"@type":"WebSite","@id":"https://ticsalutsocial.atoom.space/en/#website","url":"https://ticsalutsocial.atoom.space/en/","name":"Fundació TIC Salut i Social","description":"","potentialAction":[{"@type":"SearchAction","target":{"@type":"EntryPoint","urlTemplate":"https://ticsalutsocial.atoom.space/en/?s={search_term_string}"},"query-input":{"@type":"PropertyValueSpecification","valueRequired":true,"valueName":"search_term_string"}}],"inLanguage":"en-US"}]}</script>
<!-- / Yoast SEO plugin. -->

X Curso de Patología Digital - Fundació TIC Salut i Social

Del 25 al 27 de octubre se celebra el X Curso de Patología Digital, en el Salón de actos de la FOM (Valencia). Nuestro director de Transformación Digital, Carlos Gallego, participará en la mesa redonda &#8220;Informáticos hospitalarios&#8221; el 25 de octubre a las 11:00h y en &#8220;DICOM en perspectiva institucional&#8221; a las 19:30h. Consulta el [&hellip;]

Fundació TIC Salut i Social
