
{"id":23530,"date":"2023-11-22T11:10:15","date_gmt":"2023-11-22T09:10:15","guid":{"rendered":"https:\/\/ticsalutsocial.atoom.space\/?post_type=event&#038;p=23530"},"modified":"2023-11-22T11:10:18","modified_gmt":"2023-11-22T09:10:18","slug":"matchmaking-innovacio-en-salut-medicina-personalitzada","status":"publish","type":"event","link":"https:\/\/ticsalutsocial.atoom.space\/en\/event\/matchmaking-innovacio-en-salut-medicina-personalitzada\/","title":{"rendered":"Matchmaking Innovaci\u00f3 en Salut &#8211; Medicina Personalitzada"},"content":{"rendered":"\n<p><strong>Fenin <\/strong>-a trav\u00e9s de la seva Plataforma d&#8217;Innovaci\u00f3 en Tecnologia Sanit\u00e0ria-, juntament amb <strong>Biocat <\/strong>i <strong>Eurecat<\/strong>, organitzen els propers<strong> 29 i 30 de novembre a Barcelona<\/strong> el F\u00f2rum &#8216;<strong><em>Matchmaking Innovaci\u00f3 en Salut: Medicina Personalitzada<\/em><\/strong>&#8216;.<\/p>\n\n\n\n<p>Les jornades tindran lloc a l&#8217;Institut de Microcirurgia Ocular, IMO (Carrer Josep Maria Llad\u00f3, 3, 08035 Barcelona) i la seva inscripci\u00f3 \u00e9s gratu\u00efta. <a href=\"https:\/\/www.aefa.es\/wp-content\/uploads\/2023\/11\/Agenda-Matchmaking-Medicina-Personalizada-2023-Provisional.pdf\" target=\"_blank\" rel=\"noreferrer noopener\">Consulteu el programa provisional<\/a>.<\/p>\n\n\n\n<p>Cada jornada t\u00e9 la seva inscripci\u00f3 independent, encara que es pot assistir a totes dues. Per al dia 29, us haureu d&#8217;inscriure a trav\u00e9s d&#8217;aquest <a href=\"https:\/\/forms.office.com\/Pages\/ResponsePage.aspx?id=k2Rg1bwQIUikula2AfzdkR6Bfwfl055IlV9je8pQGzNURFlRQkdaQ0pUMUVZOFJXODE1RTk1RTlZNi4u\" target=\"_blank\" rel=\"noreferrer noopener\">enlla\u00e7<\/a>. Pel dia 30, entra <a href=\"https:\/\/forms.office.com\/pages\/responsepage.aspx?id=k2Rg1bwQIUikula2AfzdkR6Bfwfl055IlV9je8pQGzNUNE1UTDlOVEVCNVdPODQ5WFg0QTVRMDVHMS4u\" target=\"_blank\" rel=\"noreferrer noopener\">aqu\u00ed<\/a>.<\/p>\n","protected":false},"featured_media":23528,"menu_order":0,"template":"","meta":{"_acf_changed":false,"inline_featured_image":false},"tipus":[],"topic":[],"class_list":["post-23530","event","type-event","status-publish","has-post-thumbnail","hentry"],"acf":{"imatge":23528,"informacio":{"ubicacio":"Institut de Microcirug\u00eda Ocular (IMO)","data":"29\/11\/2023","hora":"","preu":"","inscripcions":""},"programa":{"titol":"","items":false}},"yoast_head":"<!-- This site is optimized with the Yoast SEO plugin v27.1.1 - https:\/\/yoast.com\/product\/yoast-seo-wordpress\/ -->\n<title>Matchmaking Innovaci\u00f3 en Salut - Medicina Personalitzada - Fundaci\u00f3 TIC Salut i Social<\/title>\n<meta name=\"description\" content=\"Les jornades tindran lloc a l&#039;Institut de Microcirurgia Ocular, IMO.\" \/>\n<meta name=\"robots\" content=\"index, follow, max-snippet:-1, max-image-preview:large, max-video-preview:-1\" \/>\n<link rel=\"canonical\" href=\"https:\/\/ticsalutsocial.atoom.space\/en\/event\/matchmaking-innovacio-en-salut-medicina-personalitzada\/\" \/>\n<meta property=\"og:locale\" content=\"en_US\" \/>\n<meta property=\"og:type\" content=\"article\" \/>\n<meta property=\"og:title\" content=\"Matchmaking Innovaci\u00f3 en Salut - Medicina Personalitzada - Fundaci\u00f3 TIC Salut i Social\" \/>\n<meta property=\"og:description\" content=\"Les jornades tindran lloc a l&#039;Institut de Microcirurgia Ocular, IMO.\" \/>\n<meta property=\"og:url\" content=\"https:\/\/ticsalutsocial.atoom.space\/en\/event\/matchmaking-innovacio-en-salut-medicina-personalitzada\/\" \/>\n<meta property=\"og:site_name\" content=\"Fundaci\u00f3 TIC Salut i Social\" \/>\n<meta property=\"article:modified_time\" content=\"2023-11-22T09:10:18+00:00\" \/>\n<meta property=\"og:image\" content=\"https:\/\/ticsalutsocial.atoom.space\/wp-content\/uploads\/2023\/11\/Captura3.png\" \/>\n\t<meta property=\"og:image:width\" content=\"687\" \/>\n\t<meta property=\"og:image:height\" content=\"478\" \/>\n\t<meta property=\"og:image:type\" content=\"image\/png\" \/>\n<meta name=\"twitter:card\" content=\"summary_large_image\" \/>\n<script type=\"application\/ld+json\" class=\"yoast-schema-graph\">{\"@context\":\"https:\/\/schema.org\",\"@graph\":[{\"@type\":\"WebPage\",\"@id\":\"https:\/\/ticsalutsocial.atoom.space\/en\/event\/matchmaking-innovacio-en-salut-medicina-personalitzada\/\",\"url\":\"https:\/\/ticsalutsocial.atoom.space\/en\/event\/matchmaking-innovacio-en-salut-medicina-personalitzada\/\",\"name\":\"Matchmaking Innovaci\u00f3 en Salut - Medicina Personalitzada - Fundaci\u00f3 TIC Salut i Social\",\"isPartOf\":{\"@id\":\"https:\/\/ticsalutsocial.atoom.space\/en\/#website\"},\"primaryImageOfPage\":{\"@id\":\"https:\/\/ticsalutsocial.atoom.space\/en\/event\/matchmaking-innovacio-en-salut-medicina-personalitzada\/#primaryimage\"},\"image\":{\"@id\":\"https:\/\/ticsalutsocial.atoom.space\/en\/event\/matchmaking-innovacio-en-salut-medicina-personalitzada\/#primaryimage\"},\"thumbnailUrl\":\"https:\/\/ticsalutsocial.atoom.space\/wp-content\/uploads\/2023\/11\/Captura3.png\",\"datePublished\":\"2023-11-22T09:10:15+00:00\",\"dateModified\":\"2023-11-22T09:10:18+00:00\",\"description\":\"Les jornades tindran lloc a l'Institut de Microcirurgia Ocular, IMO.\",\"breadcrumb\":{\"@id\":\"https:\/\/ticsalutsocial.atoom.space\/en\/event\/matchmaking-innovacio-en-salut-medicina-personalitzada\/#breadcrumb\"},\"inLanguage\":\"en-US\",\"potentialAction\":[{\"@type\":\"ReadAction\",\"target\":[\"https:\/\/ticsalutsocial.atoom.space\/en\/event\/matchmaking-innovacio-en-salut-medicina-personalitzada\/\"]}]},{\"@type\":\"ImageObject\",\"inLanguage\":\"en-US\",\"@id\":\"https:\/\/ticsalutsocial.atoom.space\/en\/event\/matchmaking-innovacio-en-salut-medicina-personalitzada\/#primaryimage\",\"url\":\"https:\/\/ticsalutsocial.atoom.space\/wp-content\/uploads\/2023\/11\/Captura3.png\",\"contentUrl\":\"https:\/\/ticsalutsocial.atoom.space\/wp-content\/uploads\/2023\/11\/Captura3.png\",\"width\":687,\"height\":478},{\"@type\":\"BreadcrumbList\",\"@id\":\"https:\/\/ticsalutsocial.atoom.space\/en\/event\/matchmaking-innovacio-en-salut-medicina-personalitzada\/#breadcrumb\",\"itemListElement\":[{\"@type\":\"ListItem\",\"position\":1,\"name\":\"Inici\",\"item\":\"https:\/\/ticsalutsocial.atoom.space\/en\/\"},{\"@type\":\"ListItem\",\"position\":2,\"name\":\"Matchmaking Innovaci\u00f3 en Salut &#8211; Medicina Personalitzada\"}]},{\"@type\":\"WebSite\",\"@id\":\"https:\/\/ticsalutsocial.atoom.space\/en\/#website\",\"url\":\"https:\/\/ticsalutsocial.atoom.space\/en\/\",\"name\":\"Fundaci\u00f3 TIC Salut i Social\",\"description\":\"\",\"potentialAction\":[{\"@type\":\"SearchAction\",\"target\":{\"@type\":\"EntryPoint\",\"urlTemplate\":\"https:\/\/ticsalutsocial.atoom.space\/en\/?s={search_term_string}\"},\"query-input\":{\"@type\":\"PropertyValueSpecification\",\"valueRequired\":true,\"valueName\":\"search_term_string\"}}],\"inLanguage\":\"en-US\"}]}<\/script>\n<!-- \/ Yoast SEO plugin. -->","yoast_head_json":{"title":"Matchmaking Innovaci\u00f3 en Salut - Medicina Personalitzada - Fundaci\u00f3 TIC Salut i Social","description":"Les jornades tindran lloc a l'Institut de Microcirurgia Ocular, IMO.","robots":{"index":"index","follow":"follow","max-snippet":"max-snippet:-1","max-image-preview":"max-image-preview:large","max-video-preview":"max-video-preview:-1"},"canonical":"https:\/\/ticsalutsocial.atoom.space\/en\/event\/matchmaking-innovacio-en-salut-medicina-personalitzada\/","og_locale":"en_US","og_type":"article","og_title":"Matchmaking Innovaci\u00f3 en Salut - Medicina Personalitzada - Fundaci\u00f3 TIC Salut i Social","og_description":"Les jornades tindran lloc a l'Institut de Microcirurgia Ocular, IMO.","og_url":"https:\/\/ticsalutsocial.atoom.space\/en\/event\/matchmaking-innovacio-en-salut-medicina-personalitzada\/","og_site_name":"Fundaci\u00f3 TIC Salut i Social","article_modified_time":"2023-11-22T09:10:18+00:00","og_image":[{"width":687,"height":478,"url":"https:\/\/ticsalutsocial.atoom.space\/wp-content\/uploads\/2023\/11\/Captura3.png","type":"image\/png"}],"twitter_card":"summary_large_image","schema":{"@context":"https:\/\/schema.org","@graph":[{"@type":"WebPage","@id":"https:\/\/ticsalutsocial.atoom.space\/en\/event\/matchmaking-innovacio-en-salut-medicina-personalitzada\/","url":"https:\/\/ticsalutsocial.atoom.space\/en\/event\/matchmaking-innovacio-en-salut-medicina-personalitzada\/","name":"Matchmaking Innovaci\u00f3 en Salut - Medicina Personalitzada - Fundaci\u00f3 TIC Salut i Social","isPartOf":{"@id":"https:\/\/ticsalutsocial.atoom.space\/en\/#website"},"primaryImageOfPage":{"@id":"https:\/\/ticsalutsocial.atoom.space\/en\/event\/matchmaking-innovacio-en-salut-medicina-personalitzada\/#primaryimage"},"image":{"@id":"https:\/\/ticsalutsocial.atoom.space\/en\/event\/matchmaking-innovacio-en-salut-medicina-personalitzada\/#primaryimage"},"thumbnailUrl":"https:\/\/ticsalutsocial.atoom.space\/wp-content\/uploads\/2023\/11\/Captura3.png","datePublished":"2023-11-22T09:10:15+00:00","dateModified":"2023-11-22T09:10:18+00:00","description":"Les jornades tindran lloc a l'Institut de Microcirurgia Ocular, IMO.","breadcrumb":{"@id":"https:\/\/ticsalutsocial.atoom.space\/en\/event\/matchmaking-innovacio-en-salut-medicina-personalitzada\/#breadcrumb"},"inLanguage":"en-US","potentialAction":[{"@type":"ReadAction","target":["https:\/\/ticsalutsocial.atoom.space\/en\/event\/matchmaking-innovacio-en-salut-medicina-personalitzada\/"]}]},{"@type":"ImageObject","inLanguage":"en-US","@id":"https:\/\/ticsalutsocial.atoom.space\/en\/event\/matchmaking-innovacio-en-salut-medicina-personalitzada\/#primaryimage","url":"https:\/\/ticsalutsocial.atoom.space\/wp-content\/uploads\/2023\/11\/Captura3.png","contentUrl":"https:\/\/ticsalutsocial.atoom.space\/wp-content\/uploads\/2023\/11\/Captura3.png","width":687,"height":478},{"@type":"BreadcrumbList","@id":"https:\/\/ticsalutsocial.atoom.space\/en\/event\/matchmaking-innovacio-en-salut-medicina-personalitzada\/#breadcrumb","itemListElement":[{"@type":"ListItem","position":1,"name":"Inici","item":"https:\/\/ticsalutsocial.atoom.space\/en\/"},{"@type":"ListItem","position":2,"name":"Matchmaking Innovaci\u00f3 en Salut &#8211; Medicina Personalitzada"}]},{"@type":"WebSite","@id":"https:\/\/ticsalutsocial.atoom.space\/en\/#website","url":"https:\/\/ticsalutsocial.atoom.space\/en\/","name":"Fundaci\u00f3 TIC Salut i Social","description":"","potentialAction":[{"@type":"SearchAction","target":{"@type":"EntryPoint","urlTemplate":"https:\/\/ticsalutsocial.atoom.space\/en\/?s={search_term_string}"},"query-input":{"@type":"PropertyValueSpecification","valueRequired":true,"valueName":"search_term_string"}}],"inLanguage":"en-US"}]}},"_links":{"self":[{"href":"https:\/\/ticsalutsocial.atoom.space\/en\/wp-json\/wp\/v2\/event\/23530","targetHints":{"allow":["GET"]}}],"collection":[{"href":"https:\/\/ticsalutsocial.atoom.space\/en\/wp-json\/wp\/v2\/event"}],"about":[{"href":"https:\/\/ticsalutsocial.atoom.space\/en\/wp-json\/wp\/v2\/types\/event"}],"wp:featuredmedia":[{"embeddable":true,"href":"https:\/\/ticsalutsocial.atoom.space\/en\/wp-json\/wp\/v2\/media\/23528"}],"wp:attachment":[{"href":"https:\/\/ticsalutsocial.atoom.space\/en\/wp-json\/wp\/v2\/media?parent=23530"}],"wp:term":[{"taxonomy":"tipus","embeddable":true,"href":"https:\/\/ticsalutsocial.atoom.space\/en\/wp-json\/wp\/v2\/tipus?post=23530"},{"taxonomy":"topic","embeddable":true,"href":"https:\/\/ticsalutsocial.atoom.space\/en\/wp-json\/wp\/v2\/topic?post=23530"}],"curies":[{"name":"wp","href":"https:\/\/api.w.org\/{rel}","templated":true}]}}

Matchmaking Innovació en Salut &#8211; Medicina Personalitzada

<p><strong>Fenin </strong>-a través de la seva Plataforma d&#8217;Innovació en Tecnologia Sanitària-, juntament amb <strong>Biocat </strong>i <strong>Eurecat</strong>, organitzen els propers<strong> 29 i 30 de novembre a Barcelona</strong> el Fòrum &#8216;<strong><em>Matchmaking Innovació en Salut: Medicina Personalitzada</em></strong>&#8216;.</p>



<p>Les jornades tindran lloc a l&#8217;Institut de Microcirurgia Ocular, IMO (Carrer Josep Maria Lladó, 3, 08035 Barcelona) i la seva inscripció és gratuïta. <a href="https://www.aefa.es/wp-content/uploads/2023/11/Agenda-Matchmaking-Medicina-Personalizada-2023-Provisional.pdf" target="_blank" rel="noreferrer noopener">Consulteu el programa provisional</a>.</p>



<p>Cada jornada té la seva inscripció independent, encara que es pot assistir a totes dues. Per al dia 29, us haureu d&#8217;inscriure a través d&#8217;aquest <a href="https://forms.office.com/Pages/ResponsePage.aspx?id=k2Rg1bwQIUikula2AfzdkR6Bfwfl055IlV9je8pQGzNURFlRQkdaQ0pUMUVZOFJXODE1RTk1RTlZNi4u" target="_blank" rel="noreferrer noopener">enllaç</a>. Pel dia 30, entra <a href="https://forms.office.com/pages/responsepage.aspx?id=k2Rg1bwQIUikula2AfzdkR6Bfwfl055IlV9je8pQGzNUNE1UTDlOVEVCNVdPODQ5WFg0QTVRMDVHMS4u" target="_blank" rel="noreferrer noopener">aquí</a>.</p>

Institut de Microcirugía Ocular (IMO)

<!-- This site is optimized with the Yoast SEO plugin v27.1.1 - https://yoast.com/product/yoast-seo-wordpress/ -->
<title>Matchmaking Innovació en Salut - Medicina Personalitzada - Fundació TIC Salut i Social</title>
<meta name="description" content="Les jornades tindran lloc a l&#039;Institut de Microcirurgia Ocular, IMO." />
<meta name="robots" content="index, follow, max-snippet:-1, max-image-preview:large, max-video-preview:-1" />
<link rel="canonical" href="https://ticsalutsocial.atoom.space/en/event/matchmaking-innovacio-en-salut-medicina-personalitzada/" />
<meta property="og:locale" content="en_US" />
<meta property="og:type" content="article" />
<meta property="og:title" content="Matchmaking Innovació en Salut - Medicina Personalitzada - Fundació TIC Salut i Social" />
<meta property="og:description" content="Les jornades tindran lloc a l&#039;Institut de Microcirurgia Ocular, IMO." />
<meta property="og:url" content="https://ticsalutsocial.atoom.space/en/event/matchmaking-innovacio-en-salut-medicina-personalitzada/" />
<meta property="og:site_name" content="Fundació TIC Salut i Social" />
<meta property="article:modified_time" content="2023-11-22T09:10:18+00:00" />
<meta property="og:image" content="https://ticsalutsocial.atoom.space/wp-content/uploads/2023/11/Captura3.png" />
	<meta property="og:image:width" content="687" />
	<meta property="og:image:height" content="478" />
	<meta property="og:image:type" content="image/png" />
<meta name="twitter:card" content="summary_large_image" />
<script type="application/ld+json" class="yoast-schema-graph">{"@context":"https://schema.org","@graph":[{"@type":"WebPage","@id":"https://ticsalutsocial.atoom.space/en/event/matchmaking-innovacio-en-salut-medicina-personalitzada/","url":"https://ticsalutsocial.atoom.space/en/event/matchmaking-innovacio-en-salut-medicina-personalitzada/","name":"Matchmaking Innovació en Salut - Medicina Personalitzada - Fundació TIC Salut i Social","isPartOf":{"@id":"https://ticsalutsocial.atoom.space/en/#website"},"primaryImageOfPage":{"@id":"https://ticsalutsocial.atoom.space/en/event/matchmaking-innovacio-en-salut-medicina-personalitzada/#primaryimage"},"image":{"@id":"https://ticsalutsocial.atoom.space/en/event/matchmaking-innovacio-en-salut-medicina-personalitzada/#primaryimage"},"thumbnailUrl":"https://ticsalutsocial.atoom.space/wp-content/uploads/2023/11/Captura3.png","datePublished":"2023-11-22T09:10:15+00:00","dateModified":"2023-11-22T09:10:18+00:00","description":"Les jornades tindran lloc a l'Institut de Microcirurgia Ocular, IMO.","breadcrumb":{"@id":"https://ticsalutsocial.atoom.space/en/event/matchmaking-innovacio-en-salut-medicina-personalitzada/#breadcrumb"},"inLanguage":"en-US","potentialAction":[{"@type":"ReadAction","target":["https://ticsalutsocial.atoom.space/en/event/matchmaking-innovacio-en-salut-medicina-personalitzada/"]}]},{"@type":"ImageObject","inLanguage":"en-US","@id":"https://ticsalutsocial.atoom.space/en/event/matchmaking-innovacio-en-salut-medicina-personalitzada/#primaryimage","url":"https://ticsalutsocial.atoom.space/wp-content/uploads/2023/11/Captura3.png","contentUrl":"https://ticsalutsocial.atoom.space/wp-content/uploads/2023/11/Captura3.png","width":687,"height":478},{"@type":"BreadcrumbList","@id":"https://ticsalutsocial.atoom.space/en/event/matchmaking-innovacio-en-salut-medicina-personalitzada/#breadcrumb","itemListElement":[{"@type":"ListItem","position":1,"name":"Inici","item":"https://ticsalutsocial.atoom.space/en/"},{"@type":"ListItem","position":2,"name":"Matchmaking Innovació en Salut &#8211; Medicina Personalitzada"}]},{"@type":"WebSite","@id":"https://ticsalutsocial.atoom.space/en/#website","url":"https://ticsalutsocial.atoom.space/en/","name":"Fundació TIC Salut i Social","description":"","potentialAction":[{"@type":"SearchAction","target":{"@type":"EntryPoint","urlTemplate":"https://ticsalutsocial.atoom.space/en/?s={search_term_string}"},"query-input":{"@type":"PropertyValueSpecification","valueRequired":true,"valueName":"search_term_string"}}],"inLanguage":"en-US"}]}</script>
<!-- / Yoast SEO plugin. -->

Matchmaking Innovació en Salut - Medicina Personalitzada - Fundació TIC Salut i Social

Fundació TIC Salut i Social
