
{"id":23646,"date":"2023-11-27T10:24:43","date_gmt":"2023-11-27T08:24:43","guid":{"rendered":"https:\/\/ticsalutsocial.atoom.space\/?post_type=event&#038;p=23646"},"modified":"2023-11-27T10:24:45","modified_gmt":"2023-11-27T08:24:45","slug":"pla-daccio-del-hub-de-terapies-avancades-i-emergents-de-catalunya","status":"publish","type":"event","link":"https:\/\/ticsalutsocial.atoom.space\/en\/event\/pla-daccio-del-hub-de-terapies-avancades-i-emergents-de-catalunya\/","title":{"rendered":"Pla d\u2019Acci\u00f3 del Hub de Ter\u00e0pies Avan\u00e7ades i Emergents de Catalunya"},"content":{"rendered":"\n<p>L&#8217;1 de desembre se celebra la <strong>presentaci\u00f3 del Pla d\u2019Acci\u00f3 del Hub de Ter\u00e0pies Avan\u00e7ades i Emergents de Catalunya<\/strong> a les 10:30h a <strong>l\u2019Hospital Universitari Vall d&#8217;Hebron &#8211;\u00a0Sala d&#8217;actes del pavell\u00f3 docent<\/strong>\u00a0(Carrer de Natzaret, 100, Barcelona).<\/p>\n\n\n\n<p>A Catalunya, les ter\u00e0pies avan\u00e7ades i emergents estan essent objecte d&#8217;un creixent inter\u00e8s i desenvolupament.\u00a0Es disposa d\u2019un nivell i background cient\u00edfic en bioenginyeria i ter\u00e0pies avan\u00e7ades i emergentsmolt elevat d\u2019un teixit cl\u00ednic i hospitalari de primer nivell que ha mostrat una capacitat per situar-se entre les principals pot\u00e8ncies mundials en el desenvolupament d&#8217;assaigs cl\u00ednics de noves ter\u00e0pies o tractaments. <\/p>\n\n\n\n<p>Tamb\u00e9 es disposa d\u2019un ecosistema d\u2019startups i inversors en biotecnologia molt ric i en creixement exponencial que ajuden a impulsar a nivell de la BioRegi\u00f3.<\/p>\n\n\n\n<p>Per \u00faltim, Catalunya t\u00e9 una potent xarxa d\u2019empreses farmac\u00e8utiques i unes administracions que han apostat de manera clara per afavorir el desenvolupament d\u2019aquesta ind\u00fastria. <\/p>\n\n\n\n<p>L\u2019ecosistema que representa aquest Hub, format per m\u00e9s de 50 empreses, ha incrementat la facturaci\u00f3 i creaci\u00f3 de llocs de treball especialitzats a Catalunya, aix\u00ed com les xifres d\u2019inversi\u00f3 acumulada, que entre 2006 i 2022 ha passat de pr\u00e0cticament zero a 250M\u20ac, quedant palesa la rellev\u00e0ncia del sector dins l\u2019economia catalana.<\/p>\n","protected":false},"featured_media":0,"menu_order":0,"template":"","meta":{"_acf_changed":false,"inline_featured_image":false},"tipus":[],"topic":[],"class_list":["post-23646","event","type-event","status-publish","hentry"],"acf":{"informacio":{"ubicacio":"Hospital Universitari Vall Hebron","data":"01\/12\/2023","hora":"","preu":"","inscripcions":"https:\/\/empresa.gencat.cat\/ca\/intern\/presentacio-pla-accio-hub-terapies-avancades-emergents\/index.html"},"programa":{"titol":"","items":false}},"yoast_head":"<!-- This site is optimized with the Yoast SEO plugin v27.1.1 - https:\/\/yoast.com\/product\/yoast-seo-wordpress\/ -->\n<title>Pla d\u2019Acci\u00f3 del Hub de Ter\u00e0pies Avan\u00e7ades i Emergents de Catalunya - Fundaci\u00f3 TIC Salut i Social<\/title>\n<meta name=\"robots\" content=\"index, follow, max-snippet:-1, max-image-preview:large, max-video-preview:-1\" \/>\n<link rel=\"canonical\" href=\"https:\/\/ticsalutsocial.atoom.space\/en\/event\/pla-daccio-del-hub-de-terapies-avancades-i-emergents-de-catalunya\/\" \/>\n<meta property=\"og:locale\" content=\"en_US\" \/>\n<meta property=\"og:type\" content=\"article\" \/>\n<meta property=\"og:title\" content=\"Pla d\u2019Acci\u00f3 del Hub de Ter\u00e0pies Avan\u00e7ades i Emergents de Catalunya - Fundaci\u00f3 TIC Salut i Social\" \/>\n<meta property=\"og:description\" content=\"L&#8217;1 de desembre se celebra la presentaci\u00f3 del Pla d\u2019Acci\u00f3 del Hub de Ter\u00e0pies Avan\u00e7ades i Emergents de Catalunya a les 10:30h a l\u2019Hospital Universitari Vall d&#8217;Hebron &#8211;\u00a0Sala d&#8217;actes del pavell\u00f3 docent\u00a0(Carrer de Natzaret, 100, Barcelona). A Catalunya, les ter\u00e0pies avan\u00e7ades i emergents estan essent objecte d&#8217;un creixent inter\u00e8s i desenvolupament.\u00a0Es disposa d\u2019un nivell i [&hellip;]\" \/>\n<meta property=\"og:url\" content=\"https:\/\/ticsalutsocial.atoom.space\/en\/event\/pla-daccio-del-hub-de-terapies-avancades-i-emergents-de-catalunya\/\" \/>\n<meta property=\"og:site_name\" content=\"Fundaci\u00f3 TIC Salut i Social\" \/>\n<meta property=\"article:modified_time\" content=\"2023-11-27T08:24:45+00:00\" \/>\n<meta name=\"twitter:card\" content=\"summary_large_image\" \/>\n<meta name=\"twitter:label1\" content=\"Est. reading time\" \/>\n\t<meta name=\"twitter:data1\" content=\"1 minute\" \/>\n<script type=\"application\/ld+json\" class=\"yoast-schema-graph\">{\"@context\":\"https:\/\/schema.org\",\"@graph\":[{\"@type\":\"WebPage\",\"@id\":\"https:\/\/ticsalutsocial.atoom.space\/en\/event\/pla-daccio-del-hub-de-terapies-avancades-i-emergents-de-catalunya\/\",\"url\":\"https:\/\/ticsalutsocial.atoom.space\/en\/event\/pla-daccio-del-hub-de-terapies-avancades-i-emergents-de-catalunya\/\",\"name\":\"Pla d\u2019Acci\u00f3 del Hub de Ter\u00e0pies Avan\u00e7ades i Emergents de Catalunya - Fundaci\u00f3 TIC Salut i Social\",\"isPartOf\":{\"@id\":\"https:\/\/ticsalutsocial.atoom.space\/en\/#website\"},\"datePublished\":\"2023-11-27T08:24:43+00:00\",\"dateModified\":\"2023-11-27T08:24:45+00:00\",\"breadcrumb\":{\"@id\":\"https:\/\/ticsalutsocial.atoom.space\/en\/event\/pla-daccio-del-hub-de-terapies-avancades-i-emergents-de-catalunya\/#breadcrumb\"},\"inLanguage\":\"en-US\",\"potentialAction\":[{\"@type\":\"ReadAction\",\"target\":[\"https:\/\/ticsalutsocial.atoom.space\/en\/event\/pla-daccio-del-hub-de-terapies-avancades-i-emergents-de-catalunya\/\"]}]},{\"@type\":\"BreadcrumbList\",\"@id\":\"https:\/\/ticsalutsocial.atoom.space\/en\/event\/pla-daccio-del-hub-de-terapies-avancades-i-emergents-de-catalunya\/#breadcrumb\",\"itemListElement\":[{\"@type\":\"ListItem\",\"position\":1,\"name\":\"Inici\",\"item\":\"https:\/\/ticsalutsocial.atoom.space\/en\/\"},{\"@type\":\"ListItem\",\"position\":2,\"name\":\"Pla d\u2019Acci\u00f3 del Hub de Ter\u00e0pies Avan\u00e7ades i Emergents de Catalunya\"}]},{\"@type\":\"WebSite\",\"@id\":\"https:\/\/ticsalutsocial.atoom.space\/en\/#website\",\"url\":\"https:\/\/ticsalutsocial.atoom.space\/en\/\",\"name\":\"Fundaci\u00f3 TIC Salut i Social\",\"description\":\"\",\"potentialAction\":[{\"@type\":\"SearchAction\",\"target\":{\"@type\":\"EntryPoint\",\"urlTemplate\":\"https:\/\/ticsalutsocial.atoom.space\/en\/?s={search_term_string}\"},\"query-input\":{\"@type\":\"PropertyValueSpecification\",\"valueRequired\":true,\"valueName\":\"search_term_string\"}}],\"inLanguage\":\"en-US\"}]}<\/script>\n<!-- \/ Yoast SEO plugin. -->","yoast_head_json":{"title":"Pla d\u2019Acci\u00f3 del Hub de Ter\u00e0pies Avan\u00e7ades i Emergents de Catalunya - Fundaci\u00f3 TIC Salut i Social","robots":{"index":"index","follow":"follow","max-snippet":"max-snippet:-1","max-image-preview":"max-image-preview:large","max-video-preview":"max-video-preview:-1"},"canonical":"https:\/\/ticsalutsocial.atoom.space\/en\/event\/pla-daccio-del-hub-de-terapies-avancades-i-emergents-de-catalunya\/","og_locale":"en_US","og_type":"article","og_title":"Pla d\u2019Acci\u00f3 del Hub de Ter\u00e0pies Avan\u00e7ades i Emergents de Catalunya - Fundaci\u00f3 TIC Salut i Social","og_description":"L&#8217;1 de desembre se celebra la presentaci\u00f3 del Pla d\u2019Acci\u00f3 del Hub de Ter\u00e0pies Avan\u00e7ades i Emergents de Catalunya a les 10:30h a l\u2019Hospital Universitari Vall d&#8217;Hebron &#8211;\u00a0Sala d&#8217;actes del pavell\u00f3 docent\u00a0(Carrer de Natzaret, 100, Barcelona). A Catalunya, les ter\u00e0pies avan\u00e7ades i emergents estan essent objecte d&#8217;un creixent inter\u00e8s i desenvolupament.\u00a0Es disposa d\u2019un nivell i [&hellip;]","og_url":"https:\/\/ticsalutsocial.atoom.space\/en\/event\/pla-daccio-del-hub-de-terapies-avancades-i-emergents-de-catalunya\/","og_site_name":"Fundaci\u00f3 TIC Salut i Social","article_modified_time":"2023-11-27T08:24:45+00:00","twitter_card":"summary_large_image","twitter_misc":{"Est. reading time":"1 minute"},"schema":{"@context":"https:\/\/schema.org","@graph":[{"@type":"WebPage","@id":"https:\/\/ticsalutsocial.atoom.space\/en\/event\/pla-daccio-del-hub-de-terapies-avancades-i-emergents-de-catalunya\/","url":"https:\/\/ticsalutsocial.atoom.space\/en\/event\/pla-daccio-del-hub-de-terapies-avancades-i-emergents-de-catalunya\/","name":"Pla d\u2019Acci\u00f3 del Hub de Ter\u00e0pies Avan\u00e7ades i Emergents de Catalunya - Fundaci\u00f3 TIC Salut i Social","isPartOf":{"@id":"https:\/\/ticsalutsocial.atoom.space\/en\/#website"},"datePublished":"2023-11-27T08:24:43+00:00","dateModified":"2023-11-27T08:24:45+00:00","breadcrumb":{"@id":"https:\/\/ticsalutsocial.atoom.space\/en\/event\/pla-daccio-del-hub-de-terapies-avancades-i-emergents-de-catalunya\/#breadcrumb"},"inLanguage":"en-US","potentialAction":[{"@type":"ReadAction","target":["https:\/\/ticsalutsocial.atoom.space\/en\/event\/pla-daccio-del-hub-de-terapies-avancades-i-emergents-de-catalunya\/"]}]},{"@type":"BreadcrumbList","@id":"https:\/\/ticsalutsocial.atoom.space\/en\/event\/pla-daccio-del-hub-de-terapies-avancades-i-emergents-de-catalunya\/#breadcrumb","itemListElement":[{"@type":"ListItem","position":1,"name":"Inici","item":"https:\/\/ticsalutsocial.atoom.space\/en\/"},{"@type":"ListItem","position":2,"name":"Pla d\u2019Acci\u00f3 del Hub de Ter\u00e0pies Avan\u00e7ades i Emergents de Catalunya"}]},{"@type":"WebSite","@id":"https:\/\/ticsalutsocial.atoom.space\/en\/#website","url":"https:\/\/ticsalutsocial.atoom.space\/en\/","name":"Fundaci\u00f3 TIC Salut i Social","description":"","potentialAction":[{"@type":"SearchAction","target":{"@type":"EntryPoint","urlTemplate":"https:\/\/ticsalutsocial.atoom.space\/en\/?s={search_term_string}"},"query-input":{"@type":"PropertyValueSpecification","valueRequired":true,"valueName":"search_term_string"}}],"inLanguage":"en-US"}]}},"_links":{"self":[{"href":"https:\/\/ticsalutsocial.atoom.space\/en\/wp-json\/wp\/v2\/event\/23646","targetHints":{"allow":["GET"]}}],"collection":[{"href":"https:\/\/ticsalutsocial.atoom.space\/en\/wp-json\/wp\/v2\/event"}],"about":[{"href":"https:\/\/ticsalutsocial.atoom.space\/en\/wp-json\/wp\/v2\/types\/event"}],"wp:attachment":[{"href":"https:\/\/ticsalutsocial.atoom.space\/en\/wp-json\/wp\/v2\/media?parent=23646"}],"wp:term":[{"taxonomy":"tipus","embeddable":true,"href":"https:\/\/ticsalutsocial.atoom.space\/en\/wp-json\/wp\/v2\/tipus?post=23646"},{"taxonomy":"topic","embeddable":true,"href":"https:\/\/ticsalutsocial.atoom.space\/en\/wp-json\/wp\/v2\/topic?post=23646"}],"curies":[{"name":"wp","href":"https:\/\/api.w.org\/{rel}","templated":true}]}}

Pla d’Acció del Hub de Teràpies Avançades i Emergents de Catalunya

<p>L&#8217;1 de desembre se celebra la <strong>presentació del Pla d’Acció del Hub de Teràpies Avançades i Emergents de Catalunya</strong> a les 10:30h a <strong>l’Hospital Universitari Vall d&#8217;Hebron &#8211; Sala d&#8217;actes del pavelló docent</strong> (Carrer de Natzaret, 100, Barcelona).</p>



<p>A Catalunya, les teràpies avançades i emergents estan essent objecte d&#8217;un creixent interès i desenvolupament. Es disposa d’un nivell i background científic en bioenginyeria i teràpies avançades i emergentsmolt elevat d’un teixit clínic i hospitalari de primer nivell que ha mostrat una capacitat per situar-se entre les principals potències mundials en el desenvolupament d&#8217;assaigs clínics de noves teràpies o tractaments. </p>



<p>També es disposa d’un ecosistema d’startups i inversors en biotecnologia molt ric i en creixement exponencial que ajuden a impulsar a nivell de la BioRegió.</p>



<p>Per últim, Catalunya té una potent xarxa d’empreses farmacèutiques i unes administracions que han apostat de manera clara per afavorir el desenvolupament d’aquesta indústria. </p>



<p>L’ecosistema que representa aquest Hub, format per més de 50 empreses, ha incrementat la facturació i creació de llocs de treball especialitzats a Catalunya, així com les xifres d’inversió acumulada, que entre 2006 i 2022 ha passat de pràcticament zero a 250M€, quedant palesa la rellevància del sector dins l’economia catalana.</p>

<!-- This site is optimized with the Yoast SEO plugin v27.1.1 - https://yoast.com/product/yoast-seo-wordpress/ -->
<title>Pla d’Acció del Hub de Teràpies Avançades i Emergents de Catalunya - Fundació TIC Salut i Social</title>
<meta name="robots" content="index, follow, max-snippet:-1, max-image-preview:large, max-video-preview:-1" />
<link rel="canonical" href="https://ticsalutsocial.atoom.space/en/event/pla-daccio-del-hub-de-terapies-avancades-i-emergents-de-catalunya/" />
<meta property="og:locale" content="en_US" />
<meta property="og:type" content="article" />
<meta property="og:title" content="Pla d’Acció del Hub de Teràpies Avançades i Emergents de Catalunya - Fundació TIC Salut i Social" />
<meta property="og:description" content="L&#8217;1 de desembre se celebra la presentació del Pla d’Acció del Hub de Teràpies Avançades i Emergents de Catalunya a les 10:30h a l’Hospital Universitari Vall d&#8217;Hebron &#8211; Sala d&#8217;actes del pavelló docent (Carrer de Natzaret, 100, Barcelona). A Catalunya, les teràpies avançades i emergents estan essent objecte d&#8217;un creixent interès i desenvolupament. Es disposa d’un nivell i [&hellip;]" />
<meta property="og:url" content="https://ticsalutsocial.atoom.space/en/event/pla-daccio-del-hub-de-terapies-avancades-i-emergents-de-catalunya/" />
<meta property="og:site_name" content="Fundació TIC Salut i Social" />
<meta property="article:modified_time" content="2023-11-27T08:24:45+00:00" />
<meta name="twitter:card" content="summary_large_image" />
<meta name="twitter:label1" content="Est. reading time" />
	<meta name="twitter:data1" content="1 minute" />
<script type="application/ld+json" class="yoast-schema-graph">{"@context":"https://schema.org","@graph":[{"@type":"WebPage","@id":"https://ticsalutsocial.atoom.space/en/event/pla-daccio-del-hub-de-terapies-avancades-i-emergents-de-catalunya/","url":"https://ticsalutsocial.atoom.space/en/event/pla-daccio-del-hub-de-terapies-avancades-i-emergents-de-catalunya/","name":"Pla d’Acció del Hub de Teràpies Avançades i Emergents de Catalunya - Fundació TIC Salut i Social","isPartOf":{"@id":"https://ticsalutsocial.atoom.space/en/#website"},"datePublished":"2023-11-27T08:24:43+00:00","dateModified":"2023-11-27T08:24:45+00:00","breadcrumb":{"@id":"https://ticsalutsocial.atoom.space/en/event/pla-daccio-del-hub-de-terapies-avancades-i-emergents-de-catalunya/#breadcrumb"},"inLanguage":"en-US","potentialAction":[{"@type":"ReadAction","target":["https://ticsalutsocial.atoom.space/en/event/pla-daccio-del-hub-de-terapies-avancades-i-emergents-de-catalunya/"]}]},{"@type":"BreadcrumbList","@id":"https://ticsalutsocial.atoom.space/en/event/pla-daccio-del-hub-de-terapies-avancades-i-emergents-de-catalunya/#breadcrumb","itemListElement":[{"@type":"ListItem","position":1,"name":"Inici","item":"https://ticsalutsocial.atoom.space/en/"},{"@type":"ListItem","position":2,"name":"Pla d’Acció del Hub de Teràpies Avançades i Emergents de Catalunya"}]},{"@type":"WebSite","@id":"https://ticsalutsocial.atoom.space/en/#website","url":"https://ticsalutsocial.atoom.space/en/","name":"Fundació TIC Salut i Social","description":"","potentialAction":[{"@type":"SearchAction","target":{"@type":"EntryPoint","urlTemplate":"https://ticsalutsocial.atoom.space/en/?s={search_term_string}"},"query-input":{"@type":"PropertyValueSpecification","valueRequired":true,"valueName":"search_term_string"}}],"inLanguage":"en-US"}]}</script>
<!-- / Yoast SEO plugin. -->

Pla d’Acció del Hub de Teràpies Avançades i Emergents de Catalunya - Fundació TIC Salut i Social

L&#8217;1 de desembre se celebra la presentació del Pla d’Acció del Hub de Teràpies Avançades i Emergents de Catalunya a les 10:30h a l’Hospital Universitari Vall d&#8217;Hebron &#8211; Sala d&#8217;actes del pavelló docent (Carrer de Natzaret, 100, Barcelona). A Catalunya, les teràpies avançades i emergents estan essent objecte d&#8217;un creixent interès i desenvolupament. Es disposa d’un nivell i [&hellip;]

Fundació TIC Salut i Social
