
{"id":24684,"date":"2024-01-17T12:46:30","date_gmt":"2024-01-17T10:46:30","guid":{"rendered":"https:\/\/ticsalutsocial.atoom.space\/?post_type=event&#038;p=24684"},"modified":"2024-01-17T12:48:57","modified_gmt":"2024-01-17T10:48:57","slug":"v-congres-dexperiencia-del-pacient","status":"publish","type":"event","link":"https:\/\/ticsalutsocial.atoom.space\/en\/event\/v-congres-dexperiencia-del-pacient\/","title":{"rendered":"V Congr\u00e9s d&#8217;Experi\u00e8ncia del Pacient"},"content":{"rendered":"\n<p>Presentem el <strong>V Congr\u00e9s d&#8217;Experi\u00e8ncia del Pacient<\/strong>, que s&#8217;ha consolidat com una refer\u00e8ncia a Espanya al camp de l&#8217;experi\u00e8ncia de pacient. Aquest esdeveniment, que es dur\u00e0 a terme el <strong>22 de febrer de 2024<\/strong> a l&#8217;<strong>Hospital Vall d&#8217;Hebron de Barcelona<\/strong>, ha aconseguit reunir professionals de la salut, investigadors, pacients i cuidadors per compartir coneixements i experi\u00e8ncies relacionades amb la millora de la qualitat de latenci\u00f3 sanit\u00e0ria.<\/p>\n\n\n\n<p>Consulta el programa <a href=\"https:\/\/iexp.es\/congreso\/quinto-congreso\/wp-content\/uploads\/2016\/05\/2024_01_11_Programa-V-Congreso-IEXP.pdf\" target=\"_blank\" rel=\"noreferrer noopener\">aqu\u00ed<\/a>.<\/p>\n\n\n\n<p>Consulta tota la informaci\u00f3 sobre l&#8217;esdeveniment <a href=\"https:\/\/iexp.es\/congreso\/quinto-congreso\/\" target=\"_blank\" rel=\"noreferrer noopener\">aqu\u00ed<\/a>.<\/p>\n","protected":false},"featured_media":24682,"menu_order":0,"template":"","meta":{"_acf_changed":false,"inline_featured_image":false},"tipus":[],"topic":[],"class_list":["post-24684","event","type-event","status-publish","has-post-thumbnail","hentry"],"acf":{"informacio":{"ubicacio":"Passeig de la Vall d\u2019Hebron 119-129","data":"22\/02\/2024","hora":"","preu":"","inscripcions":"https:\/\/app.bipeek.com\/registro-evento\/dtyp29Mx8XFaby7OebSUn00IJv8bCxhsbojB7mfT4ilmt7dFWJt4diAi5ToO"},"programa":{"titol":"","items":false},"imatge":24682},"yoast_head":"<!-- This site is optimized with the Yoast SEO plugin v27.1.1 - https:\/\/yoast.com\/product\/yoast-seo-wordpress\/ -->\n<title>V Congr\u00e9s d&#039;Experi\u00e8ncia del Pacient - Fundaci\u00f3 TIC Salut i Social<\/title>\n<meta name=\"robots\" content=\"index, follow, max-snippet:-1, max-image-preview:large, max-video-preview:-1\" \/>\n<link rel=\"canonical\" href=\"https:\/\/ticsalutsocial.atoom.space\/en\/event\/v-congres-dexperiencia-del-pacient\/\" \/>\n<meta property=\"og:locale\" content=\"en_US\" \/>\n<meta property=\"og:type\" content=\"article\" \/>\n<meta property=\"og:title\" content=\"V Congr\u00e9s d&#039;Experi\u00e8ncia del Pacient - Fundaci\u00f3 TIC Salut i Social\" \/>\n<meta property=\"og:description\" content=\"Presentem el V Congr\u00e9s d&#8217;Experi\u00e8ncia del Pacient, que s&#8217;ha consolidat com una refer\u00e8ncia a Espanya al camp de l&#8217;experi\u00e8ncia de pacient. Aquest esdeveniment, que es dur\u00e0 a terme el 22 de febrer de 2024 a l&#8217;Hospital Vall d&#8217;Hebron de Barcelona, ha aconseguit reunir professionals de la salut, investigadors, pacients i cuidadors per compartir coneixements i [&hellip;]\" \/>\n<meta property=\"og:url\" content=\"https:\/\/ticsalutsocial.atoom.space\/en\/event\/v-congres-dexperiencia-del-pacient\/\" \/>\n<meta property=\"og:site_name\" content=\"Fundaci\u00f3 TIC Salut i Social\" \/>\n<meta property=\"article:modified_time\" content=\"2024-01-17T10:48:57+00:00\" \/>\n<meta property=\"og:image\" content=\"https:\/\/ticsalutsocial.atoom.space\/wp-content\/uploads\/2024\/01\/conferencia.png\" \/>\n\t<meta property=\"og:image:width\" content=\"1469\" \/>\n\t<meta property=\"og:image:height\" content=\"421\" \/>\n\t<meta property=\"og:image:type\" content=\"image\/png\" \/>\n<meta name=\"twitter:card\" content=\"summary_large_image\" \/>\n<script type=\"application\/ld+json\" class=\"yoast-schema-graph\">{\"@context\":\"https:\/\/schema.org\",\"@graph\":[{\"@type\":\"WebPage\",\"@id\":\"https:\/\/ticsalutsocial.atoom.space\/en\/event\/v-congres-dexperiencia-del-pacient\/\",\"url\":\"https:\/\/ticsalutsocial.atoom.space\/en\/event\/v-congres-dexperiencia-del-pacient\/\",\"name\":\"V Congr\u00e9s d'Experi\u00e8ncia del Pacient - Fundaci\u00f3 TIC Salut i Social\",\"isPartOf\":{\"@id\":\"https:\/\/ticsalutsocial.atoom.space\/en\/#website\"},\"primaryImageOfPage\":{\"@id\":\"https:\/\/ticsalutsocial.atoom.space\/en\/event\/v-congres-dexperiencia-del-pacient\/#primaryimage\"},\"image\":{\"@id\":\"https:\/\/ticsalutsocial.atoom.space\/en\/event\/v-congres-dexperiencia-del-pacient\/#primaryimage\"},\"thumbnailUrl\":\"https:\/\/ticsalutsocial.atoom.space\/wp-content\/uploads\/2024\/01\/conferencia.png\",\"datePublished\":\"2024-01-17T10:46:30+00:00\",\"dateModified\":\"2024-01-17T10:48:57+00:00\",\"breadcrumb\":{\"@id\":\"https:\/\/ticsalutsocial.atoom.space\/en\/event\/v-congres-dexperiencia-del-pacient\/#breadcrumb\"},\"inLanguage\":\"en-US\",\"potentialAction\":[{\"@type\":\"ReadAction\",\"target\":[\"https:\/\/ticsalutsocial.atoom.space\/en\/event\/v-congres-dexperiencia-del-pacient\/\"]}]},{\"@type\":\"ImageObject\",\"inLanguage\":\"en-US\",\"@id\":\"https:\/\/ticsalutsocial.atoom.space\/en\/event\/v-congres-dexperiencia-del-pacient\/#primaryimage\",\"url\":\"https:\/\/ticsalutsocial.atoom.space\/wp-content\/uploads\/2024\/01\/conferencia.png\",\"contentUrl\":\"https:\/\/ticsalutsocial.atoom.space\/wp-content\/uploads\/2024\/01\/conferencia.png\",\"width\":1469,\"height\":421},{\"@type\":\"BreadcrumbList\",\"@id\":\"https:\/\/ticsalutsocial.atoom.space\/en\/event\/v-congres-dexperiencia-del-pacient\/#breadcrumb\",\"itemListElement\":[{\"@type\":\"ListItem\",\"position\":1,\"name\":\"Inici\",\"item\":\"https:\/\/ticsalutsocial.atoom.space\/en\/\"},{\"@type\":\"ListItem\",\"position\":2,\"name\":\"V Congr\u00e9s d&#8217;Experi\u00e8ncia del Pacient\"}]},{\"@type\":\"WebSite\",\"@id\":\"https:\/\/ticsalutsocial.atoom.space\/en\/#website\",\"url\":\"https:\/\/ticsalutsocial.atoom.space\/en\/\",\"name\":\"Fundaci\u00f3 TIC Salut i Social\",\"description\":\"\",\"potentialAction\":[{\"@type\":\"SearchAction\",\"target\":{\"@type\":\"EntryPoint\",\"urlTemplate\":\"https:\/\/ticsalutsocial.atoom.space\/en\/?s={search_term_string}\"},\"query-input\":{\"@type\":\"PropertyValueSpecification\",\"valueRequired\":true,\"valueName\":\"search_term_string\"}}],\"inLanguage\":\"en-US\"}]}<\/script>\n<!-- \/ Yoast SEO plugin. -->","yoast_head_json":{"title":"V Congr\u00e9s d'Experi\u00e8ncia del Pacient - Fundaci\u00f3 TIC Salut i Social","robots":{"index":"index","follow":"follow","max-snippet":"max-snippet:-1","max-image-preview":"max-image-preview:large","max-video-preview":"max-video-preview:-1"},"canonical":"https:\/\/ticsalutsocial.atoom.space\/en\/event\/v-congres-dexperiencia-del-pacient\/","og_locale":"en_US","og_type":"article","og_title":"V Congr\u00e9s d'Experi\u00e8ncia del Pacient - Fundaci\u00f3 TIC Salut i Social","og_description":"Presentem el V Congr\u00e9s d&#8217;Experi\u00e8ncia del Pacient, que s&#8217;ha consolidat com una refer\u00e8ncia a Espanya al camp de l&#8217;experi\u00e8ncia de pacient. Aquest esdeveniment, que es dur\u00e0 a terme el 22 de febrer de 2024 a l&#8217;Hospital Vall d&#8217;Hebron de Barcelona, ha aconseguit reunir professionals de la salut, investigadors, pacients i cuidadors per compartir coneixements i [&hellip;]","og_url":"https:\/\/ticsalutsocial.atoom.space\/en\/event\/v-congres-dexperiencia-del-pacient\/","og_site_name":"Fundaci\u00f3 TIC Salut i Social","article_modified_time":"2024-01-17T10:48:57+00:00","og_image":[{"width":1469,"height":421,"url":"https:\/\/ticsalutsocial.atoom.space\/wp-content\/uploads\/2024\/01\/conferencia.png","type":"image\/png"}],"twitter_card":"summary_large_image","schema":{"@context":"https:\/\/schema.org","@graph":[{"@type":"WebPage","@id":"https:\/\/ticsalutsocial.atoom.space\/en\/event\/v-congres-dexperiencia-del-pacient\/","url":"https:\/\/ticsalutsocial.atoom.space\/en\/event\/v-congres-dexperiencia-del-pacient\/","name":"V Congr\u00e9s d'Experi\u00e8ncia del Pacient - Fundaci\u00f3 TIC Salut i Social","isPartOf":{"@id":"https:\/\/ticsalutsocial.atoom.space\/en\/#website"},"primaryImageOfPage":{"@id":"https:\/\/ticsalutsocial.atoom.space\/en\/event\/v-congres-dexperiencia-del-pacient\/#primaryimage"},"image":{"@id":"https:\/\/ticsalutsocial.atoom.space\/en\/event\/v-congres-dexperiencia-del-pacient\/#primaryimage"},"thumbnailUrl":"https:\/\/ticsalutsocial.atoom.space\/wp-content\/uploads\/2024\/01\/conferencia.png","datePublished":"2024-01-17T10:46:30+00:00","dateModified":"2024-01-17T10:48:57+00:00","breadcrumb":{"@id":"https:\/\/ticsalutsocial.atoom.space\/en\/event\/v-congres-dexperiencia-del-pacient\/#breadcrumb"},"inLanguage":"en-US","potentialAction":[{"@type":"ReadAction","target":["https:\/\/ticsalutsocial.atoom.space\/en\/event\/v-congres-dexperiencia-del-pacient\/"]}]},{"@type":"ImageObject","inLanguage":"en-US","@id":"https:\/\/ticsalutsocial.atoom.space\/en\/event\/v-congres-dexperiencia-del-pacient\/#primaryimage","url":"https:\/\/ticsalutsocial.atoom.space\/wp-content\/uploads\/2024\/01\/conferencia.png","contentUrl":"https:\/\/ticsalutsocial.atoom.space\/wp-content\/uploads\/2024\/01\/conferencia.png","width":1469,"height":421},{"@type":"BreadcrumbList","@id":"https:\/\/ticsalutsocial.atoom.space\/en\/event\/v-congres-dexperiencia-del-pacient\/#breadcrumb","itemListElement":[{"@type":"ListItem","position":1,"name":"Inici","item":"https:\/\/ticsalutsocial.atoom.space\/en\/"},{"@type":"ListItem","position":2,"name":"V Congr\u00e9s d&#8217;Experi\u00e8ncia del Pacient"}]},{"@type":"WebSite","@id":"https:\/\/ticsalutsocial.atoom.space\/en\/#website","url":"https:\/\/ticsalutsocial.atoom.space\/en\/","name":"Fundaci\u00f3 TIC Salut i Social","description":"","potentialAction":[{"@type":"SearchAction","target":{"@type":"EntryPoint","urlTemplate":"https:\/\/ticsalutsocial.atoom.space\/en\/?s={search_term_string}"},"query-input":{"@type":"PropertyValueSpecification","valueRequired":true,"valueName":"search_term_string"}}],"inLanguage":"en-US"}]}},"_links":{"self":[{"href":"https:\/\/ticsalutsocial.atoom.space\/en\/wp-json\/wp\/v2\/event\/24684","targetHints":{"allow":["GET"]}}],"collection":[{"href":"https:\/\/ticsalutsocial.atoom.space\/en\/wp-json\/wp\/v2\/event"}],"about":[{"href":"https:\/\/ticsalutsocial.atoom.space\/en\/wp-json\/wp\/v2\/types\/event"}],"wp:featuredmedia":[{"embeddable":true,"href":"https:\/\/ticsalutsocial.atoom.space\/en\/wp-json\/wp\/v2\/media\/24682"}],"wp:attachment":[{"href":"https:\/\/ticsalutsocial.atoom.space\/en\/wp-json\/wp\/v2\/media?parent=24684"}],"wp:term":[{"taxonomy":"tipus","embeddable":true,"href":"https:\/\/ticsalutsocial.atoom.space\/en\/wp-json\/wp\/v2\/tipus?post=24684"},{"taxonomy":"topic","embeddable":true,"href":"https:\/\/ticsalutsocial.atoom.space\/en\/wp-json\/wp\/v2\/topic?post=24684"}],"curies":[{"name":"wp","href":"https:\/\/api.w.org\/{rel}","templated":true}]}}

V Congrés d&#8217;Experiència del Pacient

<p>Presentem el <strong>V Congrés d&#8217;Experiència del Pacient</strong>, que s&#8217;ha consolidat com una referència a Espanya al camp de l&#8217;experiència de pacient. Aquest esdeveniment, que es durà a terme el <strong>22 de febrer de 2024</strong> a l&#8217;<strong>Hospital Vall d&#8217;Hebron de Barcelona</strong>, ha aconseguit reunir professionals de la salut, investigadors, pacients i cuidadors per compartir coneixements i experiències relacionades amb la millora de la qualitat de latenció sanitària.</p>



<p>Consulta el programa <a href="https://iexp.es/congreso/quinto-congreso/wp-content/uploads/2016/05/2024_01_11_Programa-V-Congreso-IEXP.pdf" target="_blank" rel="noreferrer noopener">aquí</a>.</p>



<p>Consulta tota la informació sobre l&#8217;esdeveniment <a href="https://iexp.es/congreso/quinto-congreso/" target="_blank" rel="noreferrer noopener">aquí</a>.</p>

<!-- This site is optimized with the Yoast SEO plugin v27.1.1 - https://yoast.com/product/yoast-seo-wordpress/ -->
<title>V Congrés d&#039;Experiència del Pacient - Fundació TIC Salut i Social</title>
<meta name="robots" content="index, follow, max-snippet:-1, max-image-preview:large, max-video-preview:-1" />
<link rel="canonical" href="https://ticsalutsocial.atoom.space/en/event/v-congres-dexperiencia-del-pacient/" />
<meta property="og:locale" content="en_US" />
<meta property="og:type" content="article" />
<meta property="og:title" content="V Congrés d&#039;Experiència del Pacient - Fundació TIC Salut i Social" />
<meta property="og:description" content="Presentem el V Congrés d&#8217;Experiència del Pacient, que s&#8217;ha consolidat com una referència a Espanya al camp de l&#8217;experiència de pacient. Aquest esdeveniment, que es durà a terme el 22 de febrer de 2024 a l&#8217;Hospital Vall d&#8217;Hebron de Barcelona, ha aconseguit reunir professionals de la salut, investigadors, pacients i cuidadors per compartir coneixements i [&hellip;]" />
<meta property="og:url" content="https://ticsalutsocial.atoom.space/en/event/v-congres-dexperiencia-del-pacient/" />
<meta property="og:site_name" content="Fundació TIC Salut i Social" />
<meta property="article:modified_time" content="2024-01-17T10:48:57+00:00" />
<meta property="og:image" content="https://ticsalutsocial.atoom.space/wp-content/uploads/2024/01/conferencia.png" />
	<meta property="og:image:width" content="1469" />
	<meta property="og:image:height" content="421" />
	<meta property="og:image:type" content="image/png" />
<meta name="twitter:card" content="summary_large_image" />
<script type="application/ld+json" class="yoast-schema-graph">{"@context":"https://schema.org","@graph":[{"@type":"WebPage","@id":"https://ticsalutsocial.atoom.space/en/event/v-congres-dexperiencia-del-pacient/","url":"https://ticsalutsocial.atoom.space/en/event/v-congres-dexperiencia-del-pacient/","name":"V Congrés d'Experiència del Pacient - Fundació TIC Salut i Social","isPartOf":{"@id":"https://ticsalutsocial.atoom.space/en/#website"},"primaryImageOfPage":{"@id":"https://ticsalutsocial.atoom.space/en/event/v-congres-dexperiencia-del-pacient/#primaryimage"},"image":{"@id":"https://ticsalutsocial.atoom.space/en/event/v-congres-dexperiencia-del-pacient/#primaryimage"},"thumbnailUrl":"https://ticsalutsocial.atoom.space/wp-content/uploads/2024/01/conferencia.png","datePublished":"2024-01-17T10:46:30+00:00","dateModified":"2024-01-17T10:48:57+00:00","breadcrumb":{"@id":"https://ticsalutsocial.atoom.space/en/event/v-congres-dexperiencia-del-pacient/#breadcrumb"},"inLanguage":"en-US","potentialAction":[{"@type":"ReadAction","target":["https://ticsalutsocial.atoom.space/en/event/v-congres-dexperiencia-del-pacient/"]}]},{"@type":"ImageObject","inLanguage":"en-US","@id":"https://ticsalutsocial.atoom.space/en/event/v-congres-dexperiencia-del-pacient/#primaryimage","url":"https://ticsalutsocial.atoom.space/wp-content/uploads/2024/01/conferencia.png","contentUrl":"https://ticsalutsocial.atoom.space/wp-content/uploads/2024/01/conferencia.png","width":1469,"height":421},{"@type":"BreadcrumbList","@id":"https://ticsalutsocial.atoom.space/en/event/v-congres-dexperiencia-del-pacient/#breadcrumb","itemListElement":[{"@type":"ListItem","position":1,"name":"Inici","item":"https://ticsalutsocial.atoom.space/en/"},{"@type":"ListItem","position":2,"name":"V Congrés d&#8217;Experiència del Pacient"}]},{"@type":"WebSite","@id":"https://ticsalutsocial.atoom.space/en/#website","url":"https://ticsalutsocial.atoom.space/en/","name":"Fundació TIC Salut i Social","description":"","potentialAction":[{"@type":"SearchAction","target":{"@type":"EntryPoint","urlTemplate":"https://ticsalutsocial.atoom.space/en/?s={search_term_string}"},"query-input":{"@type":"PropertyValueSpecification","valueRequired":true,"valueName":"search_term_string"}}],"inLanguage":"en-US"}]}</script>
<!-- / Yoast SEO plugin. -->

V Congrés d'Experiència del Pacient - Fundació TIC Salut i Social

Presentem el V Congrés d&#8217;Experiència del Pacient, que s&#8217;ha consolidat com una referència a Espanya al camp de l&#8217;experiència de pacient. Aquest esdeveniment, que es durà a terme el 22 de febrer de 2024 a l&#8217;Hospital Vall d&#8217;Hebron de Barcelona, ha aconseguit reunir professionals de la salut, investigadors, pacients i cuidadors per compartir coneixements i [&hellip;]

Fundació TIC Salut i Social
