
{"id":26006,"date":"2024-03-20T16:28:18","date_gmt":"2024-03-20T14:28:18","guid":{"rendered":"https:\/\/ticsalutsocial.atoom.space\/event\/4a-edicio-del-congres-de-competencies-digitals\/"},"modified":"2024-04-03T09:35:36","modified_gmt":"2024-04-03T07:35:36","slug":"4a-edicio-del-congres-de-competencies-digitals","status":"publish","type":"event","link":"https:\/\/ticsalutsocial.atoom.space\/en\/event\/4a-edicio-del-congres-de-competencies-digitals\/","title":{"rendered":"4th Edition of the Congress of Digital Skills"},"content":{"rendered":"\n<p>On <strong>April 10, 2024<\/strong>, the Cibern\u00e0rium de Barcelona Activa will host the fourth edition of the Digital Skills Congress, which this year is articulated under the motto &#8220;<strong>Digital autonomy throughout life<\/strong>&#8220;. The event, which in this edition will have a hybrid format, will also have different methodological and technological virtual workshops scheduled during the week of the congress.<\/p>\n\n\n\n<p>The <a href=\"https:\/\/actic.gencat.cat\/ca\/congres\/programa\/\" target=\"_blank\" rel=\"noreferrer noopener\">program <\/a>includes face-to-face lectures and round tables, as well as different <a href=\"https:\/\/actic.gencat.cat\/ca\/congres\/tallers\/\">practical and virtual workshops.<\/a><\/p>\n\n\n\n<p>The Digital Skills Congress is a joint initiative of the Department of Business and Work of the Government of Catalonia, Barcelona Activa, Blanquerna &#8211; Universitat Ramon Llull and the Open University of Catalonia. This edition is supported by Eurecat.<\/p>\n\n\n\n<p>Elisenda Reixach, head of Medical Imaging and Training at the Foundation, will talk about how to improve the digital skills of health professionals.<\/p>\n\n\n\n<p>Check the program <a href=\"https:\/\/actic.gencat.cat\/ca\/congres\/programa\/\" target=\"_blank\" rel=\"noreferrer noopener\">here<\/a>.<\/p>\n","protected":false},"featured_media":26004,"menu_order":0,"template":"","meta":{"_acf_changed":false,"inline_featured_image":false},"tipus":[],"topic":[],"class_list":["post-26006","event","type-event","status-publish","has-post-thumbnail","hentry"],"acf":{"imatge":26004,"informacio":{"ubicacio":"Cibern\u00e0rium de Barcelona","data":"10\/04\/2024","hora":"","preu":"","inscripcions":"https:\/\/cibernarium.barcelonactiva.cat\/web\/guest\/ficha-actividad?activityId=1314175"},"programa":{"titol":"","items":false},"documents":false},"yoast_head":"<!-- This site is optimized with the Yoast SEO plugin v27.1.1 - https:\/\/yoast.com\/product\/yoast-seo-wordpress\/ -->\n<title>4th Edition of the Congress of Digital Skills - Fundaci\u00f3 TIC Salut i Social<\/title>\n<meta name=\"description\" content=\"La 4a edici\u00f3 del Congr\u00e9s de Compet\u00e8ncies Digitals ser\u00e0 el 10 d\u2019abril de 2024, i es realitzar\u00e0 en format h\u00edbrid.\" \/>\n<meta name=\"robots\" content=\"index, follow, max-snippet:-1, max-image-preview:large, max-video-preview:-1\" \/>\n<link rel=\"canonical\" href=\"https:\/\/ticsalutsocial.atoom.space\/en\/event\/4a-edicio-del-congres-de-competencies-digitals\/\" \/>\n<meta property=\"og:locale\" content=\"en_US\" \/>\n<meta property=\"og:type\" content=\"article\" \/>\n<meta property=\"og:title\" content=\"4th Edition of the Congress of Digital Skills - Fundaci\u00f3 TIC Salut i Social\" \/>\n<meta property=\"og:description\" content=\"La 4a edici\u00f3 del Congr\u00e9s de Compet\u00e8ncies Digitals ser\u00e0 el 10 d\u2019abril de 2024, i es realitzar\u00e0 en format h\u00edbrid.\" \/>\n<meta property=\"og:url\" content=\"https:\/\/ticsalutsocial.atoom.space\/en\/event\/4a-edicio-del-congres-de-competencies-digitals\/\" \/>\n<meta property=\"og:site_name\" content=\"Fundaci\u00f3 TIC Salut i Social\" \/>\n<meta property=\"article:modified_time\" content=\"2024-04-03T07:35:36+00:00\" \/>\n<meta property=\"og:image\" content=\"https:\/\/ticsalutsocial.atoom.space\/wp-content\/uploads\/2024\/03\/23-TWITTER-1200X627-CAT-scaled.jpg\" \/>\n\t<meta property=\"og:image:width\" content=\"2560\" \/>\n\t<meta property=\"og:image:height\" content=\"1440\" \/>\n\t<meta property=\"og:image:type\" content=\"image\/jpeg\" \/>\n<meta name=\"twitter:card\" content=\"summary_large_image\" \/>\n<meta name=\"twitter:label1\" content=\"Est. reading time\" \/>\n\t<meta name=\"twitter:data1\" content=\"1 minute\" \/>\n<script type=\"application\/ld+json\" class=\"yoast-schema-graph\">{\"@context\":\"https:\/\/schema.org\",\"@graph\":[{\"@type\":\"WebPage\",\"@id\":\"https:\/\/ticsalutsocial.atoom.space\/en\/event\/4a-edicio-del-congres-de-competencies-digitals\/\",\"url\":\"https:\/\/ticsalutsocial.atoom.space\/en\/event\/4a-edicio-del-congres-de-competencies-digitals\/\",\"name\":\"4th Edition of the Congress of Digital Skills - Fundaci\u00f3 TIC Salut i Social\",\"isPartOf\":{\"@id\":\"https:\/\/ticsalutsocial.atoom.space\/en\/#website\"},\"primaryImageOfPage\":{\"@id\":\"https:\/\/ticsalutsocial.atoom.space\/en\/event\/4a-edicio-del-congres-de-competencies-digitals\/#primaryimage\"},\"image\":{\"@id\":\"https:\/\/ticsalutsocial.atoom.space\/en\/event\/4a-edicio-del-congres-de-competencies-digitals\/#primaryimage\"},\"thumbnailUrl\":\"https:\/\/ticsalutsocial.atoom.space\/wp-content\/uploads\/2024\/03\/23-TWITTER-1200X627-CAT-scaled.jpg\",\"datePublished\":\"2024-03-20T14:28:18+00:00\",\"dateModified\":\"2024-04-03T07:35:36+00:00\",\"description\":\"La 4a edici\u00f3 del Congr\u00e9s de Compet\u00e8ncies Digitals ser\u00e0 el 10 d\u2019abril de 2024, i es realitzar\u00e0 en format h\u00edbrid.\",\"breadcrumb\":{\"@id\":\"https:\/\/ticsalutsocial.atoom.space\/en\/event\/4a-edicio-del-congres-de-competencies-digitals\/#breadcrumb\"},\"inLanguage\":\"en-US\",\"potentialAction\":[{\"@type\":\"ReadAction\",\"target\":[\"https:\/\/ticsalutsocial.atoom.space\/en\/event\/4a-edicio-del-congres-de-competencies-digitals\/\"]}]},{\"@type\":\"ImageObject\",\"inLanguage\":\"en-US\",\"@id\":\"https:\/\/ticsalutsocial.atoom.space\/en\/event\/4a-edicio-del-congres-de-competencies-digitals\/#primaryimage\",\"url\":\"https:\/\/ticsalutsocial.atoom.space\/wp-content\/uploads\/2024\/03\/23-TWITTER-1200X627-CAT-scaled.jpg\",\"contentUrl\":\"https:\/\/ticsalutsocial.atoom.space\/wp-content\/uploads\/2024\/03\/23-TWITTER-1200X627-CAT-scaled.jpg\",\"width\":2560,\"height\":1440,\"caption\":\"4a Edici\u00f3 del Congr\u00e9s de Compet\u00e8ncies Digitals\"},{\"@type\":\"BreadcrumbList\",\"@id\":\"https:\/\/ticsalutsocial.atoom.space\/en\/event\/4a-edicio-del-congres-de-competencies-digitals\/#breadcrumb\",\"itemListElement\":[{\"@type\":\"ListItem\",\"position\":1,\"name\":\"Inici\",\"item\":\"https:\/\/ticsalutsocial.atoom.space\/en\/\"},{\"@type\":\"ListItem\",\"position\":2,\"name\":\"4th Edition of the Congress of Digital Skills\"}]},{\"@type\":\"WebSite\",\"@id\":\"https:\/\/ticsalutsocial.atoom.space\/en\/#website\",\"url\":\"https:\/\/ticsalutsocial.atoom.space\/en\/\",\"name\":\"Fundaci\u00f3 TIC Salut i Social\",\"description\":\"\",\"potentialAction\":[{\"@type\":\"SearchAction\",\"target\":{\"@type\":\"EntryPoint\",\"urlTemplate\":\"https:\/\/ticsalutsocial.atoom.space\/en\/?s={search_term_string}\"},\"query-input\":{\"@type\":\"PropertyValueSpecification\",\"valueRequired\":true,\"valueName\":\"search_term_string\"}}],\"inLanguage\":\"en-US\"}]}<\/script>\n<!-- \/ Yoast SEO plugin. -->","yoast_head_json":{"title":"4th Edition of the Congress of Digital Skills - Fundaci\u00f3 TIC Salut i Social","description":"La 4a edici\u00f3 del Congr\u00e9s de Compet\u00e8ncies Digitals ser\u00e0 el 10 d\u2019abril de 2024, i es realitzar\u00e0 en format h\u00edbrid.","robots":{"index":"index","follow":"follow","max-snippet":"max-snippet:-1","max-image-preview":"max-image-preview:large","max-video-preview":"max-video-preview:-1"},"canonical":"https:\/\/ticsalutsocial.atoom.space\/en\/event\/4a-edicio-del-congres-de-competencies-digitals\/","og_locale":"en_US","og_type":"article","og_title":"4th Edition of the Congress of Digital Skills - Fundaci\u00f3 TIC Salut i Social","og_description":"La 4a edici\u00f3 del Congr\u00e9s de Compet\u00e8ncies Digitals ser\u00e0 el 10 d\u2019abril de 2024, i es realitzar\u00e0 en format h\u00edbrid.","og_url":"https:\/\/ticsalutsocial.atoom.space\/en\/event\/4a-edicio-del-congres-de-competencies-digitals\/","og_site_name":"Fundaci\u00f3 TIC Salut i Social","article_modified_time":"2024-04-03T07:35:36+00:00","og_image":[{"width":2560,"height":1440,"url":"https:\/\/ticsalutsocial.atoom.space\/wp-content\/uploads\/2024\/03\/23-TWITTER-1200X627-CAT-scaled.jpg","type":"image\/jpeg"}],"twitter_card":"summary_large_image","twitter_misc":{"Est. reading time":"1 minute"},"schema":{"@context":"https:\/\/schema.org","@graph":[{"@type":"WebPage","@id":"https:\/\/ticsalutsocial.atoom.space\/en\/event\/4a-edicio-del-congres-de-competencies-digitals\/","url":"https:\/\/ticsalutsocial.atoom.space\/en\/event\/4a-edicio-del-congres-de-competencies-digitals\/","name":"4th Edition of the Congress of Digital Skills - Fundaci\u00f3 TIC Salut i Social","isPartOf":{"@id":"https:\/\/ticsalutsocial.atoom.space\/en\/#website"},"primaryImageOfPage":{"@id":"https:\/\/ticsalutsocial.atoom.space\/en\/event\/4a-edicio-del-congres-de-competencies-digitals\/#primaryimage"},"image":{"@id":"https:\/\/ticsalutsocial.atoom.space\/en\/event\/4a-edicio-del-congres-de-competencies-digitals\/#primaryimage"},"thumbnailUrl":"https:\/\/ticsalutsocial.atoom.space\/wp-content\/uploads\/2024\/03\/23-TWITTER-1200X627-CAT-scaled.jpg","datePublished":"2024-03-20T14:28:18+00:00","dateModified":"2024-04-03T07:35:36+00:00","description":"La 4a edici\u00f3 del Congr\u00e9s de Compet\u00e8ncies Digitals ser\u00e0 el 10 d\u2019abril de 2024, i es realitzar\u00e0 en format h\u00edbrid.","breadcrumb":{"@id":"https:\/\/ticsalutsocial.atoom.space\/en\/event\/4a-edicio-del-congres-de-competencies-digitals\/#breadcrumb"},"inLanguage":"en-US","potentialAction":[{"@type":"ReadAction","target":["https:\/\/ticsalutsocial.atoom.space\/en\/event\/4a-edicio-del-congres-de-competencies-digitals\/"]}]},{"@type":"ImageObject","inLanguage":"en-US","@id":"https:\/\/ticsalutsocial.atoom.space\/en\/event\/4a-edicio-del-congres-de-competencies-digitals\/#primaryimage","url":"https:\/\/ticsalutsocial.atoom.space\/wp-content\/uploads\/2024\/03\/23-TWITTER-1200X627-CAT-scaled.jpg","contentUrl":"https:\/\/ticsalutsocial.atoom.space\/wp-content\/uploads\/2024\/03\/23-TWITTER-1200X627-CAT-scaled.jpg","width":2560,"height":1440,"caption":"4a Edici\u00f3 del Congr\u00e9s de Compet\u00e8ncies Digitals"},{"@type":"BreadcrumbList","@id":"https:\/\/ticsalutsocial.atoom.space\/en\/event\/4a-edicio-del-congres-de-competencies-digitals\/#breadcrumb","itemListElement":[{"@type":"ListItem","position":1,"name":"Inici","item":"https:\/\/ticsalutsocial.atoom.space\/en\/"},{"@type":"ListItem","position":2,"name":"4th Edition of the Congress of Digital Skills"}]},{"@type":"WebSite","@id":"https:\/\/ticsalutsocial.atoom.space\/en\/#website","url":"https:\/\/ticsalutsocial.atoom.space\/en\/","name":"Fundaci\u00f3 TIC Salut i Social","description":"","potentialAction":[{"@type":"SearchAction","target":{"@type":"EntryPoint","urlTemplate":"https:\/\/ticsalutsocial.atoom.space\/en\/?s={search_term_string}"},"query-input":{"@type":"PropertyValueSpecification","valueRequired":true,"valueName":"search_term_string"}}],"inLanguage":"en-US"}]}},"_links":{"self":[{"href":"https:\/\/ticsalutsocial.atoom.space\/en\/wp-json\/wp\/v2\/event\/26006","targetHints":{"allow":["GET"]}}],"collection":[{"href":"https:\/\/ticsalutsocial.atoom.space\/en\/wp-json\/wp\/v2\/event"}],"about":[{"href":"https:\/\/ticsalutsocial.atoom.space\/en\/wp-json\/wp\/v2\/types\/event"}],"wp:featuredmedia":[{"embeddable":true,"href":"https:\/\/ticsalutsocial.atoom.space\/en\/wp-json\/wp\/v2\/media\/26004"}],"wp:attachment":[{"href":"https:\/\/ticsalutsocial.atoom.space\/en\/wp-json\/wp\/v2\/media?parent=26006"}],"wp:term":[{"taxonomy":"tipus","embeddable":true,"href":"https:\/\/ticsalutsocial.atoom.space\/en\/wp-json\/wp\/v2\/tipus?post=26006"},{"taxonomy":"topic","embeddable":true,"href":"https:\/\/ticsalutsocial.atoom.space\/en\/wp-json\/wp\/v2\/topic?post=26006"}],"curies":[{"name":"wp","href":"https:\/\/api.w.org\/{rel}","templated":true}]}}

<p>On <strong>April 10, 2024</strong>, the Cibernàrium de Barcelona Activa will host the fourth edition of the Digital Skills Congress, which this year is articulated under the motto &#8220;<strong>Digital autonomy throughout life</strong>&#8220;. The event, which in this edition will have a hybrid format, will also have different methodological and technological virtual workshops scheduled during the week of the congress.</p>



<p>The <a href="https://actic.gencat.cat/ca/congres/programa/" target="_blank" rel="noreferrer noopener">program </a>includes face-to-face lectures and round tables, as well as different <a href="https://actic.gencat.cat/ca/congres/tallers/">practical and virtual workshops.</a></p>



<p>The Digital Skills Congress is a joint initiative of the Department of Business and Work of the Government of Catalonia, Barcelona Activa, Blanquerna &#8211; Universitat Ramon Llull and the Open University of Catalonia. This edition is supported by Eurecat.</p>



<p>Elisenda Reixach, head of Medical Imaging and Training at the Foundation, will talk about how to improve the digital skills of health professionals.</p>



<p>Check the program <a href="https://actic.gencat.cat/ca/congres/programa/" target="_blank" rel="noreferrer noopener">here</a>.</p>

Cibernàrium de Barcelona

<!-- This site is optimized with the Yoast SEO plugin v27.1.1 - https://yoast.com/product/yoast-seo-wordpress/ -->
<title>4th Edition of the Congress of Digital Skills - Fundació TIC Salut i Social</title>
<meta name="description" content="La 4a edició del Congrés de Competències Digitals serà el 10 d’abril de 2024, i es realitzarà en format híbrid." />
<meta name="robots" content="index, follow, max-snippet:-1, max-image-preview:large, max-video-preview:-1" />
<link rel="canonical" href="https://ticsalutsocial.atoom.space/en/event/4a-edicio-del-congres-de-competencies-digitals/" />
<meta property="og:locale" content="en_US" />
<meta property="og:type" content="article" />
<meta property="og:title" content="4th Edition of the Congress of Digital Skills - Fundació TIC Salut i Social" />
<meta property="og:description" content="La 4a edició del Congrés de Competències Digitals serà el 10 d’abril de 2024, i es realitzarà en format híbrid." />
<meta property="og:url" content="https://ticsalutsocial.atoom.space/en/event/4a-edicio-del-congres-de-competencies-digitals/" />
<meta property="og:site_name" content="Fundació TIC Salut i Social" />
<meta property="article:modified_time" content="2024-04-03T07:35:36+00:00" />
<meta property="og:image" content="https://ticsalutsocial.atoom.space/wp-content/uploads/2024/03/23-TWITTER-1200X627-CAT-scaled.jpg" />
	<meta property="og:image:width" content="2560" />
	<meta property="og:image:height" content="1440" />
	<meta property="og:image:type" content="image/jpeg" />
<meta name="twitter:card" content="summary_large_image" />
<meta name="twitter:label1" content="Est. reading time" />
	<meta name="twitter:data1" content="1 minute" />
<script type="application/ld+json" class="yoast-schema-graph">{"@context":"https://schema.org","@graph":[{"@type":"WebPage","@id":"https://ticsalutsocial.atoom.space/en/event/4a-edicio-del-congres-de-competencies-digitals/","url":"https://ticsalutsocial.atoom.space/en/event/4a-edicio-del-congres-de-competencies-digitals/","name":"4th Edition of the Congress of Digital Skills - Fundació TIC Salut i Social","isPartOf":{"@id":"https://ticsalutsocial.atoom.space/en/#website"},"primaryImageOfPage":{"@id":"https://ticsalutsocial.atoom.space/en/event/4a-edicio-del-congres-de-competencies-digitals/#primaryimage"},"image":{"@id":"https://ticsalutsocial.atoom.space/en/event/4a-edicio-del-congres-de-competencies-digitals/#primaryimage"},"thumbnailUrl":"https://ticsalutsocial.atoom.space/wp-content/uploads/2024/03/23-TWITTER-1200X627-CAT-scaled.jpg","datePublished":"2024-03-20T14:28:18+00:00","dateModified":"2024-04-03T07:35:36+00:00","description":"La 4a edició del Congrés de Competències Digitals serà el 10 d’abril de 2024, i es realitzarà en format híbrid.","breadcrumb":{"@id":"https://ticsalutsocial.atoom.space/en/event/4a-edicio-del-congres-de-competencies-digitals/#breadcrumb"},"inLanguage":"en-US","potentialAction":[{"@type":"ReadAction","target":["https://ticsalutsocial.atoom.space/en/event/4a-edicio-del-congres-de-competencies-digitals/"]}]},{"@type":"ImageObject","inLanguage":"en-US","@id":"https://ticsalutsocial.atoom.space/en/event/4a-edicio-del-congres-de-competencies-digitals/#primaryimage","url":"https://ticsalutsocial.atoom.space/wp-content/uploads/2024/03/23-TWITTER-1200X627-CAT-scaled.jpg","contentUrl":"https://ticsalutsocial.atoom.space/wp-content/uploads/2024/03/23-TWITTER-1200X627-CAT-scaled.jpg","width":2560,"height":1440,"caption":"4a Edició del Congrés de Competències Digitals"},{"@type":"BreadcrumbList","@id":"https://ticsalutsocial.atoom.space/en/event/4a-edicio-del-congres-de-competencies-digitals/#breadcrumb","itemListElement":[{"@type":"ListItem","position":1,"name":"Inici","item":"https://ticsalutsocial.atoom.space/en/"},{"@type":"ListItem","position":2,"name":"4th Edition of the Congress of Digital Skills"}]},{"@type":"WebSite","@id":"https://ticsalutsocial.atoom.space/en/#website","url":"https://ticsalutsocial.atoom.space/en/","name":"Fundació TIC Salut i Social","description":"","potentialAction":[{"@type":"SearchAction","target":{"@type":"EntryPoint","urlTemplate":"https://ticsalutsocial.atoom.space/en/?s={search_term_string}"},"query-input":{"@type":"PropertyValueSpecification","valueRequired":true,"valueName":"search_term_string"}}],"inLanguage":"en-US"}]}</script>
<!-- / Yoast SEO plugin. -->

4th Edition of the Congress of Digital Skills - Fundació TIC Salut i Social

La 4a edició del Congrés de Competències Digitals serà el 10 d’abril de 2024, i es realitzarà en format híbrid.

Fundació TIC Salut i Social

4a Edició del Congrés de Competències Digitals
