
{"id":26161,"date":"2024-04-04T15:22:50","date_gmt":"2024-04-04T13:22:50","guid":{"rendered":"https:\/\/ticsalutsocial.atoom.space\/?post_type=event&#038;p=26161"},"modified":"2024-04-04T15:22:53","modified_gmt":"2024-04-04T13:22:53","slug":"dimarts-de-ciencia-i-tecnologia-2024","status":"publish","type":"event","link":"https:\/\/ticsalutsocial.atoom.space\/en\/event\/dimarts-de-ciencia-i-tecnologia-2024\/","title":{"rendered":"Dimarts de ci\u00e8ncia i tecnologia 2024"},"content":{"rendered":"\n<p>El <strong>16 d&#8217;abril <\/strong>se celebra el <strong><em>Dimarts de ci\u00e8ncia i tecnologia 2024: Dades m\u00e8diques, intel\u00b7lig\u00e8ncia artificial i salut digital<\/em><\/strong> a la <strong>Sala Pere i Joan Coromines de l&#8217;Institut d&#8217;Estudis Catalans<\/strong>. Es podr\u00e0 seguir a trav\u00e9s de Zoom o YouTube.<\/p>\n\n\n\n<p>Cada segon, en el m\u00f3n, els serveis d\u2019assist\u00e8ncia m\u00e8dica recullen milions de dades dels pacients que es visiten i que s\u00f3n tractats.<\/p>\n","protected":false},"featured_media":26159,"menu_order":0,"template":"","meta":{"_acf_changed":true,"inline_featured_image":false},"tipus":[],"topic":[],"class_list":["post-26161","event","type-event","status-publish","has-post-thumbnail","hentry"],"acf":{"informacio":{"ubicacio":"Sala Pere i Joan Coromines de l'Institut d'Estudis Catalans","data":"16\/04\/2024","hora":"","preu":"","inscripcions":"https:\/\/secct.iec.cat\/dimartsciencia\/"},"programa":{"titol":"Programa","items":[{"titol":"\u00abDades en salut: passat, present i futur\u00bb","contingut":"Jordi Piera,\u00a0director de l\u2019Oficina d\u2019Estrat\u00e8gia de Salut Digital, Servei Catal\u00e0 de la Salut."},{"titol":"\u00abSi no ho podem mesurar, no ho podem gestionar: \u00fas de les dades m\u00e8diques m\u00e9s enll\u00e0 de la consulta\u00bb","contingut":"Gerard Carod,\u00a0investigador i coordinador del grup de recerca DS3 al Servei Catal\u00e0 de la Salut."},{"titol":"\u00abIntel\u00b7lig\u00e8ncia artificial en medicina: realitat en el primer quart del segle XXI i perspectives de futur\u00bb","contingut":"Hugo Herrero,\u00a0Hospital Bogenhausen de M\u00fanic i Alma Medical Imaging, Barcelona."},{"titol":"\u00abEls Bessons Digitals\u00a0(digital twins) amb ordinadors molt potents\u00bb","contingut":"Christopher Morton,\u00a0CEO d\u2019Elem Biotech SL, Barcelona."}]},"imatge":26159},"yoast_head":"<!-- This site is optimized with the Yoast SEO plugin v27.1.1 - https:\/\/yoast.com\/product\/yoast-seo-wordpress\/ -->\n<title>Dimarts de ci\u00e8ncia i tecnologia 2024 - Fundaci\u00f3 TIC Salut i Social<\/title>\n<meta name=\"robots\" content=\"index, follow, max-snippet:-1, max-image-preview:large, max-video-preview:-1\" \/>\n<link rel=\"canonical\" href=\"https:\/\/ticsalutsocial.atoom.space\/en\/event\/dimarts-de-ciencia-i-tecnologia-2024\/\" \/>\n<meta property=\"og:locale\" content=\"en_US\" \/>\n<meta property=\"og:type\" content=\"article\" \/>\n<meta property=\"og:title\" content=\"Dimarts de ci\u00e8ncia i tecnologia 2024 - Fundaci\u00f3 TIC Salut i Social\" \/>\n<meta property=\"og:description\" content=\"El 16 d&#8217;abril se celebra el Dimarts de ci\u00e8ncia i tecnologia 2024: Dades m\u00e8diques, intel\u00b7lig\u00e8ncia artificial i salut digital a la Sala Pere i Joan Coromines de l&#8217;Institut d&#8217;Estudis Catalans. Es podr\u00e0 seguir a trav\u00e9s de Zoom o YouTube. Cada segon, en el m\u00f3n, els serveis d\u2019assist\u00e8ncia m\u00e8dica recullen milions de dades dels pacients que [&hellip;]\" \/>\n<meta property=\"og:url\" content=\"https:\/\/ticsalutsocial.atoom.space\/en\/event\/dimarts-de-ciencia-i-tecnologia-2024\/\" \/>\n<meta property=\"og:site_name\" content=\"Fundaci\u00f3 TIC Salut i Social\" \/>\n<meta property=\"article:modified_time\" content=\"2024-04-04T13:22:53+00:00\" \/>\n<meta name=\"twitter:card\" content=\"summary_large_image\" \/>\n<script type=\"application\/ld+json\" class=\"yoast-schema-graph\">{\"@context\":\"https:\/\/schema.org\",\"@graph\":[{\"@type\":\"WebPage\",\"@id\":\"https:\/\/ticsalutsocial.atoom.space\/en\/event\/dimarts-de-ciencia-i-tecnologia-2024\/\",\"url\":\"https:\/\/ticsalutsocial.atoom.space\/en\/event\/dimarts-de-ciencia-i-tecnologia-2024\/\",\"name\":\"Dimarts de ci\u00e8ncia i tecnologia 2024 - Fundaci\u00f3 TIC Salut i Social\",\"isPartOf\":{\"@id\":\"https:\/\/ticsalutsocial.atoom.space\/en\/#website\"},\"primaryImageOfPage\":{\"@id\":\"https:\/\/ticsalutsocial.atoom.space\/en\/event\/dimarts-de-ciencia-i-tecnologia-2024\/#primaryimage\"},\"image\":{\"@id\":\"https:\/\/ticsalutsocial.atoom.space\/en\/event\/dimarts-de-ciencia-i-tecnologia-2024\/#primaryimage\"},\"thumbnailUrl\":\"https:\/\/ticsalutsocial.atoom.space\/wp-content\/uploads\/2024\/04\/iec.png\",\"datePublished\":\"2024-04-04T13:22:50+00:00\",\"dateModified\":\"2024-04-04T13:22:53+00:00\",\"breadcrumb\":{\"@id\":\"https:\/\/ticsalutsocial.atoom.space\/en\/event\/dimarts-de-ciencia-i-tecnologia-2024\/#breadcrumb\"},\"inLanguage\":\"en-US\",\"potentialAction\":[{\"@type\":\"ReadAction\",\"target\":[\"https:\/\/ticsalutsocial.atoom.space\/en\/event\/dimarts-de-ciencia-i-tecnologia-2024\/\"]}]},{\"@type\":\"ImageObject\",\"inLanguage\":\"en-US\",\"@id\":\"https:\/\/ticsalutsocial.atoom.space\/en\/event\/dimarts-de-ciencia-i-tecnologia-2024\/#primaryimage\",\"url\":\"https:\/\/ticsalutsocial.atoom.space\/wp-content\/uploads\/2024\/04\/iec.png\",\"contentUrl\":\"https:\/\/ticsalutsocial.atoom.space\/wp-content\/uploads\/2024\/04\/iec.png\",\"width\":1633,\"height\":653},{\"@type\":\"BreadcrumbList\",\"@id\":\"https:\/\/ticsalutsocial.atoom.space\/en\/event\/dimarts-de-ciencia-i-tecnologia-2024\/#breadcrumb\",\"itemListElement\":[{\"@type\":\"ListItem\",\"position\":1,\"name\":\"Inici\",\"item\":\"https:\/\/ticsalutsocial.atoom.space\/en\/\"},{\"@type\":\"ListItem\",\"position\":2,\"name\":\"Dimarts de ci\u00e8ncia i tecnologia 2024\"}]},{\"@type\":\"WebSite\",\"@id\":\"https:\/\/ticsalutsocial.atoom.space\/en\/#website\",\"url\":\"https:\/\/ticsalutsocial.atoom.space\/en\/\",\"name\":\"Fundaci\u00f3 TIC Salut i Social\",\"description\":\"\",\"potentialAction\":[{\"@type\":\"SearchAction\",\"target\":{\"@type\":\"EntryPoint\",\"urlTemplate\":\"https:\/\/ticsalutsocial.atoom.space\/en\/?s={search_term_string}\"},\"query-input\":{\"@type\":\"PropertyValueSpecification\",\"valueRequired\":true,\"valueName\":\"search_term_string\"}}],\"inLanguage\":\"en-US\"}]}<\/script>\n<!-- \/ Yoast SEO plugin. -->","yoast_head_json":{"title":"Dimarts de ci\u00e8ncia i tecnologia 2024 - Fundaci\u00f3 TIC Salut i Social","robots":{"index":"index","follow":"follow","max-snippet":"max-snippet:-1","max-image-preview":"max-image-preview:large","max-video-preview":"max-video-preview:-1"},"canonical":"https:\/\/ticsalutsocial.atoom.space\/en\/event\/dimarts-de-ciencia-i-tecnologia-2024\/","og_locale":"en_US","og_type":"article","og_title":"Dimarts de ci\u00e8ncia i tecnologia 2024 - Fundaci\u00f3 TIC Salut i Social","og_description":"El 16 d&#8217;abril se celebra el Dimarts de ci\u00e8ncia i tecnologia 2024: Dades m\u00e8diques, intel\u00b7lig\u00e8ncia artificial i salut digital a la Sala Pere i Joan Coromines de l&#8217;Institut d&#8217;Estudis Catalans. Es podr\u00e0 seguir a trav\u00e9s de Zoom o YouTube. Cada segon, en el m\u00f3n, els serveis d\u2019assist\u00e8ncia m\u00e8dica recullen milions de dades dels pacients que [&hellip;]","og_url":"https:\/\/ticsalutsocial.atoom.space\/en\/event\/dimarts-de-ciencia-i-tecnologia-2024\/","og_site_name":"Fundaci\u00f3 TIC Salut i Social","article_modified_time":"2024-04-04T13:22:53+00:00","twitter_card":"summary_large_image","schema":{"@context":"https:\/\/schema.org","@graph":[{"@type":"WebPage","@id":"https:\/\/ticsalutsocial.atoom.space\/en\/event\/dimarts-de-ciencia-i-tecnologia-2024\/","url":"https:\/\/ticsalutsocial.atoom.space\/en\/event\/dimarts-de-ciencia-i-tecnologia-2024\/","name":"Dimarts de ci\u00e8ncia i tecnologia 2024 - Fundaci\u00f3 TIC Salut i Social","isPartOf":{"@id":"https:\/\/ticsalutsocial.atoom.space\/en\/#website"},"primaryImageOfPage":{"@id":"https:\/\/ticsalutsocial.atoom.space\/en\/event\/dimarts-de-ciencia-i-tecnologia-2024\/#primaryimage"},"image":{"@id":"https:\/\/ticsalutsocial.atoom.space\/en\/event\/dimarts-de-ciencia-i-tecnologia-2024\/#primaryimage"},"thumbnailUrl":"https:\/\/ticsalutsocial.atoom.space\/wp-content\/uploads\/2024\/04\/iec.png","datePublished":"2024-04-04T13:22:50+00:00","dateModified":"2024-04-04T13:22:53+00:00","breadcrumb":{"@id":"https:\/\/ticsalutsocial.atoom.space\/en\/event\/dimarts-de-ciencia-i-tecnologia-2024\/#breadcrumb"},"inLanguage":"en-US","potentialAction":[{"@type":"ReadAction","target":["https:\/\/ticsalutsocial.atoom.space\/en\/event\/dimarts-de-ciencia-i-tecnologia-2024\/"]}]},{"@type":"ImageObject","inLanguage":"en-US","@id":"https:\/\/ticsalutsocial.atoom.space\/en\/event\/dimarts-de-ciencia-i-tecnologia-2024\/#primaryimage","url":"https:\/\/ticsalutsocial.atoom.space\/wp-content\/uploads\/2024\/04\/iec.png","contentUrl":"https:\/\/ticsalutsocial.atoom.space\/wp-content\/uploads\/2024\/04\/iec.png","width":1633,"height":653},{"@type":"BreadcrumbList","@id":"https:\/\/ticsalutsocial.atoom.space\/en\/event\/dimarts-de-ciencia-i-tecnologia-2024\/#breadcrumb","itemListElement":[{"@type":"ListItem","position":1,"name":"Inici","item":"https:\/\/ticsalutsocial.atoom.space\/en\/"},{"@type":"ListItem","position":2,"name":"Dimarts de ci\u00e8ncia i tecnologia 2024"}]},{"@type":"WebSite","@id":"https:\/\/ticsalutsocial.atoom.space\/en\/#website","url":"https:\/\/ticsalutsocial.atoom.space\/en\/","name":"Fundaci\u00f3 TIC Salut i Social","description":"","potentialAction":[{"@type":"SearchAction","target":{"@type":"EntryPoint","urlTemplate":"https:\/\/ticsalutsocial.atoom.space\/en\/?s={search_term_string}"},"query-input":{"@type":"PropertyValueSpecification","valueRequired":true,"valueName":"search_term_string"}}],"inLanguage":"en-US"}]}},"_links":{"self":[{"href":"https:\/\/ticsalutsocial.atoom.space\/en\/wp-json\/wp\/v2\/event\/26161","targetHints":{"allow":["GET"]}}],"collection":[{"href":"https:\/\/ticsalutsocial.atoom.space\/en\/wp-json\/wp\/v2\/event"}],"about":[{"href":"https:\/\/ticsalutsocial.atoom.space\/en\/wp-json\/wp\/v2\/types\/event"}],"wp:featuredmedia":[{"embeddable":true,"href":"https:\/\/ticsalutsocial.atoom.space\/en\/wp-json\/wp\/v2\/media\/26159"}],"wp:attachment":[{"href":"https:\/\/ticsalutsocial.atoom.space\/en\/wp-json\/wp\/v2\/media?parent=26161"}],"wp:term":[{"taxonomy":"tipus","embeddable":true,"href":"https:\/\/ticsalutsocial.atoom.space\/en\/wp-json\/wp\/v2\/tipus?post=26161"},{"taxonomy":"topic","embeddable":true,"href":"https:\/\/ticsalutsocial.atoom.space\/en\/wp-json\/wp\/v2\/topic?post=26161"}],"curies":[{"name":"wp","href":"https:\/\/api.w.org\/{rel}","templated":true}]}}

Dimarts de ciència i tecnologia 2024

<p>El <strong>16 d&#8217;abril </strong>se celebra el <strong><em>Dimarts de ciència i tecnologia 2024: Dades mèdiques, intel·ligència artificial i salut digital</em></strong> a la <strong>Sala Pere i Joan Coromines de l&#8217;Institut d&#8217;Estudis Catalans</strong>. Es podrà seguir a través de Zoom o YouTube.</p>



<p>Cada segon, en el món, els serveis d’assistència mèdica recullen milions de dades dels pacients que es visiten i que són tractats.</p>

Jordi Piera, director de l’Oficina d’Estratègia de Salut Digital, Servei Català de la Salut.

«Si no ho podem mesurar, no ho podem gestionar: ús de les dades mèdiques més enllà de la consulta»

Gerard Carod, investigador i coordinador del grup de recerca DS3 al Servei Català de la Salut.

«Intel·ligència artificial en medicina: realitat en el primer quart del segle XXI i perspectives de futur»

Hugo Herrero, Hospital Bogenhausen de Múnic i Alma Medical Imaging, Barcelona.

<!-- This site is optimized with the Yoast SEO plugin v27.1.1 - https://yoast.com/product/yoast-seo-wordpress/ -->
<title>Dimarts de ciència i tecnologia 2024 - Fundació TIC Salut i Social</title>
<meta name="robots" content="index, follow, max-snippet:-1, max-image-preview:large, max-video-preview:-1" />
<link rel="canonical" href="https://ticsalutsocial.atoom.space/en/event/dimarts-de-ciencia-i-tecnologia-2024/" />
<meta property="og:locale" content="en_US" />
<meta property="og:type" content="article" />
<meta property="og:title" content="Dimarts de ciència i tecnologia 2024 - Fundació TIC Salut i Social" />
<meta property="og:description" content="El 16 d&#8217;abril se celebra el Dimarts de ciència i tecnologia 2024: Dades mèdiques, intel·ligència artificial i salut digital a la Sala Pere i Joan Coromines de l&#8217;Institut d&#8217;Estudis Catalans. Es podrà seguir a través de Zoom o YouTube. Cada segon, en el món, els serveis d’assistència mèdica recullen milions de dades dels pacients que [&hellip;]" />
<meta property="og:url" content="https://ticsalutsocial.atoom.space/en/event/dimarts-de-ciencia-i-tecnologia-2024/" />
<meta property="og:site_name" content="Fundació TIC Salut i Social" />
<meta property="article:modified_time" content="2024-04-04T13:22:53+00:00" />
<meta name="twitter:card" content="summary_large_image" />
<script type="application/ld+json" class="yoast-schema-graph">{"@context":"https://schema.org","@graph":[{"@type":"WebPage","@id":"https://ticsalutsocial.atoom.space/en/event/dimarts-de-ciencia-i-tecnologia-2024/","url":"https://ticsalutsocial.atoom.space/en/event/dimarts-de-ciencia-i-tecnologia-2024/","name":"Dimarts de ciència i tecnologia 2024 - Fundació TIC Salut i Social","isPartOf":{"@id":"https://ticsalutsocial.atoom.space/en/#website"},"primaryImageOfPage":{"@id":"https://ticsalutsocial.atoom.space/en/event/dimarts-de-ciencia-i-tecnologia-2024/#primaryimage"},"image":{"@id":"https://ticsalutsocial.atoom.space/en/event/dimarts-de-ciencia-i-tecnologia-2024/#primaryimage"},"thumbnailUrl":"https://ticsalutsocial.atoom.space/wp-content/uploads/2024/04/iec.png","datePublished":"2024-04-04T13:22:50+00:00","dateModified":"2024-04-04T13:22:53+00:00","breadcrumb":{"@id":"https://ticsalutsocial.atoom.space/en/event/dimarts-de-ciencia-i-tecnologia-2024/#breadcrumb"},"inLanguage":"en-US","potentialAction":[{"@type":"ReadAction","target":["https://ticsalutsocial.atoom.space/en/event/dimarts-de-ciencia-i-tecnologia-2024/"]}]},{"@type":"ImageObject","inLanguage":"en-US","@id":"https://ticsalutsocial.atoom.space/en/event/dimarts-de-ciencia-i-tecnologia-2024/#primaryimage","url":"https://ticsalutsocial.atoom.space/wp-content/uploads/2024/04/iec.png","contentUrl":"https://ticsalutsocial.atoom.space/wp-content/uploads/2024/04/iec.png","width":1633,"height":653},{"@type":"BreadcrumbList","@id":"https://ticsalutsocial.atoom.space/en/event/dimarts-de-ciencia-i-tecnologia-2024/#breadcrumb","itemListElement":[{"@type":"ListItem","position":1,"name":"Inici","item":"https://ticsalutsocial.atoom.space/en/"},{"@type":"ListItem","position":2,"name":"Dimarts de ciència i tecnologia 2024"}]},{"@type":"WebSite","@id":"https://ticsalutsocial.atoom.space/en/#website","url":"https://ticsalutsocial.atoom.space/en/","name":"Fundació TIC Salut i Social","description":"","potentialAction":[{"@type":"SearchAction","target":{"@type":"EntryPoint","urlTemplate":"https://ticsalutsocial.atoom.space/en/?s={search_term_string}"},"query-input":{"@type":"PropertyValueSpecification","valueRequired":true,"valueName":"search_term_string"}}],"inLanguage":"en-US"}]}</script>
<!-- / Yoast SEO plugin. -->

Dimarts de ciència i tecnologia 2024 - Fundació TIC Salut i Social

El 16 d&#8217;abril se celebra el Dimarts de ciència i tecnologia 2024: Dades mèdiques, intel·ligència artificial i salut digital a la Sala Pere i Joan Coromines de l&#8217;Institut d&#8217;Estudis Catalans. Es podrà seguir a través de Zoom o YouTube. Cada segon, en el món, els serveis d’assistència mèdica recullen milions de dades dels pacients que [&hellip;]

Fundació TIC Salut i Social
