
{"id":26688,"date":"2024-04-19T10:32:19","date_gmt":"2024-04-19T08:32:19","guid":{"rendered":"https:\/\/ticsalutsocial.atoom.space\/?post_type=event&#038;p=26688"},"modified":"2024-04-19T10:32:22","modified_gmt":"2024-04-19T08:32:22","slug":"jornada-idiapjgol-2024","status":"publish","type":"event","link":"https:\/\/ticsalutsocial.atoom.space\/en\/event\/jornada-idiapjgol-2024\/","title":{"rendered":"Jornada IDIAPJGol 2024"},"content":{"rendered":"\n<p>La jornada IDIAPJGol &#8220;<em><strong>De l\u2019evid\u00e8ncia cient\u00edfica a l\u2019atenci\u00f3 integral: El llegat del Dr. Jordi Gol i Gurina en l\u2019Atenci\u00f3 Prim\u00e0ria&#8221;<\/strong><\/em>, tindr\u00e0 lloc el <strong>16 de maig de 2024 al Tecnocampus de Matar\u00f3<\/strong>.<\/p>\n\n\n\n<p>Consulta el programa <a href=\"https:\/\/www.idiapjgol.org\/index.php\/ca\/formacio\/18-formacio\/jornades\/2347-imatges-jornades-2024\" target=\"_blank\" rel=\"noreferrer noopener\">aqu\u00ed<\/a>.<\/p>\n","protected":false},"featured_media":0,"menu_order":0,"template":"","meta":{"_acf_changed":true,"inline_featured_image":false},"tipus":[],"topic":[],"class_list":["post-26688","event","type-event","status-publish","hentry"],"acf":{"informacio":{"ubicacio":"Tecnocampus de Matar\u00f3","data":"16\/05\/2024","hora":"","preu":"","inscripcions":"https:\/\/www.idiapjgol.org\/index.php\/ca\/formacio?id=621"},"programa":{"titol":"","items":false}},"yoast_head":"<!-- This site is optimized with the Yoast SEO plugin v27.1.1 - https:\/\/yoast.com\/product\/yoast-seo-wordpress\/ -->\n<title>Jornada IDIAPJGol 2024 - Fundaci\u00f3 TIC Salut i Social<\/title>\n<meta name=\"robots\" content=\"index, follow, max-snippet:-1, max-image-preview:large, max-video-preview:-1\" \/>\n<link rel=\"canonical\" href=\"https:\/\/ticsalutsocial.atoom.space\/en\/event\/jornada-idiapjgol-2024\/\" \/>\n<meta property=\"og:locale\" content=\"en_US\" \/>\n<meta property=\"og:type\" content=\"article\" \/>\n<meta property=\"og:title\" content=\"Jornada IDIAPJGol 2024 - Fundaci\u00f3 TIC Salut i Social\" \/>\n<meta property=\"og:description\" content=\"La jornada IDIAPJGol &#8220;De l\u2019evid\u00e8ncia cient\u00edfica a l\u2019atenci\u00f3 integral: El llegat del Dr. Jordi Gol i Gurina en l\u2019Atenci\u00f3 Prim\u00e0ria&#8221;, tindr\u00e0 lloc el 16 de maig de 2024 al Tecnocampus de Matar\u00f3. Consulta el programa aqu\u00ed.\" \/>\n<meta property=\"og:url\" content=\"https:\/\/ticsalutsocial.atoom.space\/en\/event\/jornada-idiapjgol-2024\/\" \/>\n<meta property=\"og:site_name\" content=\"Fundaci\u00f3 TIC Salut i Social\" \/>\n<meta property=\"article:modified_time\" content=\"2024-04-19T08:32:22+00:00\" \/>\n<meta name=\"twitter:card\" content=\"summary_large_image\" \/>\n<script type=\"application\/ld+json\" class=\"yoast-schema-graph\">{\"@context\":\"https:\/\/schema.org\",\"@graph\":[{\"@type\":\"WebPage\",\"@id\":\"https:\/\/ticsalutsocial.atoom.space\/en\/event\/jornada-idiapjgol-2024\/\",\"url\":\"https:\/\/ticsalutsocial.atoom.space\/en\/event\/jornada-idiapjgol-2024\/\",\"name\":\"Jornada IDIAPJGol 2024 - Fundaci\u00f3 TIC Salut i Social\",\"isPartOf\":{\"@id\":\"https:\/\/ticsalutsocial.atoom.space\/en\/#website\"},\"datePublished\":\"2024-04-19T08:32:19+00:00\",\"dateModified\":\"2024-04-19T08:32:22+00:00\",\"breadcrumb\":{\"@id\":\"https:\/\/ticsalutsocial.atoom.space\/en\/event\/jornada-idiapjgol-2024\/#breadcrumb\"},\"inLanguage\":\"en-US\",\"potentialAction\":[{\"@type\":\"ReadAction\",\"target\":[\"https:\/\/ticsalutsocial.atoom.space\/en\/event\/jornada-idiapjgol-2024\/\"]}]},{\"@type\":\"BreadcrumbList\",\"@id\":\"https:\/\/ticsalutsocial.atoom.space\/en\/event\/jornada-idiapjgol-2024\/#breadcrumb\",\"itemListElement\":[{\"@type\":\"ListItem\",\"position\":1,\"name\":\"Inici\",\"item\":\"https:\/\/ticsalutsocial.atoom.space\/en\/\"},{\"@type\":\"ListItem\",\"position\":2,\"name\":\"Jornada IDIAPJGol 2024\"}]},{\"@type\":\"WebSite\",\"@id\":\"https:\/\/ticsalutsocial.atoom.space\/en\/#website\",\"url\":\"https:\/\/ticsalutsocial.atoom.space\/en\/\",\"name\":\"Fundaci\u00f3 TIC Salut i Social\",\"description\":\"\",\"potentialAction\":[{\"@type\":\"SearchAction\",\"target\":{\"@type\":\"EntryPoint\",\"urlTemplate\":\"https:\/\/ticsalutsocial.atoom.space\/en\/?s={search_term_string}\"},\"query-input\":{\"@type\":\"PropertyValueSpecification\",\"valueRequired\":true,\"valueName\":\"search_term_string\"}}],\"inLanguage\":\"en-US\"}]}<\/script>\n<!-- \/ Yoast SEO plugin. -->","yoast_head_json":{"title":"Jornada IDIAPJGol 2024 - Fundaci\u00f3 TIC Salut i Social","robots":{"index":"index","follow":"follow","max-snippet":"max-snippet:-1","max-image-preview":"max-image-preview:large","max-video-preview":"max-video-preview:-1"},"canonical":"https:\/\/ticsalutsocial.atoom.space\/en\/event\/jornada-idiapjgol-2024\/","og_locale":"en_US","og_type":"article","og_title":"Jornada IDIAPJGol 2024 - Fundaci\u00f3 TIC Salut i Social","og_description":"La jornada IDIAPJGol &#8220;De l\u2019evid\u00e8ncia cient\u00edfica a l\u2019atenci\u00f3 integral: El llegat del Dr. Jordi Gol i Gurina en l\u2019Atenci\u00f3 Prim\u00e0ria&#8221;, tindr\u00e0 lloc el 16 de maig de 2024 al Tecnocampus de Matar\u00f3. Consulta el programa aqu\u00ed.","og_url":"https:\/\/ticsalutsocial.atoom.space\/en\/event\/jornada-idiapjgol-2024\/","og_site_name":"Fundaci\u00f3 TIC Salut i Social","article_modified_time":"2024-04-19T08:32:22+00:00","twitter_card":"summary_large_image","schema":{"@context":"https:\/\/schema.org","@graph":[{"@type":"WebPage","@id":"https:\/\/ticsalutsocial.atoom.space\/en\/event\/jornada-idiapjgol-2024\/","url":"https:\/\/ticsalutsocial.atoom.space\/en\/event\/jornada-idiapjgol-2024\/","name":"Jornada IDIAPJGol 2024 - Fundaci\u00f3 TIC Salut i Social","isPartOf":{"@id":"https:\/\/ticsalutsocial.atoom.space\/en\/#website"},"datePublished":"2024-04-19T08:32:19+00:00","dateModified":"2024-04-19T08:32:22+00:00","breadcrumb":{"@id":"https:\/\/ticsalutsocial.atoom.space\/en\/event\/jornada-idiapjgol-2024\/#breadcrumb"},"inLanguage":"en-US","potentialAction":[{"@type":"ReadAction","target":["https:\/\/ticsalutsocial.atoom.space\/en\/event\/jornada-idiapjgol-2024\/"]}]},{"@type":"BreadcrumbList","@id":"https:\/\/ticsalutsocial.atoom.space\/en\/event\/jornada-idiapjgol-2024\/#breadcrumb","itemListElement":[{"@type":"ListItem","position":1,"name":"Inici","item":"https:\/\/ticsalutsocial.atoom.space\/en\/"},{"@type":"ListItem","position":2,"name":"Jornada IDIAPJGol 2024"}]},{"@type":"WebSite","@id":"https:\/\/ticsalutsocial.atoom.space\/en\/#website","url":"https:\/\/ticsalutsocial.atoom.space\/en\/","name":"Fundaci\u00f3 TIC Salut i Social","description":"","potentialAction":[{"@type":"SearchAction","target":{"@type":"EntryPoint","urlTemplate":"https:\/\/ticsalutsocial.atoom.space\/en\/?s={search_term_string}"},"query-input":{"@type":"PropertyValueSpecification","valueRequired":true,"valueName":"search_term_string"}}],"inLanguage":"en-US"}]}},"_links":{"self":[{"href":"https:\/\/ticsalutsocial.atoom.space\/en\/wp-json\/wp\/v2\/event\/26688","targetHints":{"allow":["GET"]}}],"collection":[{"href":"https:\/\/ticsalutsocial.atoom.space\/en\/wp-json\/wp\/v2\/event"}],"about":[{"href":"https:\/\/ticsalutsocial.atoom.space\/en\/wp-json\/wp\/v2\/types\/event"}],"wp:attachment":[{"href":"https:\/\/ticsalutsocial.atoom.space\/en\/wp-json\/wp\/v2\/media?parent=26688"}],"wp:term":[{"taxonomy":"tipus","embeddable":true,"href":"https:\/\/ticsalutsocial.atoom.space\/en\/wp-json\/wp\/v2\/tipus?post=26688"},{"taxonomy":"topic","embeddable":true,"href":"https:\/\/ticsalutsocial.atoom.space\/en\/wp-json\/wp\/v2\/topic?post=26688"}],"curies":[{"name":"wp","href":"https:\/\/api.w.org\/{rel}","templated":true}]}}

<p>La jornada IDIAPJGol &#8220;<em><strong>De l’evidència científica a l’atenció integral: El llegat del Dr. Jordi Gol i Gurina en l’Atenció Primària&#8221;</strong></em>, tindrà lloc el <strong>16 de maig de 2024 al Tecnocampus de Mataró</strong>.</p>



<p>Consulta el programa <a href="https://www.idiapjgol.org/index.php/ca/formacio/18-formacio/jornades/2347-imatges-jornades-2024" target="_blank" rel="noreferrer noopener">aquí</a>.</p>

Tecnocampus de Mataró

<!-- This site is optimized with the Yoast SEO plugin v27.1.1 - https://yoast.com/product/yoast-seo-wordpress/ -->
<title>Jornada IDIAPJGol 2024 - Fundació TIC Salut i Social</title>
<meta name="robots" content="index, follow, max-snippet:-1, max-image-preview:large, max-video-preview:-1" />
<link rel="canonical" href="https://ticsalutsocial.atoom.space/en/event/jornada-idiapjgol-2024/" />
<meta property="og:locale" content="en_US" />
<meta property="og:type" content="article" />
<meta property="og:title" content="Jornada IDIAPJGol 2024 - Fundació TIC Salut i Social" />
<meta property="og:description" content="La jornada IDIAPJGol &#8220;De l’evidència científica a l’atenció integral: El llegat del Dr. Jordi Gol i Gurina en l’Atenció Primària&#8221;, tindrà lloc el 16 de maig de 2024 al Tecnocampus de Mataró. Consulta el programa aquí." />
<meta property="og:url" content="https://ticsalutsocial.atoom.space/en/event/jornada-idiapjgol-2024/" />
<meta property="og:site_name" content="Fundació TIC Salut i Social" />
<meta property="article:modified_time" content="2024-04-19T08:32:22+00:00" />
<meta name="twitter:card" content="summary_large_image" />
<script type="application/ld+json" class="yoast-schema-graph">{"@context":"https://schema.org","@graph":[{"@type":"WebPage","@id":"https://ticsalutsocial.atoom.space/en/event/jornada-idiapjgol-2024/","url":"https://ticsalutsocial.atoom.space/en/event/jornada-idiapjgol-2024/","name":"Jornada IDIAPJGol 2024 - Fundació TIC Salut i Social","isPartOf":{"@id":"https://ticsalutsocial.atoom.space/en/#website"},"datePublished":"2024-04-19T08:32:19+00:00","dateModified":"2024-04-19T08:32:22+00:00","breadcrumb":{"@id":"https://ticsalutsocial.atoom.space/en/event/jornada-idiapjgol-2024/#breadcrumb"},"inLanguage":"en-US","potentialAction":[{"@type":"ReadAction","target":["https://ticsalutsocial.atoom.space/en/event/jornada-idiapjgol-2024/"]}]},{"@type":"BreadcrumbList","@id":"https://ticsalutsocial.atoom.space/en/event/jornada-idiapjgol-2024/#breadcrumb","itemListElement":[{"@type":"ListItem","position":1,"name":"Inici","item":"https://ticsalutsocial.atoom.space/en/"},{"@type":"ListItem","position":2,"name":"Jornada IDIAPJGol 2024"}]},{"@type":"WebSite","@id":"https://ticsalutsocial.atoom.space/en/#website","url":"https://ticsalutsocial.atoom.space/en/","name":"Fundació TIC Salut i Social","description":"","potentialAction":[{"@type":"SearchAction","target":{"@type":"EntryPoint","urlTemplate":"https://ticsalutsocial.atoom.space/en/?s={search_term_string}"},"query-input":{"@type":"PropertyValueSpecification","valueRequired":true,"valueName":"search_term_string"}}],"inLanguage":"en-US"}]}</script>
<!-- / Yoast SEO plugin. -->

Jornada IDIAPJGol 2024 - Fundació TIC Salut i Social

La jornada IDIAPJGol &#8220;De l’evidència científica a l’atenció integral: El llegat del Dr. Jordi Gol i Gurina en l’Atenció Primària&#8221;, tindrà lloc el 16 de maig de 2024 al Tecnocampus de Mataró. Consulta el programa aquí.

Fundació TIC Salut i Social
