
{"id":27481,"date":"2024-06-04T10:03:45","date_gmt":"2024-06-04T08:03:45","guid":{"rendered":"https:\/\/ticsalutsocial.atoom.space\/event\/plenaries-i-trobades-destiu-del-collaboratori-catalunya\/"},"modified":"2024-06-04T11:45:45","modified_gmt":"2024-06-04T09:45:45","slug":"plenaries-i-trobades-destiu-del-collaboratori-catalunya","status":"publish","type":"event","link":"https:\/\/ticsalutsocial.atoom.space\/en\/event\/plenaries-i-trobades-destiu-del-collaboratori-catalunya\/","title":{"rendered":"Plen\u00e0ries i trobades d&#8217;estiu del Col\u00b7laboratori Catalunya"},"content":{"rendered":"\n<p>Des de la iniciativa<strong> Col\u00b7laboratori Catalunya<\/strong> s&#8217;organitzen unes plen\u00e0ries <em>online<\/em> per aquest estiu. La iniciativa\u00a0<a href=\"https:\/\/colabscatalunya.cat\/\" target=\"_blank\" rel=\"noreferrer noopener\"><strong>Col\u00b7laboratori Catalunya<\/strong><\/a>,\u00a0promoguda per la Generalitat de Catalunya conjuntament amb Fundaci\u00f3 i2CAT,\u00a0fomenta\u00a0la\u00a0<strong>Innovaci\u00f3 Social Digital<\/strong>\u00a0i est\u00e0 formada per una\u00a0<strong>xarxa de persones i entitats<\/strong>\u00a0<strong>innovadores\u00a0<\/strong>de diferents territoris a partir de la<strong>\u00a0qu\u00e0druple h\u00e8lix -4H-<\/strong>\u00a0(recerca, empresa, administraci\u00f3 i ciutadania).\u00a0<\/p>\n\n\n\n<p><\/p>\n\n\n\n<h2 class=\"wp-block-heading\"><strong>Programa plen\u00e0ries territorials online<\/strong><\/h2>\n\n\n\n<ul class=\"wp-block-list\">\n<li><strong>11 de juny &#8211; 12:00 a 13:30<\/strong>\n<ul class=\"wp-block-list\">\n<li>CatPonent-Pirineus &#8211; <a href=\"https:\/\/docs.google.com\/forms\/d\/e\/1FAIpQLSfh2L5xMrdLWOeGEbjfqwVeV0-cytV66CyWE1TUkeViqlQ7Fg\/viewform\">Inscripci\u00f3<\/a><\/li>\n<\/ul>\n<\/li>\n<\/ul>\n\n\n\n<p><\/p>\n\n\n\n<ul class=\"wp-block-list\">\n<li><strong>13 de juny &#8211; 12:00 a 13:30<\/strong>\n<ul class=\"wp-block-list\">\n<li>CatCentral\u00a0&#8211; <a href=\"https:\/\/docs.google.com\/forms\/d\/e\/1FAIpQLSfxSXGLJMI5TW-98mnYJ7QdxdB3_XxsKjqn7wrxp3s2AG4T8A\/viewform\" target=\"_blank\" rel=\"noreferrer noopener\">Inscripci\u00f3<\/a><\/li>\n<\/ul>\n<\/li>\n<\/ul>\n\n\n\n<p><\/p>\n\n\n\n<ul class=\"wp-block-list\">\n<li><strong>18 de juny &#8211; 12:00 a 13:30<\/strong>\n<ul class=\"wp-block-list\">\n<li>CatSud &#8211; <a href=\"https:\/\/docs.google.com\/forms\/d\/e\/1FAIpQLSfBYEF9rEdUDOwneTois5i4EZR3c0-zI03pp09iyQfIZIA7EQ\/viewform\" target=\"_blank\" rel=\"noreferrer noopener\">Inscripci\u00f3<\/a><\/li>\n<\/ul>\n<\/li>\n<\/ul>\n\n\n\n<p><\/p>\n\n\n\n<ul class=\"wp-block-list\">\n<li><strong>20 de juny &#8211; 12:00 a 13:30<\/strong>\n<ul class=\"wp-block-list\">\n<li>CatNord &#8211; <a href=\"https:\/\/docs.google.com\/forms\/d\/e\/1FAIpQLScy2D318WmGBqjiUiFL1CpArAh4iNVUw7Lms-_16BN3HvZI3w\/viewform\" target=\"_blank\" rel=\"noreferrer noopener\">Inscripci\u00f3<\/a><\/li>\n<\/ul>\n<\/li>\n<\/ul>\n\n\n\n<p><\/p>\n\n\n\n<h2 class=\"wp-block-heading\"><strong>Programa plen\u00e0ries tem\u00e0tiques online<\/strong><\/h2>\n\n\n\n<ul class=\"wp-block-list\">\n<li><strong>27 de juny &#8211; 12:00 a 13:30<\/strong>\n<ul class=\"wp-block-list\">\n<li>Col\u00b7laboratori de Salut i Benestar\u00a0&#8211; <a href=\"https:\/\/docs.google.com\/forms\/d\/e\/1FAIpQLSfK9C1jUEiTsO8OIvANgXLv2nlDHch6OWh9BGh1oulLbb8e0Q\/viewform\" target=\"_blank\" rel=\"noreferrer noopener\">Inscripci\u00f3<\/a><\/li>\n<\/ul>\n<\/li>\n<\/ul>\n\n\n\n<p><\/p>\n","protected":false},"featured_media":27479,"menu_order":0,"template":"","meta":{"_acf_changed":true,"inline_featured_image":false},"tipus":[],"topic":[],"class_list":["post-27481","event","type-event","status-publish","has-post-thumbnail","hentry"],"acf":{"informacio":{"ubicacio":"Online","data":"11\/06\/2024","hora":"","preu":"","inscripcions":"https:\/\/colabscatalunya.cat\/"},"programa":{"titol":"","items":[{"titol":"","contingut":""}]},"imatge":27479},"yoast_head":"<!-- This site is optimized with the Yoast SEO plugin v27.1.1 - https:\/\/yoast.com\/product\/yoast-seo-wordpress\/ -->\n<title>Plen\u00e0ries i trobades d&#039;estiu del Col\u00b7laboratori Catalunya - Fundaci\u00f3 TIC Salut i Social<\/title>\n<meta name=\"robots\" content=\"index, follow, max-snippet:-1, max-image-preview:large, max-video-preview:-1\" \/>\n<link rel=\"canonical\" href=\"https:\/\/ticsalutsocial.atoom.space\/en\/event\/plenaries-i-trobades-destiu-del-collaboratori-catalunya\/\" \/>\n<meta property=\"og:locale\" content=\"en_US\" \/>\n<meta property=\"og:type\" content=\"article\" \/>\n<meta property=\"og:title\" content=\"Plen\u00e0ries i trobades d&#039;estiu del Col\u00b7laboratori Catalunya - Fundaci\u00f3 TIC Salut i Social\" \/>\n<meta property=\"og:description\" content=\"Des de la iniciativa Col\u00b7laboratori Catalunya s&#8217;organitzen unes plen\u00e0ries online per aquest estiu. La iniciativa\u00a0Col\u00b7laboratori Catalunya,\u00a0promoguda per la Generalitat de Catalunya conjuntament amb Fundaci\u00f3 i2CAT,\u00a0fomenta\u00a0la\u00a0Innovaci\u00f3 Social Digital\u00a0i est\u00e0 formada per una\u00a0xarxa de persones i entitats\u00a0innovadores\u00a0de diferents territoris a partir de la\u00a0qu\u00e0druple h\u00e8lix -4H-\u00a0(recerca, empresa, administraci\u00f3 i ciutadania).\u00a0 Programa plen\u00e0ries territorials online Programa plen\u00e0ries tem\u00e0tiques online\" \/>\n<meta property=\"og:url\" content=\"https:\/\/ticsalutsocial.atoom.space\/en\/event\/plenaries-i-trobades-destiu-del-collaboratori-catalunya\/\" \/>\n<meta property=\"og:site_name\" content=\"Fundaci\u00f3 TIC Salut i Social\" \/>\n<meta property=\"article:modified_time\" content=\"2024-06-04T09:45:45+00:00\" \/>\n<meta name=\"twitter:card\" content=\"summary_large_image\" \/>\n<meta name=\"twitter:label1\" content=\"Est. reading time\" \/>\n\t<meta name=\"twitter:data1\" content=\"1 minute\" \/>\n<script type=\"application\/ld+json\" class=\"yoast-schema-graph\">{\"@context\":\"https:\/\/schema.org\",\"@graph\":[{\"@type\":\"WebPage\",\"@id\":\"https:\/\/ticsalutsocial.atoom.space\/en\/event\/plenaries-i-trobades-destiu-del-collaboratori-catalunya\/\",\"url\":\"https:\/\/ticsalutsocial.atoom.space\/en\/event\/plenaries-i-trobades-destiu-del-collaboratori-catalunya\/\",\"name\":\"Plen\u00e0ries i trobades d'estiu del Col\u00b7laboratori Catalunya - Fundaci\u00f3 TIC Salut i Social\",\"isPartOf\":{\"@id\":\"https:\/\/ticsalutsocial.atoom.space\/en\/#website\"},\"primaryImageOfPage\":{\"@id\":\"https:\/\/ticsalutsocial.atoom.space\/en\/event\/plenaries-i-trobades-destiu-del-collaboratori-catalunya\/#primaryimage\"},\"image\":{\"@id\":\"https:\/\/ticsalutsocial.atoom.space\/en\/event\/plenaries-i-trobades-destiu-del-collaboratori-catalunya\/#primaryimage\"},\"thumbnailUrl\":\"https:\/\/ticsalutsocial.atoom.space\/wp-content\/uploads\/2024\/06\/collaboratori.png\",\"datePublished\":\"2024-06-04T08:03:45+00:00\",\"dateModified\":\"2024-06-04T09:45:45+00:00\",\"breadcrumb\":{\"@id\":\"https:\/\/ticsalutsocial.atoom.space\/en\/event\/plenaries-i-trobades-destiu-del-collaboratori-catalunya\/#breadcrumb\"},\"inLanguage\":\"en-US\",\"potentialAction\":[{\"@type\":\"ReadAction\",\"target\":[\"https:\/\/ticsalutsocial.atoom.space\/en\/event\/plenaries-i-trobades-destiu-del-collaboratori-catalunya\/\"]}]},{\"@type\":\"ImageObject\",\"inLanguage\":\"en-US\",\"@id\":\"https:\/\/ticsalutsocial.atoom.space\/en\/event\/plenaries-i-trobades-destiu-del-collaboratori-catalunya\/#primaryimage\",\"url\":\"https:\/\/ticsalutsocial.atoom.space\/wp-content\/uploads\/2024\/06\/collaboratori.png\",\"contentUrl\":\"https:\/\/ticsalutsocial.atoom.space\/wp-content\/uploads\/2024\/06\/collaboratori.png\",\"width\":945,\"height\":239},{\"@type\":\"BreadcrumbList\",\"@id\":\"https:\/\/ticsalutsocial.atoom.space\/en\/event\/plenaries-i-trobades-destiu-del-collaboratori-catalunya\/#breadcrumb\",\"itemListElement\":[{\"@type\":\"ListItem\",\"position\":1,\"name\":\"Inici\",\"item\":\"https:\/\/ticsalutsocial.atoom.space\/en\/\"},{\"@type\":\"ListItem\",\"position\":2,\"name\":\"Plen\u00e0ries i trobades d&#8217;estiu del Col\u00b7laboratori Catalunya\"}]},{\"@type\":\"WebSite\",\"@id\":\"https:\/\/ticsalutsocial.atoom.space\/en\/#website\",\"url\":\"https:\/\/ticsalutsocial.atoom.space\/en\/\",\"name\":\"Fundaci\u00f3 TIC Salut i Social\",\"description\":\"\",\"potentialAction\":[{\"@type\":\"SearchAction\",\"target\":{\"@type\":\"EntryPoint\",\"urlTemplate\":\"https:\/\/ticsalutsocial.atoom.space\/en\/?s={search_term_string}\"},\"query-input\":{\"@type\":\"PropertyValueSpecification\",\"valueRequired\":true,\"valueName\":\"search_term_string\"}}],\"inLanguage\":\"en-US\"}]}<\/script>\n<!-- \/ Yoast SEO plugin. -->","yoast_head_json":{"title":"Plen\u00e0ries i trobades d'estiu del Col\u00b7laboratori Catalunya - Fundaci\u00f3 TIC Salut i Social","robots":{"index":"index","follow":"follow","max-snippet":"max-snippet:-1","max-image-preview":"max-image-preview:large","max-video-preview":"max-video-preview:-1"},"canonical":"https:\/\/ticsalutsocial.atoom.space\/en\/event\/plenaries-i-trobades-destiu-del-collaboratori-catalunya\/","og_locale":"en_US","og_type":"article","og_title":"Plen\u00e0ries i trobades d'estiu del Col\u00b7laboratori Catalunya - Fundaci\u00f3 TIC Salut i Social","og_description":"Des de la iniciativa Col\u00b7laboratori Catalunya s&#8217;organitzen unes plen\u00e0ries online per aquest estiu. La iniciativa\u00a0Col\u00b7laboratori Catalunya,\u00a0promoguda per la Generalitat de Catalunya conjuntament amb Fundaci\u00f3 i2CAT,\u00a0fomenta\u00a0la\u00a0Innovaci\u00f3 Social Digital\u00a0i est\u00e0 formada per una\u00a0xarxa de persones i entitats\u00a0innovadores\u00a0de diferents territoris a partir de la\u00a0qu\u00e0druple h\u00e8lix -4H-\u00a0(recerca, empresa, administraci\u00f3 i ciutadania).\u00a0 Programa plen\u00e0ries territorials online Programa plen\u00e0ries tem\u00e0tiques online","og_url":"https:\/\/ticsalutsocial.atoom.space\/en\/event\/plenaries-i-trobades-destiu-del-collaboratori-catalunya\/","og_site_name":"Fundaci\u00f3 TIC Salut i Social","article_modified_time":"2024-06-04T09:45:45+00:00","twitter_card":"summary_large_image","twitter_misc":{"Est. reading time":"1 minute"},"schema":{"@context":"https:\/\/schema.org","@graph":[{"@type":"WebPage","@id":"https:\/\/ticsalutsocial.atoom.space\/en\/event\/plenaries-i-trobades-destiu-del-collaboratori-catalunya\/","url":"https:\/\/ticsalutsocial.atoom.space\/en\/event\/plenaries-i-trobades-destiu-del-collaboratori-catalunya\/","name":"Plen\u00e0ries i trobades d'estiu del Col\u00b7laboratori Catalunya - Fundaci\u00f3 TIC Salut i Social","isPartOf":{"@id":"https:\/\/ticsalutsocial.atoom.space\/en\/#website"},"primaryImageOfPage":{"@id":"https:\/\/ticsalutsocial.atoom.space\/en\/event\/plenaries-i-trobades-destiu-del-collaboratori-catalunya\/#primaryimage"},"image":{"@id":"https:\/\/ticsalutsocial.atoom.space\/en\/event\/plenaries-i-trobades-destiu-del-collaboratori-catalunya\/#primaryimage"},"thumbnailUrl":"https:\/\/ticsalutsocial.atoom.space\/wp-content\/uploads\/2024\/06\/collaboratori.png","datePublished":"2024-06-04T08:03:45+00:00","dateModified":"2024-06-04T09:45:45+00:00","breadcrumb":{"@id":"https:\/\/ticsalutsocial.atoom.space\/en\/event\/plenaries-i-trobades-destiu-del-collaboratori-catalunya\/#breadcrumb"},"inLanguage":"en-US","potentialAction":[{"@type":"ReadAction","target":["https:\/\/ticsalutsocial.atoom.space\/en\/event\/plenaries-i-trobades-destiu-del-collaboratori-catalunya\/"]}]},{"@type":"ImageObject","inLanguage":"en-US","@id":"https:\/\/ticsalutsocial.atoom.space\/en\/event\/plenaries-i-trobades-destiu-del-collaboratori-catalunya\/#primaryimage","url":"https:\/\/ticsalutsocial.atoom.space\/wp-content\/uploads\/2024\/06\/collaboratori.png","contentUrl":"https:\/\/ticsalutsocial.atoom.space\/wp-content\/uploads\/2024\/06\/collaboratori.png","width":945,"height":239},{"@type":"BreadcrumbList","@id":"https:\/\/ticsalutsocial.atoom.space\/en\/event\/plenaries-i-trobades-destiu-del-collaboratori-catalunya\/#breadcrumb","itemListElement":[{"@type":"ListItem","position":1,"name":"Inici","item":"https:\/\/ticsalutsocial.atoom.space\/en\/"},{"@type":"ListItem","position":2,"name":"Plen\u00e0ries i trobades d&#8217;estiu del Col\u00b7laboratori Catalunya"}]},{"@type":"WebSite","@id":"https:\/\/ticsalutsocial.atoom.space\/en\/#website","url":"https:\/\/ticsalutsocial.atoom.space\/en\/","name":"Fundaci\u00f3 TIC Salut i Social","description":"","potentialAction":[{"@type":"SearchAction","target":{"@type":"EntryPoint","urlTemplate":"https:\/\/ticsalutsocial.atoom.space\/en\/?s={search_term_string}"},"query-input":{"@type":"PropertyValueSpecification","valueRequired":true,"valueName":"search_term_string"}}],"inLanguage":"en-US"}]}},"_links":{"self":[{"href":"https:\/\/ticsalutsocial.atoom.space\/en\/wp-json\/wp\/v2\/event\/27481","targetHints":{"allow":["GET"]}}],"collection":[{"href":"https:\/\/ticsalutsocial.atoom.space\/en\/wp-json\/wp\/v2\/event"}],"about":[{"href":"https:\/\/ticsalutsocial.atoom.space\/en\/wp-json\/wp\/v2\/types\/event"}],"wp:featuredmedia":[{"embeddable":true,"href":"https:\/\/ticsalutsocial.atoom.space\/en\/wp-json\/wp\/v2\/media\/27479"}],"wp:attachment":[{"href":"https:\/\/ticsalutsocial.atoom.space\/en\/wp-json\/wp\/v2\/media?parent=27481"}],"wp:term":[{"taxonomy":"tipus","embeddable":true,"href":"https:\/\/ticsalutsocial.atoom.space\/en\/wp-json\/wp\/v2\/tipus?post=27481"},{"taxonomy":"topic","embeddable":true,"href":"https:\/\/ticsalutsocial.atoom.space\/en\/wp-json\/wp\/v2\/topic?post=27481"}],"curies":[{"name":"wp","href":"https:\/\/api.w.org\/{rel}","templated":true}]}}

Plenàries i trobades d&#8217;estiu del Col·laboratori Catalunya

<p>Des de la iniciativa<strong> Col·laboratori Catalunya</strong> s&#8217;organitzen unes plenàries <em>online</em> per aquest estiu. La iniciativa <a href="https://colabscatalunya.cat/" target="_blank" rel="noreferrer noopener"><strong>Col·laboratori Catalunya</strong></a>, promoguda per la Generalitat de Catalunya conjuntament amb Fundació i2CAT, fomenta la <strong>Innovació Social Digital</strong> i està formada per una <strong>xarxa de persones i entitats</strong> <strong>innovadores </strong>de diferents territoris a partir de la<strong> quàdruple hèlix -4H-</strong> (recerca, empresa, administració i ciutadania). </p>



<p></p>



<h2 class="wp-block-heading"><strong>Programa plenàries territorials online</strong></h2>



<ul class="wp-block-list">
<li><strong>11 de juny &#8211; 12:00 a 13:30</strong>
<ul class="wp-block-list">
<li>CatPonent-Pirineus &#8211; <a href="https://docs.google.com/forms/d/e/1FAIpQLSfh2L5xMrdLWOeGEbjfqwVeV0-cytV66CyWE1TUkeViqlQ7Fg/viewform">Inscripció</a></li>
</ul>
</li>
</ul>



<p></p>



<ul class="wp-block-list">
<li><strong>13 de juny &#8211; 12:00 a 13:30</strong>
<ul class="wp-block-list">
<li>CatCentral &#8211; <a href="https://docs.google.com/forms/d/e/1FAIpQLSfxSXGLJMI5TW-98mnYJ7QdxdB3_XxsKjqn7wrxp3s2AG4T8A/viewform" target="_blank" rel="noreferrer noopener">Inscripció</a></li>
</ul>
</li>
</ul>



<p></p>



<ul class="wp-block-list">
<li><strong>18 de juny &#8211; 12:00 a 13:30</strong>
<ul class="wp-block-list">
<li>CatSud &#8211; <a href="https://docs.google.com/forms/d/e/1FAIpQLSfBYEF9rEdUDOwneTois5i4EZR3c0-zI03pp09iyQfIZIA7EQ/viewform" target="_blank" rel="noreferrer noopener">Inscripció</a></li>
</ul>
</li>
</ul>



<p></p>



<ul class="wp-block-list">
<li><strong>20 de juny &#8211; 12:00 a 13:30</strong>
<ul class="wp-block-list">
<li>CatNord &#8211; <a href="https://docs.google.com/forms/d/e/1FAIpQLScy2D318WmGBqjiUiFL1CpArAh4iNVUw7Lms-_16BN3HvZI3w/viewform" target="_blank" rel="noreferrer noopener">Inscripció</a></li>
</ul>
</li>
</ul>



<p></p>



<h2 class="wp-block-heading"><strong>Programa plenàries temàtiques online</strong></h2>



<ul class="wp-block-list">
<li><strong>27 de juny &#8211; 12:00 a 13:30</strong>
<ul class="wp-block-list">
<li>Col·laboratori de Salut i Benestar &#8211; <a href="https://docs.google.com/forms/d/e/1FAIpQLSfK9C1jUEiTsO8OIvANgXLv2nlDHch6OWh9BGh1oulLbb8e0Q/viewform" target="_blank" rel="noreferrer noopener">Inscripció</a></li>
</ul>
</li>
</ul>



<p></p>

<!-- This site is optimized with the Yoast SEO plugin v27.1.1 - https://yoast.com/product/yoast-seo-wordpress/ -->
<title>Plenàries i trobades d&#039;estiu del Col·laboratori Catalunya - Fundació TIC Salut i Social</title>
<meta name="robots" content="index, follow, max-snippet:-1, max-image-preview:large, max-video-preview:-1" />
<link rel="canonical" href="https://ticsalutsocial.atoom.space/en/event/plenaries-i-trobades-destiu-del-collaboratori-catalunya/" />
<meta property="og:locale" content="en_US" />
<meta property="og:type" content="article" />
<meta property="og:title" content="Plenàries i trobades d&#039;estiu del Col·laboratori Catalunya - Fundació TIC Salut i Social" />
<meta property="og:description" content="Des de la iniciativa Col·laboratori Catalunya s&#8217;organitzen unes plenàries online per aquest estiu. La iniciativa Col·laboratori Catalunya, promoguda per la Generalitat de Catalunya conjuntament amb Fundació i2CAT, fomenta la Innovació Social Digital i està formada per una xarxa de persones i entitats innovadores de diferents territoris a partir de la quàdruple hèlix -4H- (recerca, empresa, administració i ciutadania).  Programa plenàries territorials online Programa plenàries temàtiques online" />
<meta property="og:url" content="https://ticsalutsocial.atoom.space/en/event/plenaries-i-trobades-destiu-del-collaboratori-catalunya/" />
<meta property="og:site_name" content="Fundació TIC Salut i Social" />
<meta property="article:modified_time" content="2024-06-04T09:45:45+00:00" />
<meta name="twitter:card" content="summary_large_image" />
<meta name="twitter:label1" content="Est. reading time" />
	<meta name="twitter:data1" content="1 minute" />
<script type="application/ld+json" class="yoast-schema-graph">{"@context":"https://schema.org","@graph":[{"@type":"WebPage","@id":"https://ticsalutsocial.atoom.space/en/event/plenaries-i-trobades-destiu-del-collaboratori-catalunya/","url":"https://ticsalutsocial.atoom.space/en/event/plenaries-i-trobades-destiu-del-collaboratori-catalunya/","name":"Plenàries i trobades d'estiu del Col·laboratori Catalunya - Fundació TIC Salut i Social","isPartOf":{"@id":"https://ticsalutsocial.atoom.space/en/#website"},"primaryImageOfPage":{"@id":"https://ticsalutsocial.atoom.space/en/event/plenaries-i-trobades-destiu-del-collaboratori-catalunya/#primaryimage"},"image":{"@id":"https://ticsalutsocial.atoom.space/en/event/plenaries-i-trobades-destiu-del-collaboratori-catalunya/#primaryimage"},"thumbnailUrl":"https://ticsalutsocial.atoom.space/wp-content/uploads/2024/06/collaboratori.png","datePublished":"2024-06-04T08:03:45+00:00","dateModified":"2024-06-04T09:45:45+00:00","breadcrumb":{"@id":"https://ticsalutsocial.atoom.space/en/event/plenaries-i-trobades-destiu-del-collaboratori-catalunya/#breadcrumb"},"inLanguage":"en-US","potentialAction":[{"@type":"ReadAction","target":["https://ticsalutsocial.atoom.space/en/event/plenaries-i-trobades-destiu-del-collaboratori-catalunya/"]}]},{"@type":"ImageObject","inLanguage":"en-US","@id":"https://ticsalutsocial.atoom.space/en/event/plenaries-i-trobades-destiu-del-collaboratori-catalunya/#primaryimage","url":"https://ticsalutsocial.atoom.space/wp-content/uploads/2024/06/collaboratori.png","contentUrl":"https://ticsalutsocial.atoom.space/wp-content/uploads/2024/06/collaboratori.png","width":945,"height":239},{"@type":"BreadcrumbList","@id":"https://ticsalutsocial.atoom.space/en/event/plenaries-i-trobades-destiu-del-collaboratori-catalunya/#breadcrumb","itemListElement":[{"@type":"ListItem","position":1,"name":"Inici","item":"https://ticsalutsocial.atoom.space/en/"},{"@type":"ListItem","position":2,"name":"Plenàries i trobades d&#8217;estiu del Col·laboratori Catalunya"}]},{"@type":"WebSite","@id":"https://ticsalutsocial.atoom.space/en/#website","url":"https://ticsalutsocial.atoom.space/en/","name":"Fundació TIC Salut i Social","description":"","potentialAction":[{"@type":"SearchAction","target":{"@type":"EntryPoint","urlTemplate":"https://ticsalutsocial.atoom.space/en/?s={search_term_string}"},"query-input":{"@type":"PropertyValueSpecification","valueRequired":true,"valueName":"search_term_string"}}],"inLanguage":"en-US"}]}</script>
<!-- / Yoast SEO plugin. -->

Plenàries i trobades d'estiu del Col·laboratori Catalunya - Fundació TIC Salut i Social

Des de la iniciativa Col·laboratori Catalunya s&#8217;organitzen unes plenàries online per aquest estiu. La iniciativa Col·laboratori Catalunya, promoguda per la Generalitat de Catalunya conjuntament amb Fundació i2CAT, fomenta la Innovació Social Digital i està formada per una xarxa de persones i entitats innovadores de diferents territoris a partir de la quàdruple hèlix -4H- (recerca, empresa, administració i ciutadania).  Programa plenàries territorials online Programa plenàries temàtiques online

Fundació TIC Salut i Social
