
{"id":28400,"date":"2024-09-19T11:49:39","date_gmt":"2024-09-19T09:49:39","guid":{"rendered":"https:\/\/ticsalutsocial.atoom.space\/event\/aina-hack\/"},"modified":"2024-09-19T11:56:49","modified_gmt":"2024-09-19T09:56:49","slug":"aina-hack","status":"publish","type":"event","link":"https:\/\/ticsalutsocial.atoom.space\/en\/event\/aina-hack\/","title":{"rendered":"Aina Hack"},"content":{"rendered":"\n<p>L&#8217;Espai Bital, a l&#8217;Hospitalet de Llobregat, acollir\u00e0 els propers&nbsp;<strong>8 i 9 de novembre&nbsp;<\/strong><strong>l&#8217;<\/strong><a href=\"https:\/\/cidai.eu\/ainahack\/\" target=\"_blank\" rel=\"noreferrer noopener\"><strong>Aina Hack<\/strong><\/a>, una hackat\u00f3 impulsada per la Generalitat de Catalunya amb l&#8217;objectiu de contribuir a la millora dels serveis p\u00fablics mitjan\u00e7ant solucions basades en intel\u00b7lig\u00e8ncia artificial (IA) i de promoure l&#8217;\u00fas dels recursos generats pel&nbsp;<a href=\"https:\/\/projecteaina.cat\/\" target=\"_blank\" rel=\"noreferrer noopener\">Projecte Aina<\/a>&nbsp;per fomentar el catal\u00e0 en el m\u00f3n digital.<\/p>\n\n\n\n<p><strong>Les inscripcions per participar en la competici\u00f3 ja estan obertes<\/strong>&nbsp;al&nbsp;<a href=\"https:\/\/cidai.eu\/ainahack\/\" target=\"_blank\" rel=\"noreferrer noopener\">web de l&#8217;Aina Hack<\/a>&nbsp;i els equips s&#8217;hi poden inscriure&nbsp;<strong>fins al pr\u00f2xim 31 d&#8217;octubre<\/strong>.<\/p>\n\n\n\n<p>L&#8217;Aina Hack \u00e9s una competici\u00f3 en la qual,&nbsp;durant 24 hores ininterrompudes i presencialment, els equips participants&nbsp;<strong>hauran de desenvolupar una aplicaci\u00f3 amb intel\u00b7lig\u00e8ncia artificial orientada a&nbsp;resoldre reptes<\/strong>&nbsp;de l&#8217;Administraci\u00f3 de la Generalitat de Catalunya.<\/p>\n\n\n\n<p>Per assolir l&#8217;objectiu,&nbsp;<strong>hauran d&#8217;utilitzar recursos generats pel Projecte Aina<\/strong>, impulsat pel Govern en col\u00b7laboraci\u00f3 amb el Barcelona Supercomputing Center (BSC-CNS) per fomentar l&#8217;\u00fas del catal\u00e0 en l&#8217;\u00e0mbit digital a trav\u00e9s d&#8217;una IA oberta, transparent i \u00e8tica. Els recursos d&#8217;Aina estan disponibles a l&#8217;<a href=\"https:\/\/langtech-bsc.gitbook.io\/aina-kit\" target=\"_blank\" rel=\"noreferrer noopener\">Aina Kit<\/a>, que inclou models de llenguatge i conjunts de dades a disposici\u00f3 dels desenvolupadors de productes i serveis d&#8217;IA i tecnologies del llenguatge en catal\u00e0.<\/p>\n","protected":false},"featured_media":0,"menu_order":0,"template":"","meta":{"_acf_changed":true,"inline_featured_image":false},"tipus":[719],"topic":[116],"class_list":["post-28400","event","type-event","status-publish","hentry","tipus-artificial-intelligence","topic-events"],"acf":{"imatge":28397,"informacio":{"ubicacio":"Espai Bital de l'Hospitalet","data":"08\/11\/2024","hora":"","preu":"","inscripcions":"https:\/\/cidai.eu\/ainahack\/"},"programa":{"titol":"","items":false}},"yoast_head":"<!-- This site is optimized with the Yoast SEO plugin v27.1.1 - https:\/\/yoast.com\/product\/yoast-seo-wordpress\/ -->\n<title>Aina Hack - Fundaci\u00f3 TIC Salut i Social<\/title>\n<meta name=\"robots\" content=\"index, follow, max-snippet:-1, max-image-preview:large, max-video-preview:-1\" \/>\n<link rel=\"canonical\" href=\"https:\/\/ticsalutsocial.atoom.space\/en\/event\/aina-hack\/\" \/>\n<meta property=\"og:locale\" content=\"en_US\" \/>\n<meta property=\"og:type\" content=\"article\" \/>\n<meta property=\"og:title\" content=\"Aina Hack - Fundaci\u00f3 TIC Salut i Social\" \/>\n<meta property=\"og:description\" content=\"L&#8217;Espai Bital, a l&#8217;Hospitalet de Llobregat, acollir\u00e0 els propers&nbsp;8 i 9 de novembre&nbsp;l&#8217;Aina Hack, una hackat\u00f3 impulsada per la Generalitat de Catalunya amb l&#8217;objectiu de contribuir a la millora dels serveis p\u00fablics mitjan\u00e7ant solucions basades en intel\u00b7lig\u00e8ncia artificial (IA) i de promoure l&#8217;\u00fas dels recursos generats pel&nbsp;Projecte Aina&nbsp;per fomentar el catal\u00e0 en el m\u00f3n digital. [&hellip;]\" \/>\n<meta property=\"og:url\" content=\"https:\/\/ticsalutsocial.atoom.space\/en\/event\/aina-hack\/\" \/>\n<meta property=\"og:site_name\" content=\"Fundaci\u00f3 TIC Salut i Social\" \/>\n<meta property=\"article:modified_time\" content=\"2024-09-19T09:56:49+00:00\" \/>\n<meta name=\"twitter:card\" content=\"summary_large_image\" \/>\n<meta name=\"twitter:label1\" content=\"Est. reading time\" \/>\n\t<meta name=\"twitter:data1\" content=\"1 minute\" \/>\n<script type=\"application\/ld+json\" class=\"yoast-schema-graph\">{\"@context\":\"https:\/\/schema.org\",\"@graph\":[{\"@type\":\"WebPage\",\"@id\":\"https:\/\/ticsalutsocial.atoom.space\/en\/event\/aina-hack\/\",\"url\":\"https:\/\/ticsalutsocial.atoom.space\/en\/event\/aina-hack\/\",\"name\":\"Aina Hack - Fundaci\u00f3 TIC Salut i Social\",\"isPartOf\":{\"@id\":\"https:\/\/ticsalutsocial.atoom.space\/en\/#website\"},\"datePublished\":\"2024-09-19T09:49:39+00:00\",\"dateModified\":\"2024-09-19T09:56:49+00:00\",\"breadcrumb\":{\"@id\":\"https:\/\/ticsalutsocial.atoom.space\/en\/event\/aina-hack\/#breadcrumb\"},\"inLanguage\":\"en-US\",\"potentialAction\":[{\"@type\":\"ReadAction\",\"target\":[\"https:\/\/ticsalutsocial.atoom.space\/en\/event\/aina-hack\/\"]}]},{\"@type\":\"BreadcrumbList\",\"@id\":\"https:\/\/ticsalutsocial.atoom.space\/en\/event\/aina-hack\/#breadcrumb\",\"itemListElement\":[{\"@type\":\"ListItem\",\"position\":1,\"name\":\"Inici\",\"item\":\"https:\/\/ticsalutsocial.atoom.space\/en\/\"},{\"@type\":\"ListItem\",\"position\":2,\"name\":\"Aina Hack\"}]},{\"@type\":\"WebSite\",\"@id\":\"https:\/\/ticsalutsocial.atoom.space\/en\/#website\",\"url\":\"https:\/\/ticsalutsocial.atoom.space\/en\/\",\"name\":\"Fundaci\u00f3 TIC Salut i Social\",\"description\":\"\",\"potentialAction\":[{\"@type\":\"SearchAction\",\"target\":{\"@type\":\"EntryPoint\",\"urlTemplate\":\"https:\/\/ticsalutsocial.atoom.space\/en\/?s={search_term_string}\"},\"query-input\":{\"@type\":\"PropertyValueSpecification\",\"valueRequired\":true,\"valueName\":\"search_term_string\"}}],\"inLanguage\":\"en-US\"}]}<\/script>\n<!-- \/ Yoast SEO plugin. -->","yoast_head_json":{"title":"Aina Hack - Fundaci\u00f3 TIC Salut i Social","robots":{"index":"index","follow":"follow","max-snippet":"max-snippet:-1","max-image-preview":"max-image-preview:large","max-video-preview":"max-video-preview:-1"},"canonical":"https:\/\/ticsalutsocial.atoom.space\/en\/event\/aina-hack\/","og_locale":"en_US","og_type":"article","og_title":"Aina Hack - Fundaci\u00f3 TIC Salut i Social","og_description":"L&#8217;Espai Bital, a l&#8217;Hospitalet de Llobregat, acollir\u00e0 els propers&nbsp;8 i 9 de novembre&nbsp;l&#8217;Aina Hack, una hackat\u00f3 impulsada per la Generalitat de Catalunya amb l&#8217;objectiu de contribuir a la millora dels serveis p\u00fablics mitjan\u00e7ant solucions basades en intel\u00b7lig\u00e8ncia artificial (IA) i de promoure l&#8217;\u00fas dels recursos generats pel&nbsp;Projecte Aina&nbsp;per fomentar el catal\u00e0 en el m\u00f3n digital. [&hellip;]","og_url":"https:\/\/ticsalutsocial.atoom.space\/en\/event\/aina-hack\/","og_site_name":"Fundaci\u00f3 TIC Salut i Social","article_modified_time":"2024-09-19T09:56:49+00:00","twitter_card":"summary_large_image","twitter_misc":{"Est. reading time":"1 minute"},"schema":{"@context":"https:\/\/schema.org","@graph":[{"@type":"WebPage","@id":"https:\/\/ticsalutsocial.atoom.space\/en\/event\/aina-hack\/","url":"https:\/\/ticsalutsocial.atoom.space\/en\/event\/aina-hack\/","name":"Aina Hack - Fundaci\u00f3 TIC Salut i Social","isPartOf":{"@id":"https:\/\/ticsalutsocial.atoom.space\/en\/#website"},"datePublished":"2024-09-19T09:49:39+00:00","dateModified":"2024-09-19T09:56:49+00:00","breadcrumb":{"@id":"https:\/\/ticsalutsocial.atoom.space\/en\/event\/aina-hack\/#breadcrumb"},"inLanguage":"en-US","potentialAction":[{"@type":"ReadAction","target":["https:\/\/ticsalutsocial.atoom.space\/en\/event\/aina-hack\/"]}]},{"@type":"BreadcrumbList","@id":"https:\/\/ticsalutsocial.atoom.space\/en\/event\/aina-hack\/#breadcrumb","itemListElement":[{"@type":"ListItem","position":1,"name":"Inici","item":"https:\/\/ticsalutsocial.atoom.space\/en\/"},{"@type":"ListItem","position":2,"name":"Aina Hack"}]},{"@type":"WebSite","@id":"https:\/\/ticsalutsocial.atoom.space\/en\/#website","url":"https:\/\/ticsalutsocial.atoom.space\/en\/","name":"Fundaci\u00f3 TIC Salut i Social","description":"","potentialAction":[{"@type":"SearchAction","target":{"@type":"EntryPoint","urlTemplate":"https:\/\/ticsalutsocial.atoom.space\/en\/?s={search_term_string}"},"query-input":{"@type":"PropertyValueSpecification","valueRequired":true,"valueName":"search_term_string"}}],"inLanguage":"en-US"}]}},"_links":{"self":[{"href":"https:\/\/ticsalutsocial.atoom.space\/en\/wp-json\/wp\/v2\/event\/28400","targetHints":{"allow":["GET"]}}],"collection":[{"href":"https:\/\/ticsalutsocial.atoom.space\/en\/wp-json\/wp\/v2\/event"}],"about":[{"href":"https:\/\/ticsalutsocial.atoom.space\/en\/wp-json\/wp\/v2\/types\/event"}],"wp:attachment":[{"href":"https:\/\/ticsalutsocial.atoom.space\/en\/wp-json\/wp\/v2\/media?parent=28400"}],"wp:term":[{"taxonomy":"tipus","embeddable":true,"href":"https:\/\/ticsalutsocial.atoom.space\/en\/wp-json\/wp\/v2\/tipus?post=28400"},{"taxonomy":"topic","embeddable":true,"href":"https:\/\/ticsalutsocial.atoom.space\/en\/wp-json\/wp\/v2\/topic?post=28400"}],"curies":[{"name":"wp","href":"https:\/\/api.w.org\/{rel}","templated":true}]}}

<p>L&#8217;Espai Bital, a l&#8217;Hospitalet de Llobregat, acollirà els propers&nbsp;<strong>8 i 9 de novembre&nbsp;</strong><strong>l&#8217;</strong><a href="https://cidai.eu/ainahack/" target="_blank" rel="noreferrer noopener"><strong>Aina Hack</strong></a>, una hackató impulsada per la Generalitat de Catalunya amb l&#8217;objectiu de contribuir a la millora dels serveis públics mitjançant solucions basades en intel·ligència artificial (IA) i de promoure l&#8217;ús dels recursos generats pel&nbsp;<a href="https://projecteaina.cat/" target="_blank" rel="noreferrer noopener">Projecte Aina</a>&nbsp;per fomentar el català en el món digital.</p>



<p><strong>Les inscripcions per participar en la competició ja estan obertes</strong>&nbsp;al&nbsp;<a href="https://cidai.eu/ainahack/" target="_blank" rel="noreferrer noopener">web de l&#8217;Aina Hack</a>&nbsp;i els equips s&#8217;hi poden inscriure&nbsp;<strong>fins al pròxim 31 d&#8217;octubre</strong>.</p>



<p>L&#8217;Aina Hack és una competició en la qual,&nbsp;durant 24 hores ininterrompudes i presencialment, els equips participants&nbsp;<strong>hauran de desenvolupar una aplicació amb intel·ligència artificial orientada a&nbsp;resoldre reptes</strong>&nbsp;de l&#8217;Administració de la Generalitat de Catalunya.</p>



<p>Per assolir l&#8217;objectiu,&nbsp;<strong>hauran d&#8217;utilitzar recursos generats pel Projecte Aina</strong>, impulsat pel Govern en col·laboració amb el Barcelona Supercomputing Center (BSC-CNS) per fomentar l&#8217;ús del català en l&#8217;àmbit digital a través d&#8217;una IA oberta, transparent i ètica. Els recursos d&#8217;Aina estan disponibles a l&#8217;<a href="https://langtech-bsc.gitbook.io/aina-kit" target="_blank" rel="noreferrer noopener">Aina Kit</a>, que inclou models de llenguatge i conjunts de dades a disposició dels desenvolupadors de productes i serveis d&#8217;IA i tecnologies del llenguatge en català.</p>

<!-- This site is optimized with the Yoast SEO plugin v27.1.1 - https://yoast.com/product/yoast-seo-wordpress/ -->
<title>Aina Hack - Fundació TIC Salut i Social</title>
<meta name="robots" content="index, follow, max-snippet:-1, max-image-preview:large, max-video-preview:-1" />
<link rel="canonical" href="https://ticsalutsocial.atoom.space/en/event/aina-hack/" />
<meta property="og:locale" content="en_US" />
<meta property="og:type" content="article" />
<meta property="og:title" content="Aina Hack - Fundació TIC Salut i Social" />
<meta property="og:description" content="L&#8217;Espai Bital, a l&#8217;Hospitalet de Llobregat, acollirà els propers&nbsp;8 i 9 de novembre&nbsp;l&#8217;Aina Hack, una hackató impulsada per la Generalitat de Catalunya amb l&#8217;objectiu de contribuir a la millora dels serveis públics mitjançant solucions basades en intel·ligència artificial (IA) i de promoure l&#8217;ús dels recursos generats pel&nbsp;Projecte Aina&nbsp;per fomentar el català en el món digital. [&hellip;]" />
<meta property="og:url" content="https://ticsalutsocial.atoom.space/en/event/aina-hack/" />
<meta property="og:site_name" content="Fundació TIC Salut i Social" />
<meta property="article:modified_time" content="2024-09-19T09:56:49+00:00" />
<meta name="twitter:card" content="summary_large_image" />
<meta name="twitter:label1" content="Est. reading time" />
	<meta name="twitter:data1" content="1 minute" />
<script type="application/ld+json" class="yoast-schema-graph">{"@context":"https://schema.org","@graph":[{"@type":"WebPage","@id":"https://ticsalutsocial.atoom.space/en/event/aina-hack/","url":"https://ticsalutsocial.atoom.space/en/event/aina-hack/","name":"Aina Hack - Fundació TIC Salut i Social","isPartOf":{"@id":"https://ticsalutsocial.atoom.space/en/#website"},"datePublished":"2024-09-19T09:49:39+00:00","dateModified":"2024-09-19T09:56:49+00:00","breadcrumb":{"@id":"https://ticsalutsocial.atoom.space/en/event/aina-hack/#breadcrumb"},"inLanguage":"en-US","potentialAction":[{"@type":"ReadAction","target":["https://ticsalutsocial.atoom.space/en/event/aina-hack/"]}]},{"@type":"BreadcrumbList","@id":"https://ticsalutsocial.atoom.space/en/event/aina-hack/#breadcrumb","itemListElement":[{"@type":"ListItem","position":1,"name":"Inici","item":"https://ticsalutsocial.atoom.space/en/"},{"@type":"ListItem","position":2,"name":"Aina Hack"}]},{"@type":"WebSite","@id":"https://ticsalutsocial.atoom.space/en/#website","url":"https://ticsalutsocial.atoom.space/en/","name":"Fundació TIC Salut i Social","description":"","potentialAction":[{"@type":"SearchAction","target":{"@type":"EntryPoint","urlTemplate":"https://ticsalutsocial.atoom.space/en/?s={search_term_string}"},"query-input":{"@type":"PropertyValueSpecification","valueRequired":true,"valueName":"search_term_string"}}],"inLanguage":"en-US"}]}</script>
<!-- / Yoast SEO plugin. -->

Aina Hack - Fundació TIC Salut i Social

L&#8217;Espai Bital, a l&#8217;Hospitalet de Llobregat, acollirà els propers&nbsp;8 i 9 de novembre&nbsp;l&#8217;Aina Hack, una hackató impulsada per la Generalitat de Catalunya amb l&#8217;objectiu de contribuir a la millora dels serveis públics mitjançant solucions basades en intel·ligència artificial (IA) i de promoure l&#8217;ús dels recursos generats pel&nbsp;Projecte Aina&nbsp;per fomentar el català en el món digital. [&hellip;]

Fundació TIC Salut i Social
