
{"id":28518,"date":"2024-09-10T11:00:21","date_gmt":"2024-09-10T09:00:21","guid":{"rendered":"https:\/\/ticsalutsocial.atoom.space\/event\/projecte-radiomica\/"},"modified":"2024-10-03T08:50:36","modified_gmt":"2024-10-03T06:50:36","slug":"projecte-radiomica","status":"publish","type":"event","link":"https:\/\/ticsalutsocial.atoom.space\/en\/event\/projecte-radiomica\/","title":{"rendered":"Projecte Radi\u00f2mica"},"content":{"rendered":"<p class=\"p1\"><i>La radi\u00f2mica \u00e9s un nou paradigma en l\u2019\u00e0mbit del Diagn\u00f2stic per la Imatge. L\u2019an\u00e0lisi bioinform\u00e0tica <\/i><i>d\u2019un gran volum de dades de pacients permet obtenir biomarcadors d\u2019imatge que, mitjan\u00e7ant <\/i><i>algoritmes i l\u2019\u00fas de la intel\u00b7lig\u00e8ncia artificial, podran predir l\u2019evoluci\u00f3 de c\u00e0ncers i altres malalties.<\/i><\/p>\n<p class=\"p1\"><i>El projecte de radi\u00f2mica de l\u2019Hospital Universitari de Bellvitge (HUB) s\u2019ha iniciat amb 44 subprojectes <\/i><i>que busquen respostes per a les preguntes cl\u00edniques generades pels equips de Radiologia, Medicina <\/i><i>Nuclear i metges experts en patologies molt concretes.<\/i><\/p>\n<p>&nbsp;<\/p>\n<p class=\"p1\"><strong><span class=\"s1\"><i>9.30 h &#8211; <\/i><\/span><i>Recollida de documentaci\u00f3<\/i><\/strong><\/p>\n<p class=\"p1\"><strong><span class=\"s1\"><i>9.45 h &#8211; <\/i><\/span><i>Benvinguda institucional<\/i><\/strong><\/p>\n<p class=\"p2\"><strong><i>10.00 h &#8211; <\/i><span class=\"s2\"><i>Confer\u00e8ncia inaugural: <\/i><\/span><i>\u201cLa Intel\u00b7lig\u00e8ncia Artificial, un instrument vital per a la salut\u201d<\/i><\/strong><\/p>\n<p class=\"p2\"><i>Joan Guanyabens, director de la Fundaci\u00f3 Ticsalut i Social.<\/i><\/p>\n<p class=\"p2\"><strong><i>10.30 h &#8211; <\/i><span class=\"s2\"><i>Taula 1: <\/i><\/span><i>El projecte Radi\u00f2mica<\/i><\/strong><\/p>\n<p class=\"p1\"><i>Nahum Calvo, Director Cl\u00ednic Territorial de Diagn\u00f2stic per la Imatge <\/i><i>de l\u2019Hospital Universitari de Bellvitge.<\/i><\/p>\n<p class=\"p1\"><i>Rafael Coronado, Science Business Development Manager de Canon.<\/i><\/p>\n<p class=\"p1\"><i>Faycal Djeridane, President i Fundador d\u2019Olea Medical \u2013 Cofundador d\u2019Avicenna.ai<\/i><\/p>\n<p class=\"p1\"><i>(intervenci\u00f3 en angl\u00e8s).<\/i><\/p>\n<p class=\"p3\"><strong><span class=\"s1\"><i>11.00 h &#8211; <\/i><\/span><i>Pausa per al caf\u00e8<\/i><\/strong><\/p>\n<p class=\"p2\"><i>11.30 h <\/i><span class=\"s2\"><i>Taula 2: <\/i><\/span><i>La metodologia del projecte Radi\u00f2mica<\/i><\/p>\n<p class=\"p1\"><i>Ignacio Mart\u00ednez Zalaca\u00edn, Enginyer expert en Imatge M\u00e8dica de <\/i><i>l\u2019Hospital Universitari de Bellvitge.<\/i><\/p>\n<p class=\"p2\"><strong><i>12.00 h &#8211; <\/i><span class=\"s2\"><i>Taula 3: <\/i><\/span><i>L\u2019aplicabilitat de la Radi\u00f2mica en la pr\u00e0ctica cl\u00ednica<\/i><\/strong><\/p>\n<p class=\"p1\"><i>Presentaci\u00f3 dels primers casos a c\u00e0rrec de Pablo Naval Baud\u00edn, Neuroradi\u00f2leg <\/i><i>de l\u2019Hospital Universitari de Bellvitge.<\/i><\/p>\n<p class=\"p3\"><strong><span class=\"s1\"><i>12.45 h &#8211; <\/i><\/span><i>Clausura de la jornada<\/i><\/strong><\/p>\n<p class=\"p2\"><strong><i>13.00 h &#8211; <\/i><span class=\"s2\"><i>Aperitiu<\/i><\/span><\/strong><\/p>\n","protected":false},"featured_media":0,"menu_order":0,"template":"","meta":{"_acf_changed":false,"inline_featured_image":false},"tipus":[],"topic":[116],"class_list":["post-28518","event","type-event","status-publish","hentry","topic-events"],"acf":{"documents":false,"informacio":{"ubicacio":"Sala d'actes Hospital Universitari de Bellvitge","data":"16\/10\/2024","hora":"9:30 - 13:00","preu":"Gratu\u00eft pr\u00e8via inscripci\u00f3","inscripcions":"https:\/\/ja.cat\/projecteradiomica"},"programa":{"titol":"","items":false},"imatge":28299},"yoast_head":"<!-- This site is optimized with the Yoast SEO plugin v27.1.1 - https:\/\/yoast.com\/product\/yoast-seo-wordpress\/ -->\n<title>Projecte Radi\u00f2mica - Fundaci\u00f3 TIC Salut i Social<\/title>\n<meta name=\"robots\" content=\"index, follow, max-snippet:-1, max-image-preview:large, max-video-preview:-1\" \/>\n<link rel=\"canonical\" href=\"https:\/\/ticsalutsocial.atoom.space\/en\/event\/projecte-radiomica\/\" \/>\n<meta property=\"og:locale\" content=\"en_US\" \/>\n<meta property=\"og:type\" content=\"article\" \/>\n<meta property=\"og:title\" content=\"Projecte Radi\u00f2mica - Fundaci\u00f3 TIC Salut i Social\" \/>\n<meta property=\"og:description\" content=\"La radi\u00f2mica \u00e9s un nou paradigma en l\u2019\u00e0mbit del Diagn\u00f2stic per la Imatge. L\u2019an\u00e0lisi bioinform\u00e0tica d\u2019un gran volum de dades de pacients permet obtenir biomarcadors d\u2019imatge que, mitjan\u00e7ant algoritmes i l\u2019\u00fas de la intel\u00b7lig\u00e8ncia artificial, podran predir l\u2019evoluci\u00f3 de c\u00e0ncers i altres malalties. El projecte de radi\u00f2mica de l\u2019Hospital Universitari de Bellvitge (HUB) s\u2019ha iniciat [&hellip;]\" \/>\n<meta property=\"og:url\" content=\"https:\/\/ticsalutsocial.atoom.space\/en\/event\/projecte-radiomica\/\" \/>\n<meta property=\"og:site_name\" content=\"Fundaci\u00f3 TIC Salut i Social\" \/>\n<meta property=\"article:modified_time\" content=\"2024-10-03T06:50:36+00:00\" \/>\n<meta name=\"twitter:card\" content=\"summary_large_image\" \/>\n<meta name=\"twitter:label1\" content=\"Est. reading time\" \/>\n\t<meta name=\"twitter:data1\" content=\"1 minute\" \/>\n<script type=\"application\/ld+json\" class=\"yoast-schema-graph\">{\"@context\":\"https:\/\/schema.org\",\"@graph\":[{\"@type\":\"WebPage\",\"@id\":\"https:\/\/ticsalutsocial.atoom.space\/en\/event\/projecte-radiomica\/\",\"url\":\"https:\/\/ticsalutsocial.atoom.space\/en\/event\/projecte-radiomica\/\",\"name\":\"Projecte Radi\u00f2mica - Fundaci\u00f3 TIC Salut i Social\",\"isPartOf\":{\"@id\":\"https:\/\/ticsalutsocial.atoom.space\/en\/#website\"},\"datePublished\":\"2024-09-10T09:00:21+00:00\",\"dateModified\":\"2024-10-03T06:50:36+00:00\",\"breadcrumb\":{\"@id\":\"https:\/\/ticsalutsocial.atoom.space\/en\/event\/projecte-radiomica\/#breadcrumb\"},\"inLanguage\":\"en-US\",\"potentialAction\":[{\"@type\":\"ReadAction\",\"target\":[\"https:\/\/ticsalutsocial.atoom.space\/en\/event\/projecte-radiomica\/\"]}]},{\"@type\":\"BreadcrumbList\",\"@id\":\"https:\/\/ticsalutsocial.atoom.space\/en\/event\/projecte-radiomica\/#breadcrumb\",\"itemListElement\":[{\"@type\":\"ListItem\",\"position\":1,\"name\":\"Inici\",\"item\":\"https:\/\/ticsalutsocial.atoom.space\/en\/\"},{\"@type\":\"ListItem\",\"position\":2,\"name\":\"Projecte Radi\u00f2mica\"}]},{\"@type\":\"WebSite\",\"@id\":\"https:\/\/ticsalutsocial.atoom.space\/en\/#website\",\"url\":\"https:\/\/ticsalutsocial.atoom.space\/en\/\",\"name\":\"Fundaci\u00f3 TIC Salut i Social\",\"description\":\"\",\"potentialAction\":[{\"@type\":\"SearchAction\",\"target\":{\"@type\":\"EntryPoint\",\"urlTemplate\":\"https:\/\/ticsalutsocial.atoom.space\/en\/?s={search_term_string}\"},\"query-input\":{\"@type\":\"PropertyValueSpecification\",\"valueRequired\":true,\"valueName\":\"search_term_string\"}}],\"inLanguage\":\"en-US\"}]}<\/script>\n<!-- \/ Yoast SEO plugin. -->","yoast_head_json":{"title":"Projecte Radi\u00f2mica - Fundaci\u00f3 TIC Salut i Social","robots":{"index":"index","follow":"follow","max-snippet":"max-snippet:-1","max-image-preview":"max-image-preview:large","max-video-preview":"max-video-preview:-1"},"canonical":"https:\/\/ticsalutsocial.atoom.space\/en\/event\/projecte-radiomica\/","og_locale":"en_US","og_type":"article","og_title":"Projecte Radi\u00f2mica - Fundaci\u00f3 TIC Salut i Social","og_description":"La radi\u00f2mica \u00e9s un nou paradigma en l\u2019\u00e0mbit del Diagn\u00f2stic per la Imatge. L\u2019an\u00e0lisi bioinform\u00e0tica d\u2019un gran volum de dades de pacients permet obtenir biomarcadors d\u2019imatge que, mitjan\u00e7ant algoritmes i l\u2019\u00fas de la intel\u00b7lig\u00e8ncia artificial, podran predir l\u2019evoluci\u00f3 de c\u00e0ncers i altres malalties. El projecte de radi\u00f2mica de l\u2019Hospital Universitari de Bellvitge (HUB) s\u2019ha iniciat [&hellip;]","og_url":"https:\/\/ticsalutsocial.atoom.space\/en\/event\/projecte-radiomica\/","og_site_name":"Fundaci\u00f3 TIC Salut i Social","article_modified_time":"2024-10-03T06:50:36+00:00","twitter_card":"summary_large_image","twitter_misc":{"Est. reading time":"1 minute"},"schema":{"@context":"https:\/\/schema.org","@graph":[{"@type":"WebPage","@id":"https:\/\/ticsalutsocial.atoom.space\/en\/event\/projecte-radiomica\/","url":"https:\/\/ticsalutsocial.atoom.space\/en\/event\/projecte-radiomica\/","name":"Projecte Radi\u00f2mica - Fundaci\u00f3 TIC Salut i Social","isPartOf":{"@id":"https:\/\/ticsalutsocial.atoom.space\/en\/#website"},"datePublished":"2024-09-10T09:00:21+00:00","dateModified":"2024-10-03T06:50:36+00:00","breadcrumb":{"@id":"https:\/\/ticsalutsocial.atoom.space\/en\/event\/projecte-radiomica\/#breadcrumb"},"inLanguage":"en-US","potentialAction":[{"@type":"ReadAction","target":["https:\/\/ticsalutsocial.atoom.space\/en\/event\/projecte-radiomica\/"]}]},{"@type":"BreadcrumbList","@id":"https:\/\/ticsalutsocial.atoom.space\/en\/event\/projecte-radiomica\/#breadcrumb","itemListElement":[{"@type":"ListItem","position":1,"name":"Inici","item":"https:\/\/ticsalutsocial.atoom.space\/en\/"},{"@type":"ListItem","position":2,"name":"Projecte Radi\u00f2mica"}]},{"@type":"WebSite","@id":"https:\/\/ticsalutsocial.atoom.space\/en\/#website","url":"https:\/\/ticsalutsocial.atoom.space\/en\/","name":"Fundaci\u00f3 TIC Salut i Social","description":"","potentialAction":[{"@type":"SearchAction","target":{"@type":"EntryPoint","urlTemplate":"https:\/\/ticsalutsocial.atoom.space\/en\/?s={search_term_string}"},"query-input":{"@type":"PropertyValueSpecification","valueRequired":true,"valueName":"search_term_string"}}],"inLanguage":"en-US"}]}},"_links":{"self":[{"href":"https:\/\/ticsalutsocial.atoom.space\/en\/wp-json\/wp\/v2\/event\/28518","targetHints":{"allow":["GET"]}}],"collection":[{"href":"https:\/\/ticsalutsocial.atoom.space\/en\/wp-json\/wp\/v2\/event"}],"about":[{"href":"https:\/\/ticsalutsocial.atoom.space\/en\/wp-json\/wp\/v2\/types\/event"}],"wp:attachment":[{"href":"https:\/\/ticsalutsocial.atoom.space\/en\/wp-json\/wp\/v2\/media?parent=28518"}],"wp:term":[{"taxonomy":"tipus","embeddable":true,"href":"https:\/\/ticsalutsocial.atoom.space\/en\/wp-json\/wp\/v2\/tipus?post=28518"},{"taxonomy":"topic","embeddable":true,"href":"https:\/\/ticsalutsocial.atoom.space\/en\/wp-json\/wp\/v2\/topic?post=28518"}],"curies":[{"name":"wp","href":"https:\/\/api.w.org\/{rel}","templated":true}]}}

Projecte Radiòmica

<p class="p1"><i>La radiòmica és un nou paradigma en l’àmbit del Diagnòstic per la Imatge. L’anàlisi bioinformàtica </i><i>d’un gran volum de dades de pacients permet obtenir biomarcadors d’imatge que, mitjançant </i><i>algoritmes i l’ús de la intel·ligència artificial, podran predir l’evolució de càncers i altres malalties.</i></p>
<p class="p1"><i>El projecte de radiòmica de l’Hospital Universitari de Bellvitge (HUB) s’ha iniciat amb 44 subprojectes </i><i>que busquen respostes per a les preguntes clíniques generades pels equips de Radiologia, Medicina </i><i>Nuclear i metges experts en patologies molt concretes.</i></p>
<p>&nbsp;</p>
<p class="p1"><strong><span class="s1"><i>9.30 h &#8211; </i></span><i>Recollida de documentació</i></strong></p>
<p class="p1"><strong><span class="s1"><i>9.45 h &#8211; </i></span><i>Benvinguda institucional</i></strong></p>
<p class="p2"><strong><i>10.00 h &#8211; </i><span class="s2"><i>Conferència inaugural: </i></span><i>“La Intel·ligència Artificial, un instrument vital per a la salut”</i></strong></p>
<p class="p2"><i>Joan Guanyabens, director de la Fundació Ticsalut i Social.</i></p>
<p class="p2"><strong><i>10.30 h &#8211; </i><span class="s2"><i>Taula 1: </i></span><i>El projecte Radiòmica</i></strong></p>
<p class="p1"><i>Nahum Calvo, Director Clínic Territorial de Diagnòstic per la Imatge </i><i>de l’Hospital Universitari de Bellvitge.</i></p>
<p class="p1"><i>Rafael Coronado, Science Business Development Manager de Canon.</i></p>
<p class="p1"><i>Faycal Djeridane, President i Fundador d’Olea Medical – Cofundador d’Avicenna.ai</i></p>
<p class="p1"><i>(intervenció en anglès).</i></p>
<p class="p3"><strong><span class="s1"><i>11.00 h &#8211; </i></span><i>Pausa per al cafè</i></strong></p>
<p class="p2"><i>11.30 h </i><span class="s2"><i>Taula 2: </i></span><i>La metodologia del projecte Radiòmica</i></p>
<p class="p1"><i>Ignacio Martínez Zalacaín, Enginyer expert en Imatge Mèdica de </i><i>l’Hospital Universitari de Bellvitge.</i></p>
<p class="p2"><strong><i>12.00 h &#8211; </i><span class="s2"><i>Taula 3: </i></span><i>L’aplicabilitat de la Radiòmica en la pràctica clínica</i></strong></p>
<p class="p1"><i>Presentació dels primers casos a càrrec de Pablo Naval Baudín, Neuroradiòleg </i><i>de l’Hospital Universitari de Bellvitge.</i></p>
<p class="p3"><strong><span class="s1"><i>12.45 h &#8211; </i></span><i>Clausura de la jornada</i></strong></p>
<p class="p2"><strong><i>13.00 h &#8211; </i><span class="s2"><i>Aperitiu</i></span></strong></p>

Gratuït prèvia inscripció

<!-- This site is optimized with the Yoast SEO plugin v27.1.1 - https://yoast.com/product/yoast-seo-wordpress/ -->
<title>Projecte Radiòmica - Fundació TIC Salut i Social</title>
<meta name="robots" content="index, follow, max-snippet:-1, max-image-preview:large, max-video-preview:-1" />
<link rel="canonical" href="https://ticsalutsocial.atoom.space/en/event/projecte-radiomica/" />
<meta property="og:locale" content="en_US" />
<meta property="og:type" content="article" />
<meta property="og:title" content="Projecte Radiòmica - Fundació TIC Salut i Social" />
<meta property="og:description" content="La radiòmica és un nou paradigma en l’àmbit del Diagnòstic per la Imatge. L’anàlisi bioinformàtica d’un gran volum de dades de pacients permet obtenir biomarcadors d’imatge que, mitjançant algoritmes i l’ús de la intel·ligència artificial, podran predir l’evolució de càncers i altres malalties. El projecte de radiòmica de l’Hospital Universitari de Bellvitge (HUB) s’ha iniciat [&hellip;]" />
<meta property="og:url" content="https://ticsalutsocial.atoom.space/en/event/projecte-radiomica/" />
<meta property="og:site_name" content="Fundació TIC Salut i Social" />
<meta property="article:modified_time" content="2024-10-03T06:50:36+00:00" />
<meta name="twitter:card" content="summary_large_image" />
<meta name="twitter:label1" content="Est. reading time" />
	<meta name="twitter:data1" content="1 minute" />
<script type="application/ld+json" class="yoast-schema-graph">{"@context":"https://schema.org","@graph":[{"@type":"WebPage","@id":"https://ticsalutsocial.atoom.space/en/event/projecte-radiomica/","url":"https://ticsalutsocial.atoom.space/en/event/projecte-radiomica/","name":"Projecte Radiòmica - Fundació TIC Salut i Social","isPartOf":{"@id":"https://ticsalutsocial.atoom.space/en/#website"},"datePublished":"2024-09-10T09:00:21+00:00","dateModified":"2024-10-03T06:50:36+00:00","breadcrumb":{"@id":"https://ticsalutsocial.atoom.space/en/event/projecte-radiomica/#breadcrumb"},"inLanguage":"en-US","potentialAction":[{"@type":"ReadAction","target":["https://ticsalutsocial.atoom.space/en/event/projecte-radiomica/"]}]},{"@type":"BreadcrumbList","@id":"https://ticsalutsocial.atoom.space/en/event/projecte-radiomica/#breadcrumb","itemListElement":[{"@type":"ListItem","position":1,"name":"Inici","item":"https://ticsalutsocial.atoom.space/en/"},{"@type":"ListItem","position":2,"name":"Projecte Radiòmica"}]},{"@type":"WebSite","@id":"https://ticsalutsocial.atoom.space/en/#website","url":"https://ticsalutsocial.atoom.space/en/","name":"Fundació TIC Salut i Social","description":"","potentialAction":[{"@type":"SearchAction","target":{"@type":"EntryPoint","urlTemplate":"https://ticsalutsocial.atoom.space/en/?s={search_term_string}"},"query-input":{"@type":"PropertyValueSpecification","valueRequired":true,"valueName":"search_term_string"}}],"inLanguage":"en-US"}]}</script>
<!-- / Yoast SEO plugin. -->

Projecte Radiòmica - Fundació TIC Salut i Social

La radiòmica és un nou paradigma en l’àmbit del Diagnòstic per la Imatge. L’anàlisi bioinformàtica d’un gran volum de dades de pacients permet obtenir biomarcadors d’imatge que, mitjançant algoritmes i l’ús de la intel·ligència artificial, podran predir l’evolució de càncers i altres malalties. El projecte de radiòmica de l’Hospital Universitari de Bellvitge (HUB) s’ha iniciat [&hellip;]

Fundació TIC Salut i Social
