
{"id":28740,"date":"2024-10-11T13:14:35","date_gmt":"2024-10-11T11:14:35","guid":{"rendered":"https:\/\/ticsalutsocial.atoom.space\/event\/xxxi-jornadas-nacionales-de-innovacion-y-salud-en-andalucia\/"},"modified":"2024-10-11T13:14:35","modified_gmt":"2024-10-11T11:14:35","slug":"xxxi-jornadas-nacionales-de-innovacion-y-salud-en-andalucia","status":"publish","type":"event","link":"https:\/\/ticsalutsocial.atoom.space\/en\/event\/xxxi-jornadas-nacionales-de-innovacion-y-salud-en-andalucia\/","title":{"rendered":"XXXI Jornadas Nacionales de Innovaci\u00f3n y Salud en Andaluc\u00eda"},"content":{"rendered":"\n<p>[Acte organitzat per la SEIS]<\/p>\n\n\n\n<p>La Transformaci\u00f3n Digital est\u00e1 ocurriendo en el Sector Salud, por m\u00faltiples actores, con financiaci\u00f3n ordinaria y extraordinaria, con o sin planes Estrat\u00e9gicos publicados. En estas XXXI Jornadas proponemos planes proponemos abordar algunos retos (16) planteados como \u201ccasos de uso\u201d significativos de esta transformaci\u00f3n e identificar acciones \u00fatiles para los pr\u00f3ximos contratos entre todos los agentes implicados: \u201cimpacientes\u201d, profesionales, proveedores, etc. Nos anima cooperar contra la ignorancia (individual y colectiva) m\u00e1s que competir contra nadie.<\/p>\n\n\n\n<p>El t\u00e9rmino IA y sus muchas tipolog\u00edas o clases est\u00e1 de moda. Con este ejercicio de reflexi\u00f3n colectiva, deseamos colaborar para que cualquier IA genere los beneficios, esperados y sin caer en t\u00f3picos generalistas ni en peligros previsibles.<\/p>\n\n\n\n<p>Para definir los retos, los comit\u00e9s institucional, tecnol\u00f3gico y cient\u00edfico de la SEIS, junto con la participaci\u00f3n de otros expertos, hemos partido de dos perspectivas complementarias: \u00bfQu\u00e9 grandes problemas tiene nuestro sistema de servicios de salud? y, desde dentro del \u00e1mbito TIC: \u00bfQu\u00e9 pueden aportar las actuales tecnolog\u00edas de informaci\u00f3n y conocimiento? Por ello el programa de trabajo presenta casos de usos referidos a grandes problemas de salud y\/o organizativos (resistencia antimicrobianos, imagen digital, \u2026) y a casos directamente relacionados con TIC (arquitecturas, herramientas, marco legal, seguridad, gesti\u00f3n cambio, etc.)<\/p>\n\n\n\n<p>En continuidad con ejercicios anteriores, la metodolog\u00eda propuesta sigue el esquema: reto \u2013 pregunta clave \u2013 c\u00f3mos (acciones) \u2013 discusi\u00f3n \u2013 pro\u00adel pro\u00adpuestas \u2013 \u2026 O, dicho de otro modo, ir desde los resultados conocidos puestas a nuevas propuestas de mejora, tanto en las reglas de decisi\u00f3n, como en las acciones para diagn\u00f3stico y tratamiento encaminadas a curar y cuidar. Este estilo trabajo busca la participaci\u00f3n activa de todos: cada opini\u00f3n cuenta y pondera el criterio general, como ocurre con los resultados en salud incorporados a las decisiones cl\u00ednicas. Cada espacio (plenario o taller) comenzar\u00e1 comentando las respuestas obtenidas a su pregunta clave planteada por los conductores del mismo. Continuar\u00e1 con argumentos, afirmaciones, discrepancias y nuevos ofrecimientos de los ponentes. Y, seguir\u00e1 en este escenario tecnol\u00f3gico tan cambiante, con nuevas acciones para la mejora continua del curar y cuidar.<\/p>\n\n\n\n<p>El Director de Transformaci\u00f3n Digital de la Fundaci\u00f3n TIC Salut Social, Carlos Gallego, coordina el taller &#8216;\u00bfLa IA har\u00e1 posible cambiar la pr\u00e1ctica cl\u00ednica?&#8217;.<\/p>\n","protected":false},"featured_media":28736,"menu_order":0,"template":"","meta":{"_acf_changed":false,"inline_featured_image":false},"tipus":[],"topic":[116],"class_list":["post-28740","event","type-event","status-publish","has-post-thumbnail","hentry","topic-events"],"acf":{"imatge":28736,"informacio":{"ubicacio":"Hotel Melia Sol Principe, Torremolinos","data":"23\/10\/2024","hora":"","preu":"","inscripcions":"https:\/\/seis.es\/xxxi-jornadas-andalucia\/"},"programa":{"titol":"","items":false}},"yoast_head":"<!-- This site is optimized with the Yoast SEO plugin v27.1.1 - https:\/\/yoast.com\/product\/yoast-seo-wordpress\/ -->\n<title>XXXI Jornadas Nacionales de Innovaci\u00f3n y Salud en Andaluc\u00eda - Fundaci\u00f3 TIC Salut i Social<\/title>\n<meta name=\"robots\" content=\"index, follow, max-snippet:-1, max-image-preview:large, max-video-preview:-1\" \/>\n<link rel=\"canonical\" href=\"https:\/\/ticsalutsocial.atoom.space\/en\/event\/xxxi-jornadas-nacionales-de-innovacion-y-salud-en-andalucia\/\" \/>\n<meta property=\"og:locale\" content=\"en_US\" \/>\n<meta property=\"og:type\" content=\"article\" \/>\n<meta property=\"og:title\" content=\"XXXI Jornadas Nacionales de Innovaci\u00f3n y Salud en Andaluc\u00eda - Fundaci\u00f3 TIC Salut i Social\" \/>\n<meta property=\"og:description\" content=\"[Acte organitzat per la SEIS] La Transformaci\u00f3n Digital est\u00e1 ocurriendo en el Sector Salud, por m\u00faltiples actores, con financiaci\u00f3n ordinaria y extraordinaria, con o sin planes Estrat\u00e9gicos publicados. En estas XXXI Jornadas proponemos planes proponemos abordar algunos retos (16) planteados como \u201ccasos de uso\u201d significativos de esta transformaci\u00f3n e identificar acciones \u00fatiles para los pr\u00f3ximos [&hellip;]\" \/>\n<meta property=\"og:url\" content=\"https:\/\/ticsalutsocial.atoom.space\/en\/event\/xxxi-jornadas-nacionales-de-innovacion-y-salud-en-andalucia\/\" \/>\n<meta property=\"og:site_name\" content=\"Fundaci\u00f3 TIC Salut i Social\" \/>\n<meta name=\"twitter:card\" content=\"summary_large_image\" \/>\n<meta name=\"twitter:label1\" content=\"Est. reading time\" \/>\n\t<meta name=\"twitter:data1\" content=\"2 minutes\" \/>\n<script type=\"application\/ld+json\" class=\"yoast-schema-graph\">{\"@context\":\"https:\/\/schema.org\",\"@graph\":[{\"@type\":\"WebPage\",\"@id\":\"https:\/\/ticsalutsocial.atoom.space\/en\/event\/xxxi-jornadas-nacionales-de-innovacion-y-salud-en-andalucia\/\",\"url\":\"https:\/\/ticsalutsocial.atoom.space\/en\/event\/xxxi-jornadas-nacionales-de-innovacion-y-salud-en-andalucia\/\",\"name\":\"XXXI Jornadas Nacionales de Innovaci\u00f3n y Salud en Andaluc\u00eda - Fundaci\u00f3 TIC Salut i Social\",\"isPartOf\":{\"@id\":\"https:\/\/ticsalutsocial.atoom.space\/en\/#website\"},\"primaryImageOfPage\":{\"@id\":\"https:\/\/ticsalutsocial.atoom.space\/en\/event\/xxxi-jornadas-nacionales-de-innovacion-y-salud-en-andalucia\/#primaryimage\"},\"image\":{\"@id\":\"https:\/\/ticsalutsocial.atoom.space\/en\/event\/xxxi-jornadas-nacionales-de-innovacion-y-salud-en-andalucia\/#primaryimage\"},\"thumbnailUrl\":\"https:\/\/ticsalutsocial.atoom.space\/wp-content\/uploads\/2024\/10\/Captura-de-pantalla-2024-10-11-a-las-13.13.23.png\",\"datePublished\":\"2024-10-11T11:14:35+00:00\",\"breadcrumb\":{\"@id\":\"https:\/\/ticsalutsocial.atoom.space\/en\/event\/xxxi-jornadas-nacionales-de-innovacion-y-salud-en-andalucia\/#breadcrumb\"},\"inLanguage\":\"en-US\",\"potentialAction\":[{\"@type\":\"ReadAction\",\"target\":[\"https:\/\/ticsalutsocial.atoom.space\/en\/event\/xxxi-jornadas-nacionales-de-innovacion-y-salud-en-andalucia\/\"]}]},{\"@type\":\"ImageObject\",\"inLanguage\":\"en-US\",\"@id\":\"https:\/\/ticsalutsocial.atoom.space\/en\/event\/xxxi-jornadas-nacionales-de-innovacion-y-salud-en-andalucia\/#primaryimage\",\"url\":\"https:\/\/ticsalutsocial.atoom.space\/wp-content\/uploads\/2024\/10\/Captura-de-pantalla-2024-10-11-a-las-13.13.23.png\",\"contentUrl\":\"https:\/\/ticsalutsocial.atoom.space\/wp-content\/uploads\/2024\/10\/Captura-de-pantalla-2024-10-11-a-las-13.13.23.png\",\"width\":1106,\"height\":606},{\"@type\":\"BreadcrumbList\",\"@id\":\"https:\/\/ticsalutsocial.atoom.space\/en\/event\/xxxi-jornadas-nacionales-de-innovacion-y-salud-en-andalucia\/#breadcrumb\",\"itemListElement\":[{\"@type\":\"ListItem\",\"position\":1,\"name\":\"Inici\",\"item\":\"https:\/\/ticsalutsocial.atoom.space\/en\/\"},{\"@type\":\"ListItem\",\"position\":2,\"name\":\"XXXI Jornadas Nacionales de Innovaci\u00f3n y Salud en Andaluc\u00eda\"}]},{\"@type\":\"WebSite\",\"@id\":\"https:\/\/ticsalutsocial.atoom.space\/en\/#website\",\"url\":\"https:\/\/ticsalutsocial.atoom.space\/en\/\",\"name\":\"Fundaci\u00f3 TIC Salut i Social\",\"description\":\"\",\"potentialAction\":[{\"@type\":\"SearchAction\",\"target\":{\"@type\":\"EntryPoint\",\"urlTemplate\":\"https:\/\/ticsalutsocial.atoom.space\/en\/?s={search_term_string}\"},\"query-input\":{\"@type\":\"PropertyValueSpecification\",\"valueRequired\":true,\"valueName\":\"search_term_string\"}}],\"inLanguage\":\"en-US\"}]}<\/script>\n<!-- \/ Yoast SEO plugin. -->","yoast_head_json":{"title":"XXXI Jornadas Nacionales de Innovaci\u00f3n y Salud en Andaluc\u00eda - Fundaci\u00f3 TIC Salut i Social","robots":{"index":"index","follow":"follow","max-snippet":"max-snippet:-1","max-image-preview":"max-image-preview:large","max-video-preview":"max-video-preview:-1"},"canonical":"https:\/\/ticsalutsocial.atoom.space\/en\/event\/xxxi-jornadas-nacionales-de-innovacion-y-salud-en-andalucia\/","og_locale":"en_US","og_type":"article","og_title":"XXXI Jornadas Nacionales de Innovaci\u00f3n y Salud en Andaluc\u00eda - Fundaci\u00f3 TIC Salut i Social","og_description":"[Acte organitzat per la SEIS] La Transformaci\u00f3n Digital est\u00e1 ocurriendo en el Sector Salud, por m\u00faltiples actores, con financiaci\u00f3n ordinaria y extraordinaria, con o sin planes Estrat\u00e9gicos publicados. En estas XXXI Jornadas proponemos planes proponemos abordar algunos retos (16) planteados como \u201ccasos de uso\u201d significativos de esta transformaci\u00f3n e identificar acciones \u00fatiles para los pr\u00f3ximos [&hellip;]","og_url":"https:\/\/ticsalutsocial.atoom.space\/en\/event\/xxxi-jornadas-nacionales-de-innovacion-y-salud-en-andalucia\/","og_site_name":"Fundaci\u00f3 TIC Salut i Social","twitter_card":"summary_large_image","twitter_misc":{"Est. reading time":"2 minutes"},"schema":{"@context":"https:\/\/schema.org","@graph":[{"@type":"WebPage","@id":"https:\/\/ticsalutsocial.atoom.space\/en\/event\/xxxi-jornadas-nacionales-de-innovacion-y-salud-en-andalucia\/","url":"https:\/\/ticsalutsocial.atoom.space\/en\/event\/xxxi-jornadas-nacionales-de-innovacion-y-salud-en-andalucia\/","name":"XXXI Jornadas Nacionales de Innovaci\u00f3n y Salud en Andaluc\u00eda - Fundaci\u00f3 TIC Salut i Social","isPartOf":{"@id":"https:\/\/ticsalutsocial.atoom.space\/en\/#website"},"primaryImageOfPage":{"@id":"https:\/\/ticsalutsocial.atoom.space\/en\/event\/xxxi-jornadas-nacionales-de-innovacion-y-salud-en-andalucia\/#primaryimage"},"image":{"@id":"https:\/\/ticsalutsocial.atoom.space\/en\/event\/xxxi-jornadas-nacionales-de-innovacion-y-salud-en-andalucia\/#primaryimage"},"thumbnailUrl":"https:\/\/ticsalutsocial.atoom.space\/wp-content\/uploads\/2024\/10\/Captura-de-pantalla-2024-10-11-a-las-13.13.23.png","datePublished":"2024-10-11T11:14:35+00:00","breadcrumb":{"@id":"https:\/\/ticsalutsocial.atoom.space\/en\/event\/xxxi-jornadas-nacionales-de-innovacion-y-salud-en-andalucia\/#breadcrumb"},"inLanguage":"en-US","potentialAction":[{"@type":"ReadAction","target":["https:\/\/ticsalutsocial.atoom.space\/en\/event\/xxxi-jornadas-nacionales-de-innovacion-y-salud-en-andalucia\/"]}]},{"@type":"ImageObject","inLanguage":"en-US","@id":"https:\/\/ticsalutsocial.atoom.space\/en\/event\/xxxi-jornadas-nacionales-de-innovacion-y-salud-en-andalucia\/#primaryimage","url":"https:\/\/ticsalutsocial.atoom.space\/wp-content\/uploads\/2024\/10\/Captura-de-pantalla-2024-10-11-a-las-13.13.23.png","contentUrl":"https:\/\/ticsalutsocial.atoom.space\/wp-content\/uploads\/2024\/10\/Captura-de-pantalla-2024-10-11-a-las-13.13.23.png","width":1106,"height":606},{"@type":"BreadcrumbList","@id":"https:\/\/ticsalutsocial.atoom.space\/en\/event\/xxxi-jornadas-nacionales-de-innovacion-y-salud-en-andalucia\/#breadcrumb","itemListElement":[{"@type":"ListItem","position":1,"name":"Inici","item":"https:\/\/ticsalutsocial.atoom.space\/en\/"},{"@type":"ListItem","position":2,"name":"XXXI Jornadas Nacionales de Innovaci\u00f3n y Salud en Andaluc\u00eda"}]},{"@type":"WebSite","@id":"https:\/\/ticsalutsocial.atoom.space\/en\/#website","url":"https:\/\/ticsalutsocial.atoom.space\/en\/","name":"Fundaci\u00f3 TIC Salut i Social","description":"","potentialAction":[{"@type":"SearchAction","target":{"@type":"EntryPoint","urlTemplate":"https:\/\/ticsalutsocial.atoom.space\/en\/?s={search_term_string}"},"query-input":{"@type":"PropertyValueSpecification","valueRequired":true,"valueName":"search_term_string"}}],"inLanguage":"en-US"}]}},"_links":{"self":[{"href":"https:\/\/ticsalutsocial.atoom.space\/en\/wp-json\/wp\/v2\/event\/28740","targetHints":{"allow":["GET"]}}],"collection":[{"href":"https:\/\/ticsalutsocial.atoom.space\/en\/wp-json\/wp\/v2\/event"}],"about":[{"href":"https:\/\/ticsalutsocial.atoom.space\/en\/wp-json\/wp\/v2\/types\/event"}],"wp:featuredmedia":[{"embeddable":true,"href":"https:\/\/ticsalutsocial.atoom.space\/en\/wp-json\/wp\/v2\/media\/28736"}],"wp:attachment":[{"href":"https:\/\/ticsalutsocial.atoom.space\/en\/wp-json\/wp\/v2\/media?parent=28740"}],"wp:term":[{"taxonomy":"tipus","embeddable":true,"href":"https:\/\/ticsalutsocial.atoom.space\/en\/wp-json\/wp\/v2\/tipus?post=28740"},{"taxonomy":"topic","embeddable":true,"href":"https:\/\/ticsalutsocial.atoom.space\/en\/wp-json\/wp\/v2\/topic?post=28740"}],"curies":[{"name":"wp","href":"https:\/\/api.w.org\/{rel}","templated":true}]}}

XXXI Jornadas Nacionales de Innovación y Salud en Andalucía

<p>[Acte organitzat per la SEIS]</p>



<p>La Transformación Digital está ocurriendo en el Sector Salud, por múltiples actores, con financiación ordinaria y extraordinaria, con o sin planes Estratégicos publicados. En estas XXXI Jornadas proponemos planes proponemos abordar algunos retos (16) planteados como “casos de uso” significativos de esta transformación e identificar acciones útiles para los próximos contratos entre todos los agentes implicados: “impacientes”, profesionales, proveedores, etc. Nos anima cooperar contra la ignorancia (individual y colectiva) más que competir contra nadie.</p>



<p>El término IA y sus muchas tipologías o clases está de moda. Con este ejercicio de reflexión colectiva, deseamos colaborar para que cualquier IA genere los beneficios, esperados y sin caer en tópicos generalistas ni en peligros previsibles.</p>



<p>Para definir los retos, los comités institucional, tecnológico y científico de la SEIS, junto con la participación de otros expertos, hemos partido de dos perspectivas complementarias: ¿Qué grandes problemas tiene nuestro sistema de servicios de salud? y, desde dentro del ámbito TIC: ¿Qué pueden aportar las actuales tecnologías de información y conocimiento? Por ello el programa de trabajo presenta casos de usos referidos a grandes problemas de salud y/o organizativos (resistencia antimicrobianos, imagen digital, …) y a casos directamente relacionados con TIC (arquitecturas, herramientas, marco legal, seguridad, gestión cambio, etc.)</p>



<p>En continuidad con ejercicios anteriores, la metodología propuesta sigue el esquema: reto – pregunta clave – cómos (acciones) – discusión – pro­el pro­puestas – … O, dicho de otro modo, ir desde los resultados conocidos puestas a nuevas propuestas de mejora, tanto en las reglas de decisión, como en las acciones para diagnóstico y tratamiento encaminadas a curar y cuidar. Este estilo trabajo busca la participación activa de todos: cada opinión cuenta y pondera el criterio general, como ocurre con los resultados en salud incorporados a las decisiones clínicas. Cada espacio (plenario o taller) comenzará comentando las respuestas obtenidas a su pregunta clave planteada por los conductores del mismo. Continuará con argumentos, afirmaciones, discrepancias y nuevos ofrecimientos de los ponentes. Y, seguirá en este escenario tecnológico tan cambiante, con nuevas acciones para la mejora continua del curar y cuidar.</p>



<p>El Director de Transformación Digital de la Fundación TIC Salut Social, Carlos Gallego, coordina el taller &#8216;¿La IA hará posible cambiar la práctica clínica?&#8217;.</p>

<!-- This site is optimized with the Yoast SEO plugin v27.1.1 - https://yoast.com/product/yoast-seo-wordpress/ -->
<title>XXXI Jornadas Nacionales de Innovación y Salud en Andalucía - Fundació TIC Salut i Social</title>
<meta name="robots" content="index, follow, max-snippet:-1, max-image-preview:large, max-video-preview:-1" />
<link rel="canonical" href="https://ticsalutsocial.atoom.space/en/event/xxxi-jornadas-nacionales-de-innovacion-y-salud-en-andalucia/" />
<meta property="og:locale" content="en_US" />
<meta property="og:type" content="article" />
<meta property="og:title" content="XXXI Jornadas Nacionales de Innovación y Salud en Andalucía - Fundació TIC Salut i Social" />
<meta property="og:description" content="[Acte organitzat per la SEIS] La Transformación Digital está ocurriendo en el Sector Salud, por múltiples actores, con financiación ordinaria y extraordinaria, con o sin planes Estratégicos publicados. En estas XXXI Jornadas proponemos planes proponemos abordar algunos retos (16) planteados como “casos de uso” significativos de esta transformación e identificar acciones útiles para los próximos [&hellip;]" />
<meta property="og:url" content="https://ticsalutsocial.atoom.space/en/event/xxxi-jornadas-nacionales-de-innovacion-y-salud-en-andalucia/" />
<meta property="og:site_name" content="Fundació TIC Salut i Social" />
<meta name="twitter:card" content="summary_large_image" />
<meta name="twitter:label1" content="Est. reading time" />
	<meta name="twitter:data1" content="2 minutes" />
<script type="application/ld+json" class="yoast-schema-graph">{"@context":"https://schema.org","@graph":[{"@type":"WebPage","@id":"https://ticsalutsocial.atoom.space/en/event/xxxi-jornadas-nacionales-de-innovacion-y-salud-en-andalucia/","url":"https://ticsalutsocial.atoom.space/en/event/xxxi-jornadas-nacionales-de-innovacion-y-salud-en-andalucia/","name":"XXXI Jornadas Nacionales de Innovación y Salud en Andalucía - Fundació TIC Salut i Social","isPartOf":{"@id":"https://ticsalutsocial.atoom.space/en/#website"},"primaryImageOfPage":{"@id":"https://ticsalutsocial.atoom.space/en/event/xxxi-jornadas-nacionales-de-innovacion-y-salud-en-andalucia/#primaryimage"},"image":{"@id":"https://ticsalutsocial.atoom.space/en/event/xxxi-jornadas-nacionales-de-innovacion-y-salud-en-andalucia/#primaryimage"},"thumbnailUrl":"https://ticsalutsocial.atoom.space/wp-content/uploads/2024/10/Captura-de-pantalla-2024-10-11-a-las-13.13.23.png","datePublished":"2024-10-11T11:14:35+00:00","breadcrumb":{"@id":"https://ticsalutsocial.atoom.space/en/event/xxxi-jornadas-nacionales-de-innovacion-y-salud-en-andalucia/#breadcrumb"},"inLanguage":"en-US","potentialAction":[{"@type":"ReadAction","target":["https://ticsalutsocial.atoom.space/en/event/xxxi-jornadas-nacionales-de-innovacion-y-salud-en-andalucia/"]}]},{"@type":"ImageObject","inLanguage":"en-US","@id":"https://ticsalutsocial.atoom.space/en/event/xxxi-jornadas-nacionales-de-innovacion-y-salud-en-andalucia/#primaryimage","url":"https://ticsalutsocial.atoom.space/wp-content/uploads/2024/10/Captura-de-pantalla-2024-10-11-a-las-13.13.23.png","contentUrl":"https://ticsalutsocial.atoom.space/wp-content/uploads/2024/10/Captura-de-pantalla-2024-10-11-a-las-13.13.23.png","width":1106,"height":606},{"@type":"BreadcrumbList","@id":"https://ticsalutsocial.atoom.space/en/event/xxxi-jornadas-nacionales-de-innovacion-y-salud-en-andalucia/#breadcrumb","itemListElement":[{"@type":"ListItem","position":1,"name":"Inici","item":"https://ticsalutsocial.atoom.space/en/"},{"@type":"ListItem","position":2,"name":"XXXI Jornadas Nacionales de Innovación y Salud en Andalucía"}]},{"@type":"WebSite","@id":"https://ticsalutsocial.atoom.space/en/#website","url":"https://ticsalutsocial.atoom.space/en/","name":"Fundació TIC Salut i Social","description":"","potentialAction":[{"@type":"SearchAction","target":{"@type":"EntryPoint","urlTemplate":"https://ticsalutsocial.atoom.space/en/?s={search_term_string}"},"query-input":{"@type":"PropertyValueSpecification","valueRequired":true,"valueName":"search_term_string"}}],"inLanguage":"en-US"}]}</script>
<!-- / Yoast SEO plugin. -->

XXXI Jornadas Nacionales de Innovación y Salud en Andalucía - Fundació TIC Salut i Social

[Acte organitzat per la SEIS] La Transformación Digital está ocurriendo en el Sector Salud, por múltiples actores, con financiación ordinaria y extraordinaria, con o sin planes Estratégicos publicados. En estas XXXI Jornadas proponemos planes proponemos abordar algunos retos (16) planteados como “casos de uso” significativos de esta transformación e identificar acciones útiles para los próximos [&hellip;]

Fundació TIC Salut i Social
