
{"id":28875,"date":"2024-10-22T11:37:00","date_gmt":"2024-10-22T09:37:00","guid":{"rendered":"https:\/\/ticsalutsocial.atoom.space\/event\/smart-city-expo-world-congress\/"},"modified":"2024-10-22T11:48:51","modified_gmt":"2024-10-22T09:48:51","slug":"smart-city-expo-world-congress","status":"publish","type":"event","link":"https:\/\/ticsalutsocial.atoom.space\/en\/event\/smart-city-expo-world-congress\/","title":{"rendered":"Smart City Expo World Congress"},"content":{"rendered":"\n<p>Smart City Expo World Congress is the world&#8217;s largest and most influential event on urban innovation.<\/p>\n\n\n\n<p>Held in Barcelona since 2011, each year it brings together leaders from businesses, governments and global organisations to advance cities towards a better future. Its aim is to collectivise urban innovation around the world and empower cities to tackle the critical challenges they face today.<\/p>\n\n\n\n<p>On the morning of Wednesday 6 November, the challenge of the Salut\/IA Programme and the <a href=\"https:\/\/iasalut.cat\/en\/noticia\/publicada-la-licitacio-per-trobar-solucions-basades-en-intel%c2%b7ligencia-artificial-per-a-la-prevencio-de-la-retinopatia\/\" target=\"_blank\" rel=\"noreferrer noopener\">call for tenders to find artificial intelligence-based solutions for the prevention of diabetic retinopathy in primary care <\/a>will be presented in a specific session on public procurement of innovation led by ACCI\u00d3.<\/p>\n\n\n\n<p><a href=\"https:\/\/www.smartcityexpo.com\/\">More information<\/a><\/p>\n","protected":false},"featured_media":0,"menu_order":0,"template":"","meta":{"_acf_changed":false,"inline_featured_image":false},"tipus":[],"topic":[],"class_list":["post-28875","event","type-event","status-publish","hentry"],"acf":{"imatge":28873,"informacio":{"ubicacio":"Fira Barcelona- recinte Montju\u00efc","data":"05\/11\/2024","hora":"","preu":"","inscripcions":"https:\/\/www.smartcityexpo.com\/passes-and-prices\/"},"programa":{"titol":"","items":false},"documents":false},"yoast_head":"<!-- This site is optimized with the Yoast SEO plugin v27.1.1 - https:\/\/yoast.com\/product\/yoast-seo-wordpress\/ -->\n<title>Smart City Expo World Congress - Fundaci\u00f3 TIC Salut i Social<\/title>\n<meta name=\"description\" content=\"Smart City Expo World Congress \u00e9s l&#039;esdeveniment m\u00e9s gran i m\u00e9s influent del m\u00f3n sobre la innovaci\u00f3 urbana.\" \/>\n<meta name=\"robots\" content=\"index, follow, max-snippet:-1, max-image-preview:large, max-video-preview:-1\" \/>\n<link rel=\"canonical\" href=\"https:\/\/ticsalutsocial.atoom.space\/en\/event\/smart-city-expo-world-congress\/\" \/>\n<meta property=\"og:locale\" content=\"en_US\" \/>\n<meta property=\"og:type\" content=\"article\" \/>\n<meta property=\"og:title\" content=\"Smart City Expo World Congress - Fundaci\u00f3 TIC Salut i Social\" \/>\n<meta property=\"og:description\" content=\"Smart City Expo World Congress \u00e9s l&#039;esdeveniment m\u00e9s gran i m\u00e9s influent del m\u00f3n sobre la innovaci\u00f3 urbana.\" \/>\n<meta property=\"og:url\" content=\"https:\/\/ticsalutsocial.atoom.space\/en\/event\/smart-city-expo-world-congress\/\" \/>\n<meta property=\"og:site_name\" content=\"Fundaci\u00f3 TIC Salut i Social\" \/>\n<meta property=\"article:modified_time\" content=\"2024-10-22T09:48:51+00:00\" \/>\n<meta name=\"twitter:card\" content=\"summary_large_image\" \/>\n<meta name=\"twitter:label1\" content=\"Est. reading time\" \/>\n\t<meta name=\"twitter:data1\" content=\"1 minute\" \/>\n<script type=\"application\/ld+json\" class=\"yoast-schema-graph\">{\"@context\":\"https:\/\/schema.org\",\"@graph\":[{\"@type\":\"WebPage\",\"@id\":\"https:\/\/ticsalutsocial.atoom.space\/en\/event\/smart-city-expo-world-congress\/\",\"url\":\"https:\/\/ticsalutsocial.atoom.space\/en\/event\/smart-city-expo-world-congress\/\",\"name\":\"Smart City Expo World Congress - Fundaci\u00f3 TIC Salut i Social\",\"isPartOf\":{\"@id\":\"https:\/\/ticsalutsocial.atoom.space\/en\/#website\"},\"datePublished\":\"2024-10-22T09:37:00+00:00\",\"dateModified\":\"2024-10-22T09:48:51+00:00\",\"description\":\"Smart City Expo World Congress \u00e9s l'esdeveniment m\u00e9s gran i m\u00e9s influent del m\u00f3n sobre la innovaci\u00f3 urbana.\",\"breadcrumb\":{\"@id\":\"https:\/\/ticsalutsocial.atoom.space\/en\/event\/smart-city-expo-world-congress\/#breadcrumb\"},\"inLanguage\":\"en-US\",\"potentialAction\":[{\"@type\":\"ReadAction\",\"target\":[\"https:\/\/ticsalutsocial.atoom.space\/en\/event\/smart-city-expo-world-congress\/\"]}]},{\"@type\":\"BreadcrumbList\",\"@id\":\"https:\/\/ticsalutsocial.atoom.space\/en\/event\/smart-city-expo-world-congress\/#breadcrumb\",\"itemListElement\":[{\"@type\":\"ListItem\",\"position\":1,\"name\":\"Inici\",\"item\":\"https:\/\/ticsalutsocial.atoom.space\/en\/\"},{\"@type\":\"ListItem\",\"position\":2,\"name\":\"Smart City Expo World Congress\"}]},{\"@type\":\"WebSite\",\"@id\":\"https:\/\/ticsalutsocial.atoom.space\/en\/#website\",\"url\":\"https:\/\/ticsalutsocial.atoom.space\/en\/\",\"name\":\"Fundaci\u00f3 TIC Salut i Social\",\"description\":\"\",\"potentialAction\":[{\"@type\":\"SearchAction\",\"target\":{\"@type\":\"EntryPoint\",\"urlTemplate\":\"https:\/\/ticsalutsocial.atoom.space\/en\/?s={search_term_string}\"},\"query-input\":{\"@type\":\"PropertyValueSpecification\",\"valueRequired\":true,\"valueName\":\"search_term_string\"}}],\"inLanguage\":\"en-US\"}]}<\/script>\n<!-- \/ Yoast SEO plugin. -->","yoast_head_json":{"title":"Smart City Expo World Congress - Fundaci\u00f3 TIC Salut i Social","description":"Smart City Expo World Congress \u00e9s l'esdeveniment m\u00e9s gran i m\u00e9s influent del m\u00f3n sobre la innovaci\u00f3 urbana.","robots":{"index":"index","follow":"follow","max-snippet":"max-snippet:-1","max-image-preview":"max-image-preview:large","max-video-preview":"max-video-preview:-1"},"canonical":"https:\/\/ticsalutsocial.atoom.space\/en\/event\/smart-city-expo-world-congress\/","og_locale":"en_US","og_type":"article","og_title":"Smart City Expo World Congress - Fundaci\u00f3 TIC Salut i Social","og_description":"Smart City Expo World Congress \u00e9s l'esdeveniment m\u00e9s gran i m\u00e9s influent del m\u00f3n sobre la innovaci\u00f3 urbana.","og_url":"https:\/\/ticsalutsocial.atoom.space\/en\/event\/smart-city-expo-world-congress\/","og_site_name":"Fundaci\u00f3 TIC Salut i Social","article_modified_time":"2024-10-22T09:48:51+00:00","twitter_card":"summary_large_image","twitter_misc":{"Est. reading time":"1 minute"},"schema":{"@context":"https:\/\/schema.org","@graph":[{"@type":"WebPage","@id":"https:\/\/ticsalutsocial.atoom.space\/en\/event\/smart-city-expo-world-congress\/","url":"https:\/\/ticsalutsocial.atoom.space\/en\/event\/smart-city-expo-world-congress\/","name":"Smart City Expo World Congress - Fundaci\u00f3 TIC Salut i Social","isPartOf":{"@id":"https:\/\/ticsalutsocial.atoom.space\/en\/#website"},"datePublished":"2024-10-22T09:37:00+00:00","dateModified":"2024-10-22T09:48:51+00:00","description":"Smart City Expo World Congress \u00e9s l'esdeveniment m\u00e9s gran i m\u00e9s influent del m\u00f3n sobre la innovaci\u00f3 urbana.","breadcrumb":{"@id":"https:\/\/ticsalutsocial.atoom.space\/en\/event\/smart-city-expo-world-congress\/#breadcrumb"},"inLanguage":"en-US","potentialAction":[{"@type":"ReadAction","target":["https:\/\/ticsalutsocial.atoom.space\/en\/event\/smart-city-expo-world-congress\/"]}]},{"@type":"BreadcrumbList","@id":"https:\/\/ticsalutsocial.atoom.space\/en\/event\/smart-city-expo-world-congress\/#breadcrumb","itemListElement":[{"@type":"ListItem","position":1,"name":"Inici","item":"https:\/\/ticsalutsocial.atoom.space\/en\/"},{"@type":"ListItem","position":2,"name":"Smart City Expo World Congress"}]},{"@type":"WebSite","@id":"https:\/\/ticsalutsocial.atoom.space\/en\/#website","url":"https:\/\/ticsalutsocial.atoom.space\/en\/","name":"Fundaci\u00f3 TIC Salut i Social","description":"","potentialAction":[{"@type":"SearchAction","target":{"@type":"EntryPoint","urlTemplate":"https:\/\/ticsalutsocial.atoom.space\/en\/?s={search_term_string}"},"query-input":{"@type":"PropertyValueSpecification","valueRequired":true,"valueName":"search_term_string"}}],"inLanguage":"en-US"}]}},"_links":{"self":[{"href":"https:\/\/ticsalutsocial.atoom.space\/en\/wp-json\/wp\/v2\/event\/28875","targetHints":{"allow":["GET"]}}],"collection":[{"href":"https:\/\/ticsalutsocial.atoom.space\/en\/wp-json\/wp\/v2\/event"}],"about":[{"href":"https:\/\/ticsalutsocial.atoom.space\/en\/wp-json\/wp\/v2\/types\/event"}],"wp:attachment":[{"href":"https:\/\/ticsalutsocial.atoom.space\/en\/wp-json\/wp\/v2\/media?parent=28875"}],"wp:term":[{"taxonomy":"tipus","embeddable":true,"href":"https:\/\/ticsalutsocial.atoom.space\/en\/wp-json\/wp\/v2\/tipus?post=28875"},{"taxonomy":"topic","embeddable":true,"href":"https:\/\/ticsalutsocial.atoom.space\/en\/wp-json\/wp\/v2\/topic?post=28875"}],"curies":[{"name":"wp","href":"https:\/\/api.w.org\/{rel}","templated":true}]}}

<p>Smart City Expo World Congress is the world&#8217;s largest and most influential event on urban innovation.</p>



<p>Held in Barcelona since 2011, each year it brings together leaders from businesses, governments and global organisations to advance cities towards a better future. Its aim is to collectivise urban innovation around the world and empower cities to tackle the critical challenges they face today.</p>



<p>On the morning of Wednesday 6 November, the challenge of the Salut/IA Programme and the <a href="https://iasalut.cat/en/noticia/publicada-la-licitacio-per-trobar-solucions-basades-en-intel%c2%b7ligencia-artificial-per-a-la-prevencio-de-la-retinopatia/" target="_blank" rel="noreferrer noopener">call for tenders to find artificial intelligence-based solutions for the prevention of diabetic retinopathy in primary care </a>will be presented in a specific session on public procurement of innovation led by ACCIÓ.</p>



<p><a href="https://www.smartcityexpo.com/">More information</a></p>

Fira Barcelona- recinte Montjuïc

<!-- This site is optimized with the Yoast SEO plugin v27.1.1 - https://yoast.com/product/yoast-seo-wordpress/ -->
<title>Smart City Expo World Congress - Fundació TIC Salut i Social</title>
<meta name="description" content="Smart City Expo World Congress és l&#039;esdeveniment més gran i més influent del món sobre la innovació urbana." />
<meta name="robots" content="index, follow, max-snippet:-1, max-image-preview:large, max-video-preview:-1" />
<link rel="canonical" href="https://ticsalutsocial.atoom.space/en/event/smart-city-expo-world-congress/" />
<meta property="og:locale" content="en_US" />
<meta property="og:type" content="article" />
<meta property="og:title" content="Smart City Expo World Congress - Fundació TIC Salut i Social" />
<meta property="og:description" content="Smart City Expo World Congress és l&#039;esdeveniment més gran i més influent del món sobre la innovació urbana." />
<meta property="og:url" content="https://ticsalutsocial.atoom.space/en/event/smart-city-expo-world-congress/" />
<meta property="og:site_name" content="Fundació TIC Salut i Social" />
<meta property="article:modified_time" content="2024-10-22T09:48:51+00:00" />
<meta name="twitter:card" content="summary_large_image" />
<meta name="twitter:label1" content="Est. reading time" />
	<meta name="twitter:data1" content="1 minute" />
<script type="application/ld+json" class="yoast-schema-graph">{"@context":"https://schema.org","@graph":[{"@type":"WebPage","@id":"https://ticsalutsocial.atoom.space/en/event/smart-city-expo-world-congress/","url":"https://ticsalutsocial.atoom.space/en/event/smart-city-expo-world-congress/","name":"Smart City Expo World Congress - Fundació TIC Salut i Social","isPartOf":{"@id":"https://ticsalutsocial.atoom.space/en/#website"},"datePublished":"2024-10-22T09:37:00+00:00","dateModified":"2024-10-22T09:48:51+00:00","description":"Smart City Expo World Congress és l'esdeveniment més gran i més influent del món sobre la innovació urbana.","breadcrumb":{"@id":"https://ticsalutsocial.atoom.space/en/event/smart-city-expo-world-congress/#breadcrumb"},"inLanguage":"en-US","potentialAction":[{"@type":"ReadAction","target":["https://ticsalutsocial.atoom.space/en/event/smart-city-expo-world-congress/"]}]},{"@type":"BreadcrumbList","@id":"https://ticsalutsocial.atoom.space/en/event/smart-city-expo-world-congress/#breadcrumb","itemListElement":[{"@type":"ListItem","position":1,"name":"Inici","item":"https://ticsalutsocial.atoom.space/en/"},{"@type":"ListItem","position":2,"name":"Smart City Expo World Congress"}]},{"@type":"WebSite","@id":"https://ticsalutsocial.atoom.space/en/#website","url":"https://ticsalutsocial.atoom.space/en/","name":"Fundació TIC Salut i Social","description":"","potentialAction":[{"@type":"SearchAction","target":{"@type":"EntryPoint","urlTemplate":"https://ticsalutsocial.atoom.space/en/?s={search_term_string}"},"query-input":{"@type":"PropertyValueSpecification","valueRequired":true,"valueName":"search_term_string"}}],"inLanguage":"en-US"}]}</script>
<!-- / Yoast SEO plugin. -->

Smart City Expo World Congress - Fundació TIC Salut i Social

Smart City Expo World Congress és l'esdeveniment més gran i més influent del món sobre la innovació urbana.

Fundació TIC Salut i Social
