
{"id":29361,"date":"2024-12-03T15:13:03","date_gmt":"2024-12-03T13:13:03","guid":{"rendered":"https:\/\/ticsalutsocial.atoom.space\/event\/acte-de-cloenda-del-projecte-innobics-sahs\/"},"modified":"2024-12-03T16:03:10","modified_gmt":"2024-12-03T14:03:10","slug":"acte-de-cloenda-del-projecte-innobics-sahs","status":"publish","type":"event","link":"https:\/\/ticsalutsocial.atoom.space\/en\/event\/acte-de-cloenda-del-projecte-innobics-sahs\/","title":{"rendered":"Acte de cloenda del projecte INNOBICS-SAHS"},"content":{"rendered":"\n<p>El projecte INNOBICS-SAHS celebrar\u00e0 el seu acte de cloenda el 12 de desembre a Girona. <\/p>\n\n\n\n<p>Gr\u00e0cies a aquest projecte, en el qual ha participat la Fundaci\u00f3 TIC Salut Social, m\u00e9s de 3.000 persones a Girona i d\u2019un centenar a Lisboa s\u2019han beneficiat ja del nou circuit assistencial\u00a0per millorar el diagn\u00f2stic i el tractament de l\u2019apnea obstructiva del son.<\/p>\n\n\n\n<p>L\u2019acte es realitzar\u00e0 en castell\u00e0 per tal que el puguin seguir els partners de Lisboa i Madrid.<\/p>\n\n\n\n<p><a href=\"https:\/\/innobics-sahs.eu\/wp-content\/uploads\/2024\/12\/Cloenda_innobics_SAHS.pdf\" target=\"_blank\" rel=\"noreferrer noopener\">Consulteu el programa en aquest enlla\u00e7 per a m\u00e9s informaci\u00f3.<\/a><\/p>\n\n\n\n<p><\/p>\n","protected":false},"featured_media":29359,"menu_order":0,"template":"","meta":{"_acf_changed":true,"inline_featured_image":false},"tipus":[656],"topic":[116],"class_list":["post-29361","event","type-event","status-publish","has-post-thumbnail","hentry","tipus-projects","topic-events"],"acf":{"imatge":29359,"informacio":{"ubicacio":"Sala d'Actes de l'Hospital Universitari Dr. Josep Trueta de Girona","data":"12\/12\/2024","hora":"","preu":"","inscripcions":""},"programa":{"titol":"","items":false}},"yoast_head":"<!-- This site is optimized with the Yoast SEO plugin v27.1.1 - https:\/\/yoast.com\/product\/yoast-seo-wordpress\/ -->\n<title>Acte de cloenda del projecte INNOBICS-SAHS - Fundaci\u00f3 TIC Salut i Social<\/title>\n<meta name=\"robots\" content=\"index, follow, max-snippet:-1, max-image-preview:large, max-video-preview:-1\" \/>\n<link rel=\"canonical\" href=\"https:\/\/ticsalutsocial.atoom.space\/en\/event\/acte-de-cloenda-del-projecte-innobics-sahs\/\" \/>\n<meta property=\"og:locale\" content=\"en_US\" \/>\n<meta property=\"og:type\" content=\"article\" \/>\n<meta property=\"og:title\" content=\"Acte de cloenda del projecte INNOBICS-SAHS - Fundaci\u00f3 TIC Salut i Social\" \/>\n<meta property=\"og:description\" content=\"El projecte INNOBICS-SAHS celebrar\u00e0 el seu acte de cloenda el 12 de desembre a Girona. Gr\u00e0cies a aquest projecte, en el qual ha participat la Fundaci\u00f3 TIC Salut Social, m\u00e9s de 3.000 persones a Girona i d\u2019un centenar a Lisboa s\u2019han beneficiat ja del nou circuit assistencial\u00a0per millorar el diagn\u00f2stic i el tractament de l\u2019apnea [&hellip;]\" \/>\n<meta property=\"og:url\" content=\"https:\/\/ticsalutsocial.atoom.space\/en\/event\/acte-de-cloenda-del-projecte-innobics-sahs\/\" \/>\n<meta property=\"og:site_name\" content=\"Fundaci\u00f3 TIC Salut i Social\" \/>\n<meta property=\"article:modified_time\" content=\"2024-12-03T14:03:10+00:00\" \/>\n<meta property=\"og:image\" content=\"https:\/\/ticsalutsocial.atoom.space\/wp-content\/uploads\/2024\/12\/Captura-de-pantalla-2024-12-03-a-las-13.30.32.png\" \/>\n\t<meta property=\"og:image:width\" content=\"1354\" \/>\n\t<meta property=\"og:image:height\" content=\"1928\" \/>\n\t<meta property=\"og:image:type\" content=\"image\/png\" \/>\n<meta name=\"twitter:card\" content=\"summary_large_image\" \/>\n<script type=\"application\/ld+json\" class=\"yoast-schema-graph\">{\"@context\":\"https:\/\/schema.org\",\"@graph\":[{\"@type\":\"WebPage\",\"@id\":\"https:\/\/ticsalutsocial.atoom.space\/en\/event\/acte-de-cloenda-del-projecte-innobics-sahs\/\",\"url\":\"https:\/\/ticsalutsocial.atoom.space\/en\/event\/acte-de-cloenda-del-projecte-innobics-sahs\/\",\"name\":\"Acte de cloenda del projecte INNOBICS-SAHS - Fundaci\u00f3 TIC Salut i Social\",\"isPartOf\":{\"@id\":\"https:\/\/ticsalutsocial.atoom.space\/en\/#website\"},\"primaryImageOfPage\":{\"@id\":\"https:\/\/ticsalutsocial.atoom.space\/en\/event\/acte-de-cloenda-del-projecte-innobics-sahs\/#primaryimage\"},\"image\":{\"@id\":\"https:\/\/ticsalutsocial.atoom.space\/en\/event\/acte-de-cloenda-del-projecte-innobics-sahs\/#primaryimage\"},\"thumbnailUrl\":\"https:\/\/ticsalutsocial.atoom.space\/wp-content\/uploads\/2024\/12\/Captura-de-pantalla-2024-12-03-a-las-13.30.32.png\",\"datePublished\":\"2024-12-03T13:13:03+00:00\",\"dateModified\":\"2024-12-03T14:03:10+00:00\",\"breadcrumb\":{\"@id\":\"https:\/\/ticsalutsocial.atoom.space\/en\/event\/acte-de-cloenda-del-projecte-innobics-sahs\/#breadcrumb\"},\"inLanguage\":\"en-US\",\"potentialAction\":[{\"@type\":\"ReadAction\",\"target\":[\"https:\/\/ticsalutsocial.atoom.space\/en\/event\/acte-de-cloenda-del-projecte-innobics-sahs\/\"]}]},{\"@type\":\"ImageObject\",\"inLanguage\":\"en-US\",\"@id\":\"https:\/\/ticsalutsocial.atoom.space\/en\/event\/acte-de-cloenda-del-projecte-innobics-sahs\/#primaryimage\",\"url\":\"https:\/\/ticsalutsocial.atoom.space\/wp-content\/uploads\/2024\/12\/Captura-de-pantalla-2024-12-03-a-las-13.30.32.png\",\"contentUrl\":\"https:\/\/ticsalutsocial.atoom.space\/wp-content\/uploads\/2024\/12\/Captura-de-pantalla-2024-12-03-a-las-13.30.32.png\",\"width\":1354,\"height\":1928,\"caption\":\"Clausura INNOBICS-SAHS\"},{\"@type\":\"BreadcrumbList\",\"@id\":\"https:\/\/ticsalutsocial.atoom.space\/en\/event\/acte-de-cloenda-del-projecte-innobics-sahs\/#breadcrumb\",\"itemListElement\":[{\"@type\":\"ListItem\",\"position\":1,\"name\":\"Inici\",\"item\":\"https:\/\/ticsalutsocial.atoom.space\/en\/\"},{\"@type\":\"ListItem\",\"position\":2,\"name\":\"Acte de cloenda del projecte INNOBICS-SAHS\"}]},{\"@type\":\"WebSite\",\"@id\":\"https:\/\/ticsalutsocial.atoom.space\/en\/#website\",\"url\":\"https:\/\/ticsalutsocial.atoom.space\/en\/\",\"name\":\"Fundaci\u00f3 TIC Salut i Social\",\"description\":\"\",\"potentialAction\":[{\"@type\":\"SearchAction\",\"target\":{\"@type\":\"EntryPoint\",\"urlTemplate\":\"https:\/\/ticsalutsocial.atoom.space\/en\/?s={search_term_string}\"},\"query-input\":{\"@type\":\"PropertyValueSpecification\",\"valueRequired\":true,\"valueName\":\"search_term_string\"}}],\"inLanguage\":\"en-US\"}]}<\/script>\n<!-- \/ Yoast SEO plugin. -->","yoast_head_json":{"title":"Acte de cloenda del projecte INNOBICS-SAHS - Fundaci\u00f3 TIC Salut i Social","robots":{"index":"index","follow":"follow","max-snippet":"max-snippet:-1","max-image-preview":"max-image-preview:large","max-video-preview":"max-video-preview:-1"},"canonical":"https:\/\/ticsalutsocial.atoom.space\/en\/event\/acte-de-cloenda-del-projecte-innobics-sahs\/","og_locale":"en_US","og_type":"article","og_title":"Acte de cloenda del projecte INNOBICS-SAHS - Fundaci\u00f3 TIC Salut i Social","og_description":"El projecte INNOBICS-SAHS celebrar\u00e0 el seu acte de cloenda el 12 de desembre a Girona. Gr\u00e0cies a aquest projecte, en el qual ha participat la Fundaci\u00f3 TIC Salut Social, m\u00e9s de 3.000 persones a Girona i d\u2019un centenar a Lisboa s\u2019han beneficiat ja del nou circuit assistencial\u00a0per millorar el diagn\u00f2stic i el tractament de l\u2019apnea [&hellip;]","og_url":"https:\/\/ticsalutsocial.atoom.space\/en\/event\/acte-de-cloenda-del-projecte-innobics-sahs\/","og_site_name":"Fundaci\u00f3 TIC Salut i Social","article_modified_time":"2024-12-03T14:03:10+00:00","og_image":[{"width":1354,"height":1928,"url":"https:\/\/ticsalutsocial.atoom.space\/wp-content\/uploads\/2024\/12\/Captura-de-pantalla-2024-12-03-a-las-13.30.32.png","type":"image\/png"}],"twitter_card":"summary_large_image","schema":{"@context":"https:\/\/schema.org","@graph":[{"@type":"WebPage","@id":"https:\/\/ticsalutsocial.atoom.space\/en\/event\/acte-de-cloenda-del-projecte-innobics-sahs\/","url":"https:\/\/ticsalutsocial.atoom.space\/en\/event\/acte-de-cloenda-del-projecte-innobics-sahs\/","name":"Acte de cloenda del projecte INNOBICS-SAHS - Fundaci\u00f3 TIC Salut i Social","isPartOf":{"@id":"https:\/\/ticsalutsocial.atoom.space\/en\/#website"},"primaryImageOfPage":{"@id":"https:\/\/ticsalutsocial.atoom.space\/en\/event\/acte-de-cloenda-del-projecte-innobics-sahs\/#primaryimage"},"image":{"@id":"https:\/\/ticsalutsocial.atoom.space\/en\/event\/acte-de-cloenda-del-projecte-innobics-sahs\/#primaryimage"},"thumbnailUrl":"https:\/\/ticsalutsocial.atoom.space\/wp-content\/uploads\/2024\/12\/Captura-de-pantalla-2024-12-03-a-las-13.30.32.png","datePublished":"2024-12-03T13:13:03+00:00","dateModified":"2024-12-03T14:03:10+00:00","breadcrumb":{"@id":"https:\/\/ticsalutsocial.atoom.space\/en\/event\/acte-de-cloenda-del-projecte-innobics-sahs\/#breadcrumb"},"inLanguage":"en-US","potentialAction":[{"@type":"ReadAction","target":["https:\/\/ticsalutsocial.atoom.space\/en\/event\/acte-de-cloenda-del-projecte-innobics-sahs\/"]}]},{"@type":"ImageObject","inLanguage":"en-US","@id":"https:\/\/ticsalutsocial.atoom.space\/en\/event\/acte-de-cloenda-del-projecte-innobics-sahs\/#primaryimage","url":"https:\/\/ticsalutsocial.atoom.space\/wp-content\/uploads\/2024\/12\/Captura-de-pantalla-2024-12-03-a-las-13.30.32.png","contentUrl":"https:\/\/ticsalutsocial.atoom.space\/wp-content\/uploads\/2024\/12\/Captura-de-pantalla-2024-12-03-a-las-13.30.32.png","width":1354,"height":1928,"caption":"Clausura INNOBICS-SAHS"},{"@type":"BreadcrumbList","@id":"https:\/\/ticsalutsocial.atoom.space\/en\/event\/acte-de-cloenda-del-projecte-innobics-sahs\/#breadcrumb","itemListElement":[{"@type":"ListItem","position":1,"name":"Inici","item":"https:\/\/ticsalutsocial.atoom.space\/en\/"},{"@type":"ListItem","position":2,"name":"Acte de cloenda del projecte INNOBICS-SAHS"}]},{"@type":"WebSite","@id":"https:\/\/ticsalutsocial.atoom.space\/en\/#website","url":"https:\/\/ticsalutsocial.atoom.space\/en\/","name":"Fundaci\u00f3 TIC Salut i Social","description":"","potentialAction":[{"@type":"SearchAction","target":{"@type":"EntryPoint","urlTemplate":"https:\/\/ticsalutsocial.atoom.space\/en\/?s={search_term_string}"},"query-input":{"@type":"PropertyValueSpecification","valueRequired":true,"valueName":"search_term_string"}}],"inLanguage":"en-US"}]}},"_links":{"self":[{"href":"https:\/\/ticsalutsocial.atoom.space\/en\/wp-json\/wp\/v2\/event\/29361","targetHints":{"allow":["GET"]}}],"collection":[{"href":"https:\/\/ticsalutsocial.atoom.space\/en\/wp-json\/wp\/v2\/event"}],"about":[{"href":"https:\/\/ticsalutsocial.atoom.space\/en\/wp-json\/wp\/v2\/types\/event"}],"wp:featuredmedia":[{"embeddable":true,"href":"https:\/\/ticsalutsocial.atoom.space\/en\/wp-json\/wp\/v2\/media\/29359"}],"wp:attachment":[{"href":"https:\/\/ticsalutsocial.atoom.space\/en\/wp-json\/wp\/v2\/media?parent=29361"}],"wp:term":[{"taxonomy":"tipus","embeddable":true,"href":"https:\/\/ticsalutsocial.atoom.space\/en\/wp-json\/wp\/v2\/tipus?post=29361"},{"taxonomy":"topic","embeddable":true,"href":"https:\/\/ticsalutsocial.atoom.space\/en\/wp-json\/wp\/v2\/topic?post=29361"}],"curies":[{"name":"wp","href":"https:\/\/api.w.org\/{rel}","templated":true}]}}

<p>El projecte INNOBICS-SAHS celebrarà el seu acte de cloenda el 12 de desembre a Girona. </p>



<p>Gràcies a aquest projecte, en el qual ha participat la Fundació TIC Salut Social, més de 3.000 persones a Girona i d’un centenar a Lisboa s’han beneficiat ja del nou circuit assistencial per millorar el diagnòstic i el tractament de l’apnea obstructiva del son.</p>



<p>L’acte es realitzarà en castellà per tal que el puguin seguir els partners de Lisboa i Madrid.</p>



<p><a href="https://innobics-sahs.eu/wp-content/uploads/2024/12/Cloenda_innobics_SAHS.pdf" target="_blank" rel="noreferrer noopener">Consulteu el programa en aquest enllaç per a més informació.</a></p>



<p></p>

<!-- This site is optimized with the Yoast SEO plugin v27.1.1 - https://yoast.com/product/yoast-seo-wordpress/ -->
<title>Acte de cloenda del projecte INNOBICS-SAHS - Fundació TIC Salut i Social</title>
<meta name="robots" content="index, follow, max-snippet:-1, max-image-preview:large, max-video-preview:-1" />
<link rel="canonical" href="https://ticsalutsocial.atoom.space/en/event/acte-de-cloenda-del-projecte-innobics-sahs/" />
<meta property="og:locale" content="en_US" />
<meta property="og:type" content="article" />
<meta property="og:title" content="Acte de cloenda del projecte INNOBICS-SAHS - Fundació TIC Salut i Social" />
<meta property="og:description" content="El projecte INNOBICS-SAHS celebrarà el seu acte de cloenda el 12 de desembre a Girona. Gràcies a aquest projecte, en el qual ha participat la Fundació TIC Salut Social, més de 3.000 persones a Girona i d’un centenar a Lisboa s’han beneficiat ja del nou circuit assistencial per millorar el diagnòstic i el tractament de l’apnea [&hellip;]" />
<meta property="og:url" content="https://ticsalutsocial.atoom.space/en/event/acte-de-cloenda-del-projecte-innobics-sahs/" />
<meta property="og:site_name" content="Fundació TIC Salut i Social" />
<meta property="article:modified_time" content="2024-12-03T14:03:10+00:00" />
<meta property="og:image" content="https://ticsalutsocial.atoom.space/wp-content/uploads/2024/12/Captura-de-pantalla-2024-12-03-a-las-13.30.32.png" />
	<meta property="og:image:width" content="1354" />
	<meta property="og:image:height" content="1928" />
	<meta property="og:image:type" content="image/png" />
<meta name="twitter:card" content="summary_large_image" />
<script type="application/ld+json" class="yoast-schema-graph">{"@context":"https://schema.org","@graph":[{"@type":"WebPage","@id":"https://ticsalutsocial.atoom.space/en/event/acte-de-cloenda-del-projecte-innobics-sahs/","url":"https://ticsalutsocial.atoom.space/en/event/acte-de-cloenda-del-projecte-innobics-sahs/","name":"Acte de cloenda del projecte INNOBICS-SAHS - Fundació TIC Salut i Social","isPartOf":{"@id":"https://ticsalutsocial.atoom.space/en/#website"},"primaryImageOfPage":{"@id":"https://ticsalutsocial.atoom.space/en/event/acte-de-cloenda-del-projecte-innobics-sahs/#primaryimage"},"image":{"@id":"https://ticsalutsocial.atoom.space/en/event/acte-de-cloenda-del-projecte-innobics-sahs/#primaryimage"},"thumbnailUrl":"https://ticsalutsocial.atoom.space/wp-content/uploads/2024/12/Captura-de-pantalla-2024-12-03-a-las-13.30.32.png","datePublished":"2024-12-03T13:13:03+00:00","dateModified":"2024-12-03T14:03:10+00:00","breadcrumb":{"@id":"https://ticsalutsocial.atoom.space/en/event/acte-de-cloenda-del-projecte-innobics-sahs/#breadcrumb"},"inLanguage":"en-US","potentialAction":[{"@type":"ReadAction","target":["https://ticsalutsocial.atoom.space/en/event/acte-de-cloenda-del-projecte-innobics-sahs/"]}]},{"@type":"ImageObject","inLanguage":"en-US","@id":"https://ticsalutsocial.atoom.space/en/event/acte-de-cloenda-del-projecte-innobics-sahs/#primaryimage","url":"https://ticsalutsocial.atoom.space/wp-content/uploads/2024/12/Captura-de-pantalla-2024-12-03-a-las-13.30.32.png","contentUrl":"https://ticsalutsocial.atoom.space/wp-content/uploads/2024/12/Captura-de-pantalla-2024-12-03-a-las-13.30.32.png","width":1354,"height":1928,"caption":"Clausura INNOBICS-SAHS"},{"@type":"BreadcrumbList","@id":"https://ticsalutsocial.atoom.space/en/event/acte-de-cloenda-del-projecte-innobics-sahs/#breadcrumb","itemListElement":[{"@type":"ListItem","position":1,"name":"Inici","item":"https://ticsalutsocial.atoom.space/en/"},{"@type":"ListItem","position":2,"name":"Acte de cloenda del projecte INNOBICS-SAHS"}]},{"@type":"WebSite","@id":"https://ticsalutsocial.atoom.space/en/#website","url":"https://ticsalutsocial.atoom.space/en/","name":"Fundació TIC Salut i Social","description":"","potentialAction":[{"@type":"SearchAction","target":{"@type":"EntryPoint","urlTemplate":"https://ticsalutsocial.atoom.space/en/?s={search_term_string}"},"query-input":{"@type":"PropertyValueSpecification","valueRequired":true,"valueName":"search_term_string"}}],"inLanguage":"en-US"}]}</script>
<!-- / Yoast SEO plugin. -->

Acte de cloenda del projecte INNOBICS-SAHS - Fundació TIC Salut i Social

El projecte INNOBICS-SAHS celebrarà el seu acte de cloenda el 12 de desembre a Girona. Gràcies a aquest projecte, en el qual ha participat la Fundació TIC Salut Social, més de 3.000 persones a Girona i d’un centenar a Lisboa s’han beneficiat ja del nou circuit assistencial per millorar el diagnòstic i el tractament de l’apnea [&hellip;]

Fundació TIC Salut i Social
