
{"id":31244,"date":"2025-04-02T09:51:10","date_gmt":"2025-04-02T07:51:10","guid":{"rendered":"https:\/\/ticsalutsocial.atoom.space\/event\/plenari-de-tic-la-unio\/"},"modified":"2025-04-14T12:04:54","modified_gmt":"2025-04-14T10:04:54","slug":"plenari-de-tic-la-unio","status":"publish","type":"event","link":"https:\/\/ticsalutsocial.atoom.space\/en\/event\/plenari-de-tic-la-unio\/","title":{"rendered":"ICT Plenary &#8211; La Uni\u00f3"},"content":{"rendered":"<p class=\"\" data-start=\"1230\" data-end=\"1490\">The ICT Technical Advisory Council of La Uni\u00f3 is convening a Plenary Session to share the most relevant updates on ICT-related projects with all information systems managers and their teams from the entities associated with La Uni\u00f3.<\/p>\n<p class=\"\" data-start=\"1492\" data-end=\"1921\">On the one hand, and within the framework of collaboration between La Uni\u00f3, the Cybersecurity Agency of Catalonia, and the General Coordination of TIC Salut, the <strong data-start=\"1654\" data-end=\"1694\">Digital Health Strategy of Catalonia<\/strong> will be presented, with a special focus on <strong data-start=\"1738\" data-end=\"1755\">Cybersecurity<\/strong>, as one of the main areas of work in ICT for Health. The current status of the project will be presented, and the key aspects of this line of work will be discussed.<\/p>\n<p class=\"\" data-start=\"1923\" data-end=\"2211\">On the other hand, the <strong data-start=\"1946\" data-end=\"1982\">La Uni\u00f3 Good Practices Community<\/strong> will be introduced \u2014 a group of healthcare and social entities that share information, resources, and experiences on areas of common interest. This is a particularly valuable tool for the ICT managers of the associated entities.<\/p>\n<p class=\"\" data-start=\"2213\" data-end=\"2304\">During the session, there will be opportunities to resolve questions and share reflections.<\/p>\n","protected":false},"featured_media":0,"menu_order":0,"template":"","meta":{"_acf_changed":false,"inline_featured_image":false},"tipus":[],"topic":[],"class_list":["post-31244","event","type-event","status-publish","hentry"],"acf":{"informacio":{"ubicacio":"Online, per plataforma Teams","data":"29\/04\/2025","hora":"16:00 \/ 17:30","preu":"Gratu\u00eft amb inscripci\u00f3","inscripcions":"https:\/\/www.uch.cat\/comunicacio\/activitats-101\/plenari-de-tic-100.html"},"programa":{"titol":"","items":false},"documents":false},"yoast_head":"<!-- This site is optimized with the Yoast SEO plugin v27.1.1 - https:\/\/yoast.com\/product\/yoast-seo-wordpress\/ -->\n<title>ICT Plenary - La Uni\u00f3 - Fundaci\u00f3 TIC Salut i Social<\/title>\n<meta name=\"robots\" content=\"index, follow, max-snippet:-1, max-image-preview:large, max-video-preview:-1\" \/>\n<link rel=\"canonical\" href=\"https:\/\/ticsalutsocial.atoom.space\/en\/event\/plenari-de-tic-la-unio\/\" \/>\n<meta property=\"og:locale\" content=\"en_US\" \/>\n<meta property=\"og:type\" content=\"article\" \/>\n<meta property=\"og:title\" content=\"ICT Plenary - La Uni\u00f3 - Fundaci\u00f3 TIC Salut i Social\" \/>\n<meta property=\"og:description\" content=\"The ICT Technical Advisory Council of La Uni\u00f3 is convening a Plenary Session to share the most relevant updates on ICT-related projects with all information systems managers and their teams from the entities associated with La Uni\u00f3. On the one hand, and within the framework of collaboration between La Uni\u00f3, the Cybersecurity Agency of Catalonia, [&hellip;]\" \/>\n<meta property=\"og:url\" content=\"https:\/\/ticsalutsocial.atoom.space\/en\/event\/plenari-de-tic-la-unio\/\" \/>\n<meta property=\"og:site_name\" content=\"Fundaci\u00f3 TIC Salut i Social\" \/>\n<meta property=\"article:modified_time\" content=\"2025-04-14T10:04:54+00:00\" \/>\n<meta name=\"twitter:card\" content=\"summary_large_image\" \/>\n<meta name=\"twitter:label1\" content=\"Est. reading time\" \/>\n\t<meta name=\"twitter:data1\" content=\"1 minute\" \/>\n<script type=\"application\/ld+json\" class=\"yoast-schema-graph\">{\"@context\":\"https:\/\/schema.org\",\"@graph\":[{\"@type\":\"WebPage\",\"@id\":\"https:\/\/ticsalutsocial.atoom.space\/en\/event\/plenari-de-tic-la-unio\/\",\"url\":\"https:\/\/ticsalutsocial.atoom.space\/en\/event\/plenari-de-tic-la-unio\/\",\"name\":\"ICT Plenary - La Uni\u00f3 - Fundaci\u00f3 TIC Salut i Social\",\"isPartOf\":{\"@id\":\"https:\/\/ticsalutsocial.atoom.space\/en\/#website\"},\"datePublished\":\"2025-04-02T07:51:10+00:00\",\"dateModified\":\"2025-04-14T10:04:54+00:00\",\"breadcrumb\":{\"@id\":\"https:\/\/ticsalutsocial.atoom.space\/en\/event\/plenari-de-tic-la-unio\/#breadcrumb\"},\"inLanguage\":\"en-US\",\"potentialAction\":[{\"@type\":\"ReadAction\",\"target\":[\"https:\/\/ticsalutsocial.atoom.space\/en\/event\/plenari-de-tic-la-unio\/\"]}]},{\"@type\":\"BreadcrumbList\",\"@id\":\"https:\/\/ticsalutsocial.atoom.space\/en\/event\/plenari-de-tic-la-unio\/#breadcrumb\",\"itemListElement\":[{\"@type\":\"ListItem\",\"position\":1,\"name\":\"Inici\",\"item\":\"https:\/\/ticsalutsocial.atoom.space\/en\/\"},{\"@type\":\"ListItem\",\"position\":2,\"name\":\"ICT Plenary &#8211; La Uni\u00f3\"}]},{\"@type\":\"WebSite\",\"@id\":\"https:\/\/ticsalutsocial.atoom.space\/en\/#website\",\"url\":\"https:\/\/ticsalutsocial.atoom.space\/en\/\",\"name\":\"Fundaci\u00f3 TIC Salut i Social\",\"description\":\"\",\"potentialAction\":[{\"@type\":\"SearchAction\",\"target\":{\"@type\":\"EntryPoint\",\"urlTemplate\":\"https:\/\/ticsalutsocial.atoom.space\/en\/?s={search_term_string}\"},\"query-input\":{\"@type\":\"PropertyValueSpecification\",\"valueRequired\":true,\"valueName\":\"search_term_string\"}}],\"inLanguage\":\"en-US\"}]}<\/script>\n<!-- \/ Yoast SEO plugin. -->","yoast_head_json":{"title":"ICT Plenary - La Uni\u00f3 - Fundaci\u00f3 TIC Salut i Social","robots":{"index":"index","follow":"follow","max-snippet":"max-snippet:-1","max-image-preview":"max-image-preview:large","max-video-preview":"max-video-preview:-1"},"canonical":"https:\/\/ticsalutsocial.atoom.space\/en\/event\/plenari-de-tic-la-unio\/","og_locale":"en_US","og_type":"article","og_title":"ICT Plenary - La Uni\u00f3 - Fundaci\u00f3 TIC Salut i Social","og_description":"The ICT Technical Advisory Council of La Uni\u00f3 is convening a Plenary Session to share the most relevant updates on ICT-related projects with all information systems managers and their teams from the entities associated with La Uni\u00f3. On the one hand, and within the framework of collaboration between La Uni\u00f3, the Cybersecurity Agency of Catalonia, [&hellip;]","og_url":"https:\/\/ticsalutsocial.atoom.space\/en\/event\/plenari-de-tic-la-unio\/","og_site_name":"Fundaci\u00f3 TIC Salut i Social","article_modified_time":"2025-04-14T10:04:54+00:00","twitter_card":"summary_large_image","twitter_misc":{"Est. reading time":"1 minute"},"schema":{"@context":"https:\/\/schema.org","@graph":[{"@type":"WebPage","@id":"https:\/\/ticsalutsocial.atoom.space\/en\/event\/plenari-de-tic-la-unio\/","url":"https:\/\/ticsalutsocial.atoom.space\/en\/event\/plenari-de-tic-la-unio\/","name":"ICT Plenary - La Uni\u00f3 - Fundaci\u00f3 TIC Salut i Social","isPartOf":{"@id":"https:\/\/ticsalutsocial.atoom.space\/en\/#website"},"datePublished":"2025-04-02T07:51:10+00:00","dateModified":"2025-04-14T10:04:54+00:00","breadcrumb":{"@id":"https:\/\/ticsalutsocial.atoom.space\/en\/event\/plenari-de-tic-la-unio\/#breadcrumb"},"inLanguage":"en-US","potentialAction":[{"@type":"ReadAction","target":["https:\/\/ticsalutsocial.atoom.space\/en\/event\/plenari-de-tic-la-unio\/"]}]},{"@type":"BreadcrumbList","@id":"https:\/\/ticsalutsocial.atoom.space\/en\/event\/plenari-de-tic-la-unio\/#breadcrumb","itemListElement":[{"@type":"ListItem","position":1,"name":"Inici","item":"https:\/\/ticsalutsocial.atoom.space\/en\/"},{"@type":"ListItem","position":2,"name":"ICT Plenary &#8211; La Uni\u00f3"}]},{"@type":"WebSite","@id":"https:\/\/ticsalutsocial.atoom.space\/en\/#website","url":"https:\/\/ticsalutsocial.atoom.space\/en\/","name":"Fundaci\u00f3 TIC Salut i Social","description":"","potentialAction":[{"@type":"SearchAction","target":{"@type":"EntryPoint","urlTemplate":"https:\/\/ticsalutsocial.atoom.space\/en\/?s={search_term_string}"},"query-input":{"@type":"PropertyValueSpecification","valueRequired":true,"valueName":"search_term_string"}}],"inLanguage":"en-US"}]}},"_links":{"self":[{"href":"https:\/\/ticsalutsocial.atoom.space\/en\/wp-json\/wp\/v2\/event\/31244","targetHints":{"allow":["GET"]}}],"collection":[{"href":"https:\/\/ticsalutsocial.atoom.space\/en\/wp-json\/wp\/v2\/event"}],"about":[{"href":"https:\/\/ticsalutsocial.atoom.space\/en\/wp-json\/wp\/v2\/types\/event"}],"wp:attachment":[{"href":"https:\/\/ticsalutsocial.atoom.space\/en\/wp-json\/wp\/v2\/media?parent=31244"}],"wp:term":[{"taxonomy":"tipus","embeddable":true,"href":"https:\/\/ticsalutsocial.atoom.space\/en\/wp-json\/wp\/v2\/tipus?post=31244"},{"taxonomy":"topic","embeddable":true,"href":"https:\/\/ticsalutsocial.atoom.space\/en\/wp-json\/wp\/v2\/topic?post=31244"}],"curies":[{"name":"wp","href":"https:\/\/api.w.org\/{rel}","templated":true}]}}

ICT Plenary &#8211; La Unió

<p class="" data-start="1230" data-end="1490">The ICT Technical Advisory Council of La Unió is convening a Plenary Session to share the most relevant updates on ICT-related projects with all information systems managers and their teams from the entities associated with La Unió.</p>
<p class="" data-start="1492" data-end="1921">On the one hand, and within the framework of collaboration between La Unió, the Cybersecurity Agency of Catalonia, and the General Coordination of TIC Salut, the <strong data-start="1654" data-end="1694">Digital Health Strategy of Catalonia</strong> will be presented, with a special focus on <strong data-start="1738" data-end="1755">Cybersecurity</strong>, as one of the main areas of work in ICT for Health. The current status of the project will be presented, and the key aspects of this line of work will be discussed.</p>
<p class="" data-start="1923" data-end="2211">On the other hand, the <strong data-start="1946" data-end="1982">La Unió Good Practices Community</strong> will be introduced — a group of healthcare and social entities that share information, resources, and experiences on areas of common interest. This is a particularly valuable tool for the ICT managers of the associated entities.</p>
<p class="" data-start="2213" data-end="2304">During the session, there will be opportunities to resolve questions and share reflections.</p>

Gratuït amb inscripció

<!-- This site is optimized with the Yoast SEO plugin v27.1.1 - https://yoast.com/product/yoast-seo-wordpress/ -->
<title>ICT Plenary - La Unió - Fundació TIC Salut i Social</title>
<meta name="robots" content="index, follow, max-snippet:-1, max-image-preview:large, max-video-preview:-1" />
<link rel="canonical" href="https://ticsalutsocial.atoom.space/en/event/plenari-de-tic-la-unio/" />
<meta property="og:locale" content="en_US" />
<meta property="og:type" content="article" />
<meta property="og:title" content="ICT Plenary - La Unió - Fundació TIC Salut i Social" />
<meta property="og:description" content="The ICT Technical Advisory Council of La Unió is convening a Plenary Session to share the most relevant updates on ICT-related projects with all information systems managers and their teams from the entities associated with La Unió. On the one hand, and within the framework of collaboration between La Unió, the Cybersecurity Agency of Catalonia, [&hellip;]" />
<meta property="og:url" content="https://ticsalutsocial.atoom.space/en/event/plenari-de-tic-la-unio/" />
<meta property="og:site_name" content="Fundació TIC Salut i Social" />
<meta property="article:modified_time" content="2025-04-14T10:04:54+00:00" />
<meta name="twitter:card" content="summary_large_image" />
<meta name="twitter:label1" content="Est. reading time" />
	<meta name="twitter:data1" content="1 minute" />
<script type="application/ld+json" class="yoast-schema-graph">{"@context":"https://schema.org","@graph":[{"@type":"WebPage","@id":"https://ticsalutsocial.atoom.space/en/event/plenari-de-tic-la-unio/","url":"https://ticsalutsocial.atoom.space/en/event/plenari-de-tic-la-unio/","name":"ICT Plenary - La Unió - Fundació TIC Salut i Social","isPartOf":{"@id":"https://ticsalutsocial.atoom.space/en/#website"},"datePublished":"2025-04-02T07:51:10+00:00","dateModified":"2025-04-14T10:04:54+00:00","breadcrumb":{"@id":"https://ticsalutsocial.atoom.space/en/event/plenari-de-tic-la-unio/#breadcrumb"},"inLanguage":"en-US","potentialAction":[{"@type":"ReadAction","target":["https://ticsalutsocial.atoom.space/en/event/plenari-de-tic-la-unio/"]}]},{"@type":"BreadcrumbList","@id":"https://ticsalutsocial.atoom.space/en/event/plenari-de-tic-la-unio/#breadcrumb","itemListElement":[{"@type":"ListItem","position":1,"name":"Inici","item":"https://ticsalutsocial.atoom.space/en/"},{"@type":"ListItem","position":2,"name":"ICT Plenary &#8211; La Unió"}]},{"@type":"WebSite","@id":"https://ticsalutsocial.atoom.space/en/#website","url":"https://ticsalutsocial.atoom.space/en/","name":"Fundació TIC Salut i Social","description":"","potentialAction":[{"@type":"SearchAction","target":{"@type":"EntryPoint","urlTemplate":"https://ticsalutsocial.atoom.space/en/?s={search_term_string}"},"query-input":{"@type":"PropertyValueSpecification","valueRequired":true,"valueName":"search_term_string"}}],"inLanguage":"en-US"}]}</script>
<!-- / Yoast SEO plugin. -->

ICT Plenary - La Unió - Fundació TIC Salut i Social

The ICT Technical Advisory Council of La Unió is convening a Plenary Session to share the most relevant updates on ICT-related projects with all information systems managers and their teams from the entities associated with La Unió. On the one hand, and within the framework of collaboration between La Unió, the Cybersecurity Agency of Catalonia, [&hellip;]

Fundació TIC Salut i Social
