
{"id":31734,"date":"2025-04-08T09:47:48","date_gmt":"2025-04-08T07:47:48","guid":{"rendered":"https:\/\/ticsalutsocial.atoom.space\/event\/himss-25-european-health-conference-exhibition\/"},"modified":"2025-04-16T10:26:47","modified_gmt":"2025-04-16T08:26:47","slug":"himss-25-european-health-conference-exhibition","status":"publish","type":"event","link":"https:\/\/ticsalutsocial.atoom.space\/en\/event\/himss-25-european-health-conference-exhibition\/","title":{"rendered":"HIMSS 25 | European Health Conference &#038; Exhibition"},"content":{"rendered":"<div class=\"rich-text color-admiral-dark-blue-800 mw-960 margin-bottom-3 text-left\">\n<p><strong>Experience the future of healthcare worldwide<\/strong><br data-start=\"376\" data-end=\"379\" \/>Stay up to date with industry trends, connect with like-minded professionals, or explore cutting-edge solutions that are transforming healthcare at HIMSS25.<\/p>\n<\/div>\n","protected":false},"featured_media":31223,"menu_order":0,"template":"","meta":{"_acf_changed":false,"inline_featured_image":false},"tipus":[],"topic":[],"class_list":["post-31734","event","type-event","status-publish","has-post-thumbnail","hentry"],"acf":{"informacio":{"ubicacio":"Palais des Congr\u00e8s de Paris, 2 Pl de la Pte Maillot, 75017 Par\u00eds, Fran\u00e7a","data":"10\/06\/2025","hora":"07:00 \/ 17:00","preu":"","inscripcions":"https:\/\/himss1.eventsair.com\/himss25-european-health-conference-exhibition\/reg-page\/Site\/Register?_gl=1*152i6tz*_gcl_au*ODk5NTc1MTc3LjE3NDQwOTU3Mzc.*_ga*MjA2MTI4NTU1Ni4xNzQ0MDk1NzM4*_ga_PEZQ60E422*MTc0NDA5ODE3My4yLjEuMTc0NDA5ODE5My40MC4wLjA."},"programa":{"titol":"","items":false},"documents":false},"yoast_head":"<!-- This site is optimized with the Yoast SEO plugin v27.1.1 - https:\/\/yoast.com\/product\/yoast-seo-wordpress\/ -->\n<title>HIMSS 25 | European Health Conference &amp; Exhibition - Fundaci\u00f3 TIC Salut i Social<\/title>\n<meta name=\"robots\" content=\"index, follow, max-snippet:-1, max-image-preview:large, max-video-preview:-1\" \/>\n<link rel=\"canonical\" href=\"https:\/\/ticsalutsocial.atoom.space\/en\/event\/himss-25-european-health-conference-exhibition\/\" \/>\n<meta property=\"og:locale\" content=\"en_US\" \/>\n<meta property=\"og:type\" content=\"article\" \/>\n<meta property=\"og:title\" content=\"HIMSS 25 | European Health Conference &amp; Exhibition - Fundaci\u00f3 TIC Salut i Social\" \/>\n<meta property=\"og:description\" content=\"Experience the future of healthcare worldwideStay up to date with industry trends, connect with like-minded professionals, or explore cutting-edge solutions that are transforming healthcare at HIMSS25.\" \/>\n<meta property=\"og:url\" content=\"https:\/\/ticsalutsocial.atoom.space\/en\/event\/himss-25-european-health-conference-exhibition\/\" \/>\n<meta property=\"og:site_name\" content=\"Fundaci\u00f3 TIC Salut i Social\" \/>\n<meta property=\"article:modified_time\" content=\"2025-04-16T08:26:47+00:00\" \/>\n<meta property=\"og:image\" content=\"https:\/\/ticsalutsocial.atoom.space\/wp-content\/uploads\/2025\/04\/dd59c981e13947888a5edf04aceb48b7.png\" \/>\n\t<meta property=\"og:image:width\" content=\"1000\" \/>\n\t<meta property=\"og:image:height\" content=\"300\" \/>\n\t<meta property=\"og:image:type\" content=\"image\/png\" \/>\n<meta name=\"twitter:card\" content=\"summary_large_image\" \/>\n<meta name=\"twitter:label1\" content=\"Est. reading time\" \/>\n\t<meta name=\"twitter:data1\" content=\"1 minute\" \/>\n<script type=\"application\/ld+json\" class=\"yoast-schema-graph\">{\"@context\":\"https:\/\/schema.org\",\"@graph\":[{\"@type\":\"WebPage\",\"@id\":\"https:\/\/ticsalutsocial.atoom.space\/en\/event\/himss-25-european-health-conference-exhibition\/\",\"url\":\"https:\/\/ticsalutsocial.atoom.space\/en\/event\/himss-25-european-health-conference-exhibition\/\",\"name\":\"HIMSS 25 | European Health Conference & Exhibition - Fundaci\u00f3 TIC Salut i Social\",\"isPartOf\":{\"@id\":\"https:\/\/ticsalutsocial.atoom.space\/en\/#website\"},\"primaryImageOfPage\":{\"@id\":\"https:\/\/ticsalutsocial.atoom.space\/en\/event\/himss-25-european-health-conference-exhibition\/#primaryimage\"},\"image\":{\"@id\":\"https:\/\/ticsalutsocial.atoom.space\/en\/event\/himss-25-european-health-conference-exhibition\/#primaryimage\"},\"thumbnailUrl\":\"https:\/\/ticsalutsocial.atoom.space\/wp-content\/uploads\/2025\/04\/dd59c981e13947888a5edf04aceb48b7.png\",\"datePublished\":\"2025-04-08T07:47:48+00:00\",\"dateModified\":\"2025-04-16T08:26:47+00:00\",\"breadcrumb\":{\"@id\":\"https:\/\/ticsalutsocial.atoom.space\/en\/event\/himss-25-european-health-conference-exhibition\/#breadcrumb\"},\"inLanguage\":\"en-US\",\"potentialAction\":[{\"@type\":\"ReadAction\",\"target\":[\"https:\/\/ticsalutsocial.atoom.space\/en\/event\/himss-25-european-health-conference-exhibition\/\"]}]},{\"@type\":\"ImageObject\",\"inLanguage\":\"en-US\",\"@id\":\"https:\/\/ticsalutsocial.atoom.space\/en\/event\/himss-25-european-health-conference-exhibition\/#primaryimage\",\"url\":\"https:\/\/ticsalutsocial.atoom.space\/wp-content\/uploads\/2025\/04\/dd59c981e13947888a5edf04aceb48b7.png\",\"contentUrl\":\"https:\/\/ticsalutsocial.atoom.space\/wp-content\/uploads\/2025\/04\/dd59c981e13947888a5edf04aceb48b7.png\",\"width\":1000,\"height\":300,\"caption\":\"HIMSS 25\"},{\"@type\":\"BreadcrumbList\",\"@id\":\"https:\/\/ticsalutsocial.atoom.space\/en\/event\/himss-25-european-health-conference-exhibition\/#breadcrumb\",\"itemListElement\":[{\"@type\":\"ListItem\",\"position\":1,\"name\":\"Inici\",\"item\":\"https:\/\/ticsalutsocial.atoom.space\/en\/\"},{\"@type\":\"ListItem\",\"position\":2,\"name\":\"HIMSS 25 | European Health Conference &#038; Exhibition\"}]},{\"@type\":\"WebSite\",\"@id\":\"https:\/\/ticsalutsocial.atoom.space\/en\/#website\",\"url\":\"https:\/\/ticsalutsocial.atoom.space\/en\/\",\"name\":\"Fundaci\u00f3 TIC Salut i Social\",\"description\":\"\",\"potentialAction\":[{\"@type\":\"SearchAction\",\"target\":{\"@type\":\"EntryPoint\",\"urlTemplate\":\"https:\/\/ticsalutsocial.atoom.space\/en\/?s={search_term_string}\"},\"query-input\":{\"@type\":\"PropertyValueSpecification\",\"valueRequired\":true,\"valueName\":\"search_term_string\"}}],\"inLanguage\":\"en-US\"}]}<\/script>\n<!-- \/ Yoast SEO plugin. -->","yoast_head_json":{"title":"HIMSS 25 | European Health Conference & Exhibition - Fundaci\u00f3 TIC Salut i Social","robots":{"index":"index","follow":"follow","max-snippet":"max-snippet:-1","max-image-preview":"max-image-preview:large","max-video-preview":"max-video-preview:-1"},"canonical":"https:\/\/ticsalutsocial.atoom.space\/en\/event\/himss-25-european-health-conference-exhibition\/","og_locale":"en_US","og_type":"article","og_title":"HIMSS 25 | European Health Conference & Exhibition - Fundaci\u00f3 TIC Salut i Social","og_description":"Experience the future of healthcare worldwideStay up to date with industry trends, connect with like-minded professionals, or explore cutting-edge solutions that are transforming healthcare at HIMSS25.","og_url":"https:\/\/ticsalutsocial.atoom.space\/en\/event\/himss-25-european-health-conference-exhibition\/","og_site_name":"Fundaci\u00f3 TIC Salut i Social","article_modified_time":"2025-04-16T08:26:47+00:00","og_image":[{"width":1000,"height":300,"url":"https:\/\/ticsalutsocial.atoom.space\/wp-content\/uploads\/2025\/04\/dd59c981e13947888a5edf04aceb48b7.png","type":"image\/png"}],"twitter_card":"summary_large_image","twitter_misc":{"Est. reading time":"1 minute"},"schema":{"@context":"https:\/\/schema.org","@graph":[{"@type":"WebPage","@id":"https:\/\/ticsalutsocial.atoom.space\/en\/event\/himss-25-european-health-conference-exhibition\/","url":"https:\/\/ticsalutsocial.atoom.space\/en\/event\/himss-25-european-health-conference-exhibition\/","name":"HIMSS 25 | European Health Conference & Exhibition - Fundaci\u00f3 TIC Salut i Social","isPartOf":{"@id":"https:\/\/ticsalutsocial.atoom.space\/en\/#website"},"primaryImageOfPage":{"@id":"https:\/\/ticsalutsocial.atoom.space\/en\/event\/himss-25-european-health-conference-exhibition\/#primaryimage"},"image":{"@id":"https:\/\/ticsalutsocial.atoom.space\/en\/event\/himss-25-european-health-conference-exhibition\/#primaryimage"},"thumbnailUrl":"https:\/\/ticsalutsocial.atoom.space\/wp-content\/uploads\/2025\/04\/dd59c981e13947888a5edf04aceb48b7.png","datePublished":"2025-04-08T07:47:48+00:00","dateModified":"2025-04-16T08:26:47+00:00","breadcrumb":{"@id":"https:\/\/ticsalutsocial.atoom.space\/en\/event\/himss-25-european-health-conference-exhibition\/#breadcrumb"},"inLanguage":"en-US","potentialAction":[{"@type":"ReadAction","target":["https:\/\/ticsalutsocial.atoom.space\/en\/event\/himss-25-european-health-conference-exhibition\/"]}]},{"@type":"ImageObject","inLanguage":"en-US","@id":"https:\/\/ticsalutsocial.atoom.space\/en\/event\/himss-25-european-health-conference-exhibition\/#primaryimage","url":"https:\/\/ticsalutsocial.atoom.space\/wp-content\/uploads\/2025\/04\/dd59c981e13947888a5edf04aceb48b7.png","contentUrl":"https:\/\/ticsalutsocial.atoom.space\/wp-content\/uploads\/2025\/04\/dd59c981e13947888a5edf04aceb48b7.png","width":1000,"height":300,"caption":"HIMSS 25"},{"@type":"BreadcrumbList","@id":"https:\/\/ticsalutsocial.atoom.space\/en\/event\/himss-25-european-health-conference-exhibition\/#breadcrumb","itemListElement":[{"@type":"ListItem","position":1,"name":"Inici","item":"https:\/\/ticsalutsocial.atoom.space\/en\/"},{"@type":"ListItem","position":2,"name":"HIMSS 25 | European Health Conference &#038; Exhibition"}]},{"@type":"WebSite","@id":"https:\/\/ticsalutsocial.atoom.space\/en\/#website","url":"https:\/\/ticsalutsocial.atoom.space\/en\/","name":"Fundaci\u00f3 TIC Salut i Social","description":"","potentialAction":[{"@type":"SearchAction","target":{"@type":"EntryPoint","urlTemplate":"https:\/\/ticsalutsocial.atoom.space\/en\/?s={search_term_string}"},"query-input":{"@type":"PropertyValueSpecification","valueRequired":true,"valueName":"search_term_string"}}],"inLanguage":"en-US"}]}},"_links":{"self":[{"href":"https:\/\/ticsalutsocial.atoom.space\/en\/wp-json\/wp\/v2\/event\/31734","targetHints":{"allow":["GET"]}}],"collection":[{"href":"https:\/\/ticsalutsocial.atoom.space\/en\/wp-json\/wp\/v2\/event"}],"about":[{"href":"https:\/\/ticsalutsocial.atoom.space\/en\/wp-json\/wp\/v2\/types\/event"}],"wp:featuredmedia":[{"embeddable":true,"href":"https:\/\/ticsalutsocial.atoom.space\/en\/wp-json\/wp\/v2\/media\/31223"}],"wp:attachment":[{"href":"https:\/\/ticsalutsocial.atoom.space\/en\/wp-json\/wp\/v2\/media?parent=31734"}],"wp:term":[{"taxonomy":"tipus","embeddable":true,"href":"https:\/\/ticsalutsocial.atoom.space\/en\/wp-json\/wp\/v2\/tipus?post=31734"},{"taxonomy":"topic","embeddable":true,"href":"https:\/\/ticsalutsocial.atoom.space\/en\/wp-json\/wp\/v2\/topic?post=31734"}],"curies":[{"name":"wp","href":"https:\/\/api.w.org\/{rel}","templated":true}]}}

Palais des Congrès de Paris, 2 Pl de la Pte Maillot, 75017 París, França

<!-- This site is optimized with the Yoast SEO plugin v27.1.1 - https://yoast.com/product/yoast-seo-wordpress/ -->
<title>HIMSS 25 | European Health Conference &amp; Exhibition - Fundació TIC Salut i Social</title>
<meta name="robots" content="index, follow, max-snippet:-1, max-image-preview:large, max-video-preview:-1" />
<link rel="canonical" href="https://ticsalutsocial.atoom.space/en/event/himss-25-european-health-conference-exhibition/" />
<meta property="og:locale" content="en_US" />
<meta property="og:type" content="article" />
<meta property="og:title" content="HIMSS 25 | European Health Conference &amp; Exhibition - Fundació TIC Salut i Social" />
<meta property="og:description" content="Experience the future of healthcare worldwideStay up to date with industry trends, connect with like-minded professionals, or explore cutting-edge solutions that are transforming healthcare at HIMSS25." />
<meta property="og:url" content="https://ticsalutsocial.atoom.space/en/event/himss-25-european-health-conference-exhibition/" />
<meta property="og:site_name" content="Fundació TIC Salut i Social" />
<meta property="article:modified_time" content="2025-04-16T08:26:47+00:00" />
<meta property="og:image" content="https://ticsalutsocial.atoom.space/wp-content/uploads/2025/04/dd59c981e13947888a5edf04aceb48b7.png" />
	<meta property="og:image:width" content="1000" />
	<meta property="og:image:height" content="300" />
	<meta property="og:image:type" content="image/png" />
<meta name="twitter:card" content="summary_large_image" />
<meta name="twitter:label1" content="Est. reading time" />
	<meta name="twitter:data1" content="1 minute" />
<script type="application/ld+json" class="yoast-schema-graph">{"@context":"https://schema.org","@graph":[{"@type":"WebPage","@id":"https://ticsalutsocial.atoom.space/en/event/himss-25-european-health-conference-exhibition/","url":"https://ticsalutsocial.atoom.space/en/event/himss-25-european-health-conference-exhibition/","name":"HIMSS 25 | European Health Conference & Exhibition - Fundació TIC Salut i Social","isPartOf":{"@id":"https://ticsalutsocial.atoom.space/en/#website"},"primaryImageOfPage":{"@id":"https://ticsalutsocial.atoom.space/en/event/himss-25-european-health-conference-exhibition/#primaryimage"},"image":{"@id":"https://ticsalutsocial.atoom.space/en/event/himss-25-european-health-conference-exhibition/#primaryimage"},"thumbnailUrl":"https://ticsalutsocial.atoom.space/wp-content/uploads/2025/04/dd59c981e13947888a5edf04aceb48b7.png","datePublished":"2025-04-08T07:47:48+00:00","dateModified":"2025-04-16T08:26:47+00:00","breadcrumb":{"@id":"https://ticsalutsocial.atoom.space/en/event/himss-25-european-health-conference-exhibition/#breadcrumb"},"inLanguage":"en-US","potentialAction":[{"@type":"ReadAction","target":["https://ticsalutsocial.atoom.space/en/event/himss-25-european-health-conference-exhibition/"]}]},{"@type":"ImageObject","inLanguage":"en-US","@id":"https://ticsalutsocial.atoom.space/en/event/himss-25-european-health-conference-exhibition/#primaryimage","url":"https://ticsalutsocial.atoom.space/wp-content/uploads/2025/04/dd59c981e13947888a5edf04aceb48b7.png","contentUrl":"https://ticsalutsocial.atoom.space/wp-content/uploads/2025/04/dd59c981e13947888a5edf04aceb48b7.png","width":1000,"height":300,"caption":"HIMSS 25"},{"@type":"BreadcrumbList","@id":"https://ticsalutsocial.atoom.space/en/event/himss-25-european-health-conference-exhibition/#breadcrumb","itemListElement":[{"@type":"ListItem","position":1,"name":"Inici","item":"https://ticsalutsocial.atoom.space/en/"},{"@type":"ListItem","position":2,"name":"HIMSS 25 | European Health Conference &#038; Exhibition"}]},{"@type":"WebSite","@id":"https://ticsalutsocial.atoom.space/en/#website","url":"https://ticsalutsocial.atoom.space/en/","name":"Fundació TIC Salut i Social","description":"","potentialAction":[{"@type":"SearchAction","target":{"@type":"EntryPoint","urlTemplate":"https://ticsalutsocial.atoom.space/en/?s={search_term_string}"},"query-input":{"@type":"PropertyValueSpecification","valueRequired":true,"valueName":"search_term_string"}}],"inLanguage":"en-US"}]}</script>
<!-- / Yoast SEO plugin. -->

HIMSS 25 | European Health Conference & Exhibition - Fundació TIC Salut i Social

Fundació TIC Salut i Social
