
{"id":32220,"date":"2025-05-22T11:11:56","date_gmt":"2025-05-22T09:11:56","guid":{"rendered":"https:\/\/ticsalutsocial.atoom.space\/event\/jornada-anual-de-la-dca-drons\/"},"modified":"2025-05-22T11:20:49","modified_gmt":"2025-05-22T09:20:49","slug":"jornada-anual-de-la-dca-drons","status":"publish","type":"event","link":"https:\/\/ticsalutsocial.atoom.space\/en\/event\/jornada-anual-de-la-dca-drons\/","title":{"rendered":"Annual DCA-Drones Meeting"},"content":{"rendered":"<p data-start=\"1433\" data-end=\"1734\">The Drones community of the Digital Catalonia Alliance is holding its annual meeting on <strong data-start=\"1521\" data-end=\"1546\">Tuesday, 10 June 2025<\/strong>, at the auditorium of the Universitat Polit\u00e8cnica de Catalunya, located in the V\u00e8rtex building of the Campus Nord (Pla\u00e7a d&#8217;Eusebi G\u00fcell, 6, 08034 Barcelona \u2013 Access via Carrer de Dulcet).<\/p>\n<p data-start=\"1736\" data-end=\"1927\">Co-organised with UPC-BarcelonaTech and in collaboration with the Mossos d&#8217;Esquadra, the event will also feature the presentation of <strong data-start=\"1869\" data-end=\"1894\">Royal Decree 517\/2024<\/strong>, which regulates the use of UAS.<\/p>\n<p data-start=\"1929\" data-end=\"2228\">During the session, the community will present an overview of its activities, as well as the development process of a <strong data-start=\"2047\" data-end=\"2093\">one-stop shop for drone-related procedures<\/strong> \u2014 a pioneering project in Spain that will simplify interactions between businesses and public administration and streamline processes.<\/p>\n<p data-start=\"2230\" data-end=\"2348\">As usual, the event will include a networking space to encourage interaction and exchange among attending DCA members.<\/p>\n<p data-start=\"2350\" data-end=\"2363\"><strong data-start=\"2350\" data-end=\"2363\">Programme<\/strong><\/p>\n<p data-start=\"2365\" data-end=\"2444\"><strong data-start=\"2365\" data-end=\"2394\">Annual DCA-Drones Meeting<\/strong><br data-start=\"2394\" data-end=\"2397\" \/>9:30 \u2013 11:00 AM<br data-start=\"2412\" data-end=\"2415\" \/>Includes networking breakfast<\/p>\n<p data-start=\"2446\" data-end=\"2531\"><strong data-start=\"2446\" data-end=\"2510\">Open presentation of Royal Decree 517\/2024 \u2013 EASA Operations<\/strong><br data-start=\"2510\" data-end=\"2513\" \/>11:00 AM \u2013 2:00 PM<\/p>\n<p data-start=\"2533\" data-end=\"2618\"><strong data-start=\"2533\" data-end=\"2601\">Open presentation of Royal Decree 517\/2024 \u2013 Non-EASA Operations<\/strong><br data-start=\"2601\" data-end=\"2604\" \/>3:00 \u2013 6:30 PM<\/p>\n","protected":false},"featured_media":0,"menu_order":0,"template":"","meta":{"_acf_changed":false,"inline_featured_image":false},"tipus":[],"topic":[],"class_list":["post-32220","event","type-event","status-publish","hentry"],"acf":{"informacio":{"ubicacio":"Auditori de l'Edifici V\u00e8rtex al Campus Nord de la UPC, 6 Pla\u00e7a d'Eusebi G\u00fcell 08034 Barcelona","data":"10\/06\/2025","hora":"09:30 \/ 19:00","preu":"Gratu\u00eft","inscripcions":"https:\/\/www.eventbrite.com\/e\/jornada-anual-de-la-dca-drons-presentacio-del-reial-decret-5172024-tickets-1367178450549?aff=erellivmlt&keep_tld=1"},"programa":{"titol":"","items":false},"documents":false},"yoast_head":"<!-- This site is optimized with the Yoast SEO plugin v27.1.1 - https:\/\/yoast.com\/product\/yoast-seo-wordpress\/ -->\n<title>Annual DCA-Drones Meeting - Fundaci\u00f3 TIC Salut i Social<\/title>\n<meta name=\"robots\" content=\"index, follow, max-snippet:-1, max-image-preview:large, max-video-preview:-1\" \/>\n<link rel=\"canonical\" href=\"https:\/\/ticsalutsocial.atoom.space\/en\/event\/jornada-anual-de-la-dca-drons\/\" \/>\n<meta property=\"og:locale\" content=\"en_US\" \/>\n<meta property=\"og:type\" content=\"article\" \/>\n<meta property=\"og:title\" content=\"Annual DCA-Drones Meeting - Fundaci\u00f3 TIC Salut i Social\" \/>\n<meta property=\"og:description\" content=\"The Drones community of the Digital Catalonia Alliance is holding its annual meeting on Tuesday, 10 June 2025, at the auditorium of the Universitat Polit\u00e8cnica de Catalunya, located in the V\u00e8rtex building of the Campus Nord (Pla\u00e7a d&#8217;Eusebi G\u00fcell, 6, 08034 Barcelona \u2013 Access via Carrer de Dulcet). Co-organised with UPC-BarcelonaTech and in collaboration with [&hellip;]\" \/>\n<meta property=\"og:url\" content=\"https:\/\/ticsalutsocial.atoom.space\/en\/event\/jornada-anual-de-la-dca-drons\/\" \/>\n<meta property=\"og:site_name\" content=\"Fundaci\u00f3 TIC Salut i Social\" \/>\n<meta property=\"article:modified_time\" content=\"2025-05-22T09:20:49+00:00\" \/>\n<meta name=\"twitter:card\" content=\"summary_large_image\" \/>\n<meta name=\"twitter:label1\" content=\"Est. reading time\" \/>\n\t<meta name=\"twitter:data1\" content=\"1 minute\" \/>\n<script type=\"application\/ld+json\" class=\"yoast-schema-graph\">{\"@context\":\"https:\/\/schema.org\",\"@graph\":[{\"@type\":\"WebPage\",\"@id\":\"https:\/\/ticsalutsocial.atoom.space\/en\/event\/jornada-anual-de-la-dca-drons\/\",\"url\":\"https:\/\/ticsalutsocial.atoom.space\/en\/event\/jornada-anual-de-la-dca-drons\/\",\"name\":\"Annual DCA-Drones Meeting - Fundaci\u00f3 TIC Salut i Social\",\"isPartOf\":{\"@id\":\"https:\/\/ticsalutsocial.atoom.space\/en\/#website\"},\"datePublished\":\"2025-05-22T09:11:56+00:00\",\"dateModified\":\"2025-05-22T09:20:49+00:00\",\"breadcrumb\":{\"@id\":\"https:\/\/ticsalutsocial.atoom.space\/en\/event\/jornada-anual-de-la-dca-drons\/#breadcrumb\"},\"inLanguage\":\"en-US\",\"potentialAction\":[{\"@type\":\"ReadAction\",\"target\":[\"https:\/\/ticsalutsocial.atoom.space\/en\/event\/jornada-anual-de-la-dca-drons\/\"]}]},{\"@type\":\"BreadcrumbList\",\"@id\":\"https:\/\/ticsalutsocial.atoom.space\/en\/event\/jornada-anual-de-la-dca-drons\/#breadcrumb\",\"itemListElement\":[{\"@type\":\"ListItem\",\"position\":1,\"name\":\"Inici\",\"item\":\"https:\/\/ticsalutsocial.atoom.space\/en\/\"},{\"@type\":\"ListItem\",\"position\":2,\"name\":\"Annual DCA-Drones Meeting\"}]},{\"@type\":\"WebSite\",\"@id\":\"https:\/\/ticsalutsocial.atoom.space\/en\/#website\",\"url\":\"https:\/\/ticsalutsocial.atoom.space\/en\/\",\"name\":\"Fundaci\u00f3 TIC Salut i Social\",\"description\":\"\",\"potentialAction\":[{\"@type\":\"SearchAction\",\"target\":{\"@type\":\"EntryPoint\",\"urlTemplate\":\"https:\/\/ticsalutsocial.atoom.space\/en\/?s={search_term_string}\"},\"query-input\":{\"@type\":\"PropertyValueSpecification\",\"valueRequired\":true,\"valueName\":\"search_term_string\"}}],\"inLanguage\":\"en-US\"}]}<\/script>\n<!-- \/ Yoast SEO plugin. -->","yoast_head_json":{"title":"Annual DCA-Drones Meeting - Fundaci\u00f3 TIC Salut i Social","robots":{"index":"index","follow":"follow","max-snippet":"max-snippet:-1","max-image-preview":"max-image-preview:large","max-video-preview":"max-video-preview:-1"},"canonical":"https:\/\/ticsalutsocial.atoom.space\/en\/event\/jornada-anual-de-la-dca-drons\/","og_locale":"en_US","og_type":"article","og_title":"Annual DCA-Drones Meeting - Fundaci\u00f3 TIC Salut i Social","og_description":"The Drones community of the Digital Catalonia Alliance is holding its annual meeting on Tuesday, 10 June 2025, at the auditorium of the Universitat Polit\u00e8cnica de Catalunya, located in the V\u00e8rtex building of the Campus Nord (Pla\u00e7a d&#8217;Eusebi G\u00fcell, 6, 08034 Barcelona \u2013 Access via Carrer de Dulcet). Co-organised with UPC-BarcelonaTech and in collaboration with [&hellip;]","og_url":"https:\/\/ticsalutsocial.atoom.space\/en\/event\/jornada-anual-de-la-dca-drons\/","og_site_name":"Fundaci\u00f3 TIC Salut i Social","article_modified_time":"2025-05-22T09:20:49+00:00","twitter_card":"summary_large_image","twitter_misc":{"Est. reading time":"1 minute"},"schema":{"@context":"https:\/\/schema.org","@graph":[{"@type":"WebPage","@id":"https:\/\/ticsalutsocial.atoom.space\/en\/event\/jornada-anual-de-la-dca-drons\/","url":"https:\/\/ticsalutsocial.atoom.space\/en\/event\/jornada-anual-de-la-dca-drons\/","name":"Annual DCA-Drones Meeting - Fundaci\u00f3 TIC Salut i Social","isPartOf":{"@id":"https:\/\/ticsalutsocial.atoom.space\/en\/#website"},"datePublished":"2025-05-22T09:11:56+00:00","dateModified":"2025-05-22T09:20:49+00:00","breadcrumb":{"@id":"https:\/\/ticsalutsocial.atoom.space\/en\/event\/jornada-anual-de-la-dca-drons\/#breadcrumb"},"inLanguage":"en-US","potentialAction":[{"@type":"ReadAction","target":["https:\/\/ticsalutsocial.atoom.space\/en\/event\/jornada-anual-de-la-dca-drons\/"]}]},{"@type":"BreadcrumbList","@id":"https:\/\/ticsalutsocial.atoom.space\/en\/event\/jornada-anual-de-la-dca-drons\/#breadcrumb","itemListElement":[{"@type":"ListItem","position":1,"name":"Inici","item":"https:\/\/ticsalutsocial.atoom.space\/en\/"},{"@type":"ListItem","position":2,"name":"Annual DCA-Drones Meeting"}]},{"@type":"WebSite","@id":"https:\/\/ticsalutsocial.atoom.space\/en\/#website","url":"https:\/\/ticsalutsocial.atoom.space\/en\/","name":"Fundaci\u00f3 TIC Salut i Social","description":"","potentialAction":[{"@type":"SearchAction","target":{"@type":"EntryPoint","urlTemplate":"https:\/\/ticsalutsocial.atoom.space\/en\/?s={search_term_string}"},"query-input":{"@type":"PropertyValueSpecification","valueRequired":true,"valueName":"search_term_string"}}],"inLanguage":"en-US"}]}},"_links":{"self":[{"href":"https:\/\/ticsalutsocial.atoom.space\/en\/wp-json\/wp\/v2\/event\/32220","targetHints":{"allow":["GET"]}}],"collection":[{"href":"https:\/\/ticsalutsocial.atoom.space\/en\/wp-json\/wp\/v2\/event"}],"about":[{"href":"https:\/\/ticsalutsocial.atoom.space\/en\/wp-json\/wp\/v2\/types\/event"}],"wp:attachment":[{"href":"https:\/\/ticsalutsocial.atoom.space\/en\/wp-json\/wp\/v2\/media?parent=32220"}],"wp:term":[{"taxonomy":"tipus","embeddable":true,"href":"https:\/\/ticsalutsocial.atoom.space\/en\/wp-json\/wp\/v2\/tipus?post=32220"},{"taxonomy":"topic","embeddable":true,"href":"https:\/\/ticsalutsocial.atoom.space\/en\/wp-json\/wp\/v2\/topic?post=32220"}],"curies":[{"name":"wp","href":"https:\/\/api.w.org\/{rel}","templated":true}]}}

<p data-start="1433" data-end="1734">The Drones community of the Digital Catalonia Alliance is holding its annual meeting on <strong data-start="1521" data-end="1546">Tuesday, 10 June 2025</strong>, at the auditorium of the Universitat Politècnica de Catalunya, located in the Vèrtex building of the Campus Nord (Plaça d&#8217;Eusebi Güell, 6, 08034 Barcelona – Access via Carrer de Dulcet).</p>
<p data-start="1736" data-end="1927">Co-organised with UPC-BarcelonaTech and in collaboration with the Mossos d&#8217;Esquadra, the event will also feature the presentation of <strong data-start="1869" data-end="1894">Royal Decree 517/2024</strong>, which regulates the use of UAS.</p>
<p data-start="1929" data-end="2228">During the session, the community will present an overview of its activities, as well as the development process of a <strong data-start="2047" data-end="2093">one-stop shop for drone-related procedures</strong> — a pioneering project in Spain that will simplify interactions between businesses and public administration and streamline processes.</p>
<p data-start="2230" data-end="2348">As usual, the event will include a networking space to encourage interaction and exchange among attending DCA members.</p>
<p data-start="2350" data-end="2363"><strong data-start="2350" data-end="2363">Programme</strong></p>
<p data-start="2365" data-end="2444"><strong data-start="2365" data-end="2394">Annual DCA-Drones Meeting</strong><br data-start="2394" data-end="2397" />9:30 – 11:00 AM<br data-start="2412" data-end="2415" />Includes networking breakfast</p>
<p data-start="2446" data-end="2531"><strong data-start="2446" data-end="2510">Open presentation of Royal Decree 517/2024 – EASA Operations</strong><br data-start="2510" data-end="2513" />11:00 AM – 2:00 PM</p>
<p data-start="2533" data-end="2618"><strong data-start="2533" data-end="2601">Open presentation of Royal Decree 517/2024 – Non-EASA Operations</strong><br data-start="2601" data-end="2604" />3:00 – 6:30 PM</p>

Auditori de l'Edifici Vèrtex al Campus Nord de la UPC, 6 Plaça d'Eusebi Güell 08034 Barcelona

Gratuït

<!-- This site is optimized with the Yoast SEO plugin v27.1.1 - https://yoast.com/product/yoast-seo-wordpress/ -->
<title>Annual DCA-Drones Meeting - Fundació TIC Salut i Social</title>
<meta name="robots" content="index, follow, max-snippet:-1, max-image-preview:large, max-video-preview:-1" />
<link rel="canonical" href="https://ticsalutsocial.atoom.space/en/event/jornada-anual-de-la-dca-drons/" />
<meta property="og:locale" content="en_US" />
<meta property="og:type" content="article" />
<meta property="og:title" content="Annual DCA-Drones Meeting - Fundació TIC Salut i Social" />
<meta property="og:description" content="The Drones community of the Digital Catalonia Alliance is holding its annual meeting on Tuesday, 10 June 2025, at the auditorium of the Universitat Politècnica de Catalunya, located in the Vèrtex building of the Campus Nord (Plaça d&#8217;Eusebi Güell, 6, 08034 Barcelona – Access via Carrer de Dulcet). Co-organised with UPC-BarcelonaTech and in collaboration with [&hellip;]" />
<meta property="og:url" content="https://ticsalutsocial.atoom.space/en/event/jornada-anual-de-la-dca-drons/" />
<meta property="og:site_name" content="Fundació TIC Salut i Social" />
<meta property="article:modified_time" content="2025-05-22T09:20:49+00:00" />
<meta name="twitter:card" content="summary_large_image" />
<meta name="twitter:label1" content="Est. reading time" />
	<meta name="twitter:data1" content="1 minute" />
<script type="application/ld+json" class="yoast-schema-graph">{"@context":"https://schema.org","@graph":[{"@type":"WebPage","@id":"https://ticsalutsocial.atoom.space/en/event/jornada-anual-de-la-dca-drons/","url":"https://ticsalutsocial.atoom.space/en/event/jornada-anual-de-la-dca-drons/","name":"Annual DCA-Drones Meeting - Fundació TIC Salut i Social","isPartOf":{"@id":"https://ticsalutsocial.atoom.space/en/#website"},"datePublished":"2025-05-22T09:11:56+00:00","dateModified":"2025-05-22T09:20:49+00:00","breadcrumb":{"@id":"https://ticsalutsocial.atoom.space/en/event/jornada-anual-de-la-dca-drons/#breadcrumb"},"inLanguage":"en-US","potentialAction":[{"@type":"ReadAction","target":["https://ticsalutsocial.atoom.space/en/event/jornada-anual-de-la-dca-drons/"]}]},{"@type":"BreadcrumbList","@id":"https://ticsalutsocial.atoom.space/en/event/jornada-anual-de-la-dca-drons/#breadcrumb","itemListElement":[{"@type":"ListItem","position":1,"name":"Inici","item":"https://ticsalutsocial.atoom.space/en/"},{"@type":"ListItem","position":2,"name":"Annual DCA-Drones Meeting"}]},{"@type":"WebSite","@id":"https://ticsalutsocial.atoom.space/en/#website","url":"https://ticsalutsocial.atoom.space/en/","name":"Fundació TIC Salut i Social","description":"","potentialAction":[{"@type":"SearchAction","target":{"@type":"EntryPoint","urlTemplate":"https://ticsalutsocial.atoom.space/en/?s={search_term_string}"},"query-input":{"@type":"PropertyValueSpecification","valueRequired":true,"valueName":"search_term_string"}}],"inLanguage":"en-US"}]}</script>
<!-- / Yoast SEO plugin. -->

Annual DCA-Drones Meeting - Fundació TIC Salut i Social

The Drones community of the Digital Catalonia Alliance is holding its annual meeting on Tuesday, 10 June 2025, at the auditorium of the Universitat Politècnica de Catalunya, located in the Vèrtex building of the Campus Nord (Plaça d&#8217;Eusebi Güell, 6, 08034 Barcelona – Access via Carrer de Dulcet). Co-organised with UPC-BarcelonaTech and in collaboration with [&hellip;]

Fundació TIC Salut i Social
