
{"id":33149,"date":"2025-07-16T09:19:29","date_gmt":"2025-07-16T07:19:29","guid":{"rendered":"https:\/\/ticsalutsocial.atoom.space\/event\/tecnologia-per-impulsar-lpatencio-integrada-social-i-sanitaria\/"},"modified":"2025-07-16T18:10:20","modified_gmt":"2025-07-16T16:10:20","slug":"tecnologia-per-impulsar-lpatencio-integrada-social-i-sanitaria","status":"publish","type":"event","link":"https:\/\/ticsalutsocial.atoom.space\/en\/event\/tecnologia-per-impulsar-lpatencio-integrada-social-i-sanitaria\/","title":{"rendered":"Tech for Integrated Care"},"content":{"rendered":"<p data-start=\"0\" data-end=\"287\">The TIC Salut Social Foundation is organizing an information session to present technological solutions that support the rollout of integrated care across Catalonia. Discover some of the technologies that enable the incorporation of comprehensive assessments and personalized care plans.<\/p>\n<p data-start=\"289\" data-end=\"553\">The event will take place at the Cibern\u00e0rium in the MediaTIC building and will bring together professionals from social services, healthcare, managers from the Department of Social Rights and Inclusion and the Department of Health, as well as technology companies.<\/p>\n<p data-start=\"555\" data-end=\"623\" data-is-last-node=\"\" data-is-only-node=\"\">Check the program and register. We look forward to seeing you there!<\/p>\n<p><img loading=\"lazy\" decoding=\"async\" class=\"alignnone wp-image-33158 size-full\" src=\"https:\/\/ticsalutsocial.atoom.space\/wp-content\/uploads\/2025\/07\/Programa-IG-1.png\" alt=\"\" width=\"1200\" height=\"1500\" srcset=\"https:\/\/ticsalutsocial.atoom.space\/wp-content\/uploads\/2025\/07\/Programa-IG-1.png 1200w, https:\/\/ticsalutsocial.atoom.space\/wp-content\/uploads\/2025\/07\/Programa-IG-1-240x300.png 240w, https:\/\/ticsalutsocial.atoom.space\/wp-content\/uploads\/2025\/07\/Programa-IG-1-819x1024.png 819w, https:\/\/ticsalutsocial.atoom.space\/wp-content\/uploads\/2025\/07\/Programa-IG-1-768x960.png 768w\" sizes=\"auto, (max-width: 1200px) 100vw, 1200px\" \/><\/p>\n<p>&nbsp;<\/p>\n","protected":false},"featured_media":33146,"menu_order":0,"template":"","meta":{"_acf_changed":false,"inline_featured_image":false},"tipus":[],"topic":[116],"class_list":["post-33149","event","type-event","status-publish","has-post-thumbnail","hentry","topic-events"],"acf":{"documents":false,"informacio":{"ubicacio":"Cibern\u00e0rium MediaTIC (C\/ Roc Boronat, 117 - 127, 08018 BCN)","data":"22\/07\/2025","hora":"9:00 a 13:30","preu":"Gratu\u00eft pr\u00e8via inscripci\u00f3","inscripcions":"https:\/\/www.eventbrite.es\/e\/tecnologia-per-impulsar-latencio-integrada-social-i-sanitaria-tickets-1446921323629?aff=oddtdtcreator"},"programa":{"titol":"","items":false}},"yoast_head":"<!-- This site is optimized with the Yoast SEO plugin v27.1.1 - https:\/\/yoast.com\/product\/yoast-seo-wordpress\/ -->\n<title>Tech for Integrated Care - Fundaci\u00f3 TIC Salut i Social<\/title>\n<meta name=\"robots\" content=\"index, follow, max-snippet:-1, max-image-preview:large, max-video-preview:-1\" \/>\n<link rel=\"canonical\" href=\"https:\/\/ticsalutsocial.atoom.space\/en\/event\/tecnologia-per-impulsar-lpatencio-integrada-social-i-sanitaria\/\" \/>\n<meta property=\"og:locale\" content=\"en_US\" \/>\n<meta property=\"og:type\" content=\"article\" \/>\n<meta property=\"og:title\" content=\"Tech for Integrated Care - Fundaci\u00f3 TIC Salut i Social\" \/>\n<meta property=\"og:description\" content=\"The TIC Salut Social Foundation is organizing an information session to present technological solutions that support the rollout of integrated care across Catalonia. Discover some of the technologies that enable the incorporation of comprehensive assessments and personalized care plans. The event will take place at the Cibern\u00e0rium in the MediaTIC building and will bring together [&hellip;]\" \/>\n<meta property=\"og:url\" content=\"https:\/\/ticsalutsocial.atoom.space\/en\/event\/tecnologia-per-impulsar-lpatencio-integrada-social-i-sanitaria\/\" \/>\n<meta property=\"og:site_name\" content=\"Fundaci\u00f3 TIC Salut i Social\" \/>\n<meta property=\"article:modified_time\" content=\"2025-07-16T16:10:20+00:00\" \/>\n<meta property=\"og:image\" content=\"https:\/\/ticsalutsocial.atoom.space\/wp-content\/uploads\/2025\/07\/Creativitat-LinkedIn.png\" \/>\n\t<meta property=\"og:image:width\" content=\"1600\" \/>\n\t<meta property=\"og:image:height\" content=\"900\" \/>\n\t<meta property=\"og:image:type\" content=\"image\/png\" \/>\n<meta name=\"twitter:card\" content=\"summary_large_image\" \/>\n<meta name=\"twitter:label1\" content=\"Est. reading time\" \/>\n\t<meta name=\"twitter:data1\" content=\"1 minute\" \/>\n<script type=\"application\/ld+json\" class=\"yoast-schema-graph\">{\"@context\":\"https:\/\/schema.org\",\"@graph\":[{\"@type\":\"WebPage\",\"@id\":\"https:\/\/ticsalutsocial.atoom.space\/en\/event\/tecnologia-per-impulsar-lpatencio-integrada-social-i-sanitaria\/\",\"url\":\"https:\/\/ticsalutsocial.atoom.space\/en\/event\/tecnologia-per-impulsar-lpatencio-integrada-social-i-sanitaria\/\",\"name\":\"Tech for Integrated Care - Fundaci\u00f3 TIC Salut i Social\",\"isPartOf\":{\"@id\":\"https:\/\/ticsalutsocial.atoom.space\/en\/#website\"},\"primaryImageOfPage\":{\"@id\":\"https:\/\/ticsalutsocial.atoom.space\/en\/event\/tecnologia-per-impulsar-lpatencio-integrada-social-i-sanitaria\/#primaryimage\"},\"image\":{\"@id\":\"https:\/\/ticsalutsocial.atoom.space\/en\/event\/tecnologia-per-impulsar-lpatencio-integrada-social-i-sanitaria\/#primaryimage\"},\"thumbnailUrl\":\"https:\/\/ticsalutsocial.atoom.space\/wp-content\/uploads\/2025\/07\/Creativitat-LinkedIn.png\",\"datePublished\":\"2025-07-16T07:19:29+00:00\",\"dateModified\":\"2025-07-16T16:10:20+00:00\",\"breadcrumb\":{\"@id\":\"https:\/\/ticsalutsocial.atoom.space\/en\/event\/tecnologia-per-impulsar-lpatencio-integrada-social-i-sanitaria\/#breadcrumb\"},\"inLanguage\":\"en-US\",\"potentialAction\":[{\"@type\":\"ReadAction\",\"target\":[\"https:\/\/ticsalutsocial.atoom.space\/en\/event\/tecnologia-per-impulsar-lpatencio-integrada-social-i-sanitaria\/\"]}]},{\"@type\":\"ImageObject\",\"inLanguage\":\"en-US\",\"@id\":\"https:\/\/ticsalutsocial.atoom.space\/en\/event\/tecnologia-per-impulsar-lpatencio-integrada-social-i-sanitaria\/#primaryimage\",\"url\":\"https:\/\/ticsalutsocial.atoom.space\/wp-content\/uploads\/2025\/07\/Creativitat-LinkedIn.png\",\"contentUrl\":\"https:\/\/ticsalutsocial.atoom.space\/wp-content\/uploads\/2025\/07\/Creativitat-LinkedIn.png\",\"width\":1600,\"height\":900},{\"@type\":\"BreadcrumbList\",\"@id\":\"https:\/\/ticsalutsocial.atoom.space\/en\/event\/tecnologia-per-impulsar-lpatencio-integrada-social-i-sanitaria\/#breadcrumb\",\"itemListElement\":[{\"@type\":\"ListItem\",\"position\":1,\"name\":\"Inici\",\"item\":\"https:\/\/ticsalutsocial.atoom.space\/en\/\"},{\"@type\":\"ListItem\",\"position\":2,\"name\":\"Tech for Integrated Care\"}]},{\"@type\":\"WebSite\",\"@id\":\"https:\/\/ticsalutsocial.atoom.space\/en\/#website\",\"url\":\"https:\/\/ticsalutsocial.atoom.space\/en\/\",\"name\":\"Fundaci\u00f3 TIC Salut i Social\",\"description\":\"\",\"potentialAction\":[{\"@type\":\"SearchAction\",\"target\":{\"@type\":\"EntryPoint\",\"urlTemplate\":\"https:\/\/ticsalutsocial.atoom.space\/en\/?s={search_term_string}\"},\"query-input\":{\"@type\":\"PropertyValueSpecification\",\"valueRequired\":true,\"valueName\":\"search_term_string\"}}],\"inLanguage\":\"en-US\"}]}<\/script>\n<!-- \/ Yoast SEO plugin. -->","yoast_head_json":{"title":"Tech for Integrated Care - Fundaci\u00f3 TIC Salut i Social","robots":{"index":"index","follow":"follow","max-snippet":"max-snippet:-1","max-image-preview":"max-image-preview:large","max-video-preview":"max-video-preview:-1"},"canonical":"https:\/\/ticsalutsocial.atoom.space\/en\/event\/tecnologia-per-impulsar-lpatencio-integrada-social-i-sanitaria\/","og_locale":"en_US","og_type":"article","og_title":"Tech for Integrated Care - Fundaci\u00f3 TIC Salut i Social","og_description":"The TIC Salut Social Foundation is organizing an information session to present technological solutions that support the rollout of integrated care across Catalonia. Discover some of the technologies that enable the incorporation of comprehensive assessments and personalized care plans. The event will take place at the Cibern\u00e0rium in the MediaTIC building and will bring together [&hellip;]","og_url":"https:\/\/ticsalutsocial.atoom.space\/en\/event\/tecnologia-per-impulsar-lpatencio-integrada-social-i-sanitaria\/","og_site_name":"Fundaci\u00f3 TIC Salut i Social","article_modified_time":"2025-07-16T16:10:20+00:00","og_image":[{"width":1600,"height":900,"url":"https:\/\/ticsalutsocial.atoom.space\/wp-content\/uploads\/2025\/07\/Creativitat-LinkedIn.png","type":"image\/png"}],"twitter_card":"summary_large_image","twitter_misc":{"Est. reading time":"1 minute"},"schema":{"@context":"https:\/\/schema.org","@graph":[{"@type":"WebPage","@id":"https:\/\/ticsalutsocial.atoom.space\/en\/event\/tecnologia-per-impulsar-lpatencio-integrada-social-i-sanitaria\/","url":"https:\/\/ticsalutsocial.atoom.space\/en\/event\/tecnologia-per-impulsar-lpatencio-integrada-social-i-sanitaria\/","name":"Tech for Integrated Care - Fundaci\u00f3 TIC Salut i Social","isPartOf":{"@id":"https:\/\/ticsalutsocial.atoom.space\/en\/#website"},"primaryImageOfPage":{"@id":"https:\/\/ticsalutsocial.atoom.space\/en\/event\/tecnologia-per-impulsar-lpatencio-integrada-social-i-sanitaria\/#primaryimage"},"image":{"@id":"https:\/\/ticsalutsocial.atoom.space\/en\/event\/tecnologia-per-impulsar-lpatencio-integrada-social-i-sanitaria\/#primaryimage"},"thumbnailUrl":"https:\/\/ticsalutsocial.atoom.space\/wp-content\/uploads\/2025\/07\/Creativitat-LinkedIn.png","datePublished":"2025-07-16T07:19:29+00:00","dateModified":"2025-07-16T16:10:20+00:00","breadcrumb":{"@id":"https:\/\/ticsalutsocial.atoom.space\/en\/event\/tecnologia-per-impulsar-lpatencio-integrada-social-i-sanitaria\/#breadcrumb"},"inLanguage":"en-US","potentialAction":[{"@type":"ReadAction","target":["https:\/\/ticsalutsocial.atoom.space\/en\/event\/tecnologia-per-impulsar-lpatencio-integrada-social-i-sanitaria\/"]}]},{"@type":"ImageObject","inLanguage":"en-US","@id":"https:\/\/ticsalutsocial.atoom.space\/en\/event\/tecnologia-per-impulsar-lpatencio-integrada-social-i-sanitaria\/#primaryimage","url":"https:\/\/ticsalutsocial.atoom.space\/wp-content\/uploads\/2025\/07\/Creativitat-LinkedIn.png","contentUrl":"https:\/\/ticsalutsocial.atoom.space\/wp-content\/uploads\/2025\/07\/Creativitat-LinkedIn.png","width":1600,"height":900},{"@type":"BreadcrumbList","@id":"https:\/\/ticsalutsocial.atoom.space\/en\/event\/tecnologia-per-impulsar-lpatencio-integrada-social-i-sanitaria\/#breadcrumb","itemListElement":[{"@type":"ListItem","position":1,"name":"Inici","item":"https:\/\/ticsalutsocial.atoom.space\/en\/"},{"@type":"ListItem","position":2,"name":"Tech for Integrated Care"}]},{"@type":"WebSite","@id":"https:\/\/ticsalutsocial.atoom.space\/en\/#website","url":"https:\/\/ticsalutsocial.atoom.space\/en\/","name":"Fundaci\u00f3 TIC Salut i Social","description":"","potentialAction":[{"@type":"SearchAction","target":{"@type":"EntryPoint","urlTemplate":"https:\/\/ticsalutsocial.atoom.space\/en\/?s={search_term_string}"},"query-input":{"@type":"PropertyValueSpecification","valueRequired":true,"valueName":"search_term_string"}}],"inLanguage":"en-US"}]}},"_links":{"self":[{"href":"https:\/\/ticsalutsocial.atoom.space\/en\/wp-json\/wp\/v2\/event\/33149","targetHints":{"allow":["GET"]}}],"collection":[{"href":"https:\/\/ticsalutsocial.atoom.space\/en\/wp-json\/wp\/v2\/event"}],"about":[{"href":"https:\/\/ticsalutsocial.atoom.space\/en\/wp-json\/wp\/v2\/types\/event"}],"wp:featuredmedia":[{"embeddable":true,"href":"https:\/\/ticsalutsocial.atoom.space\/en\/wp-json\/wp\/v2\/media\/33146"}],"wp:attachment":[{"href":"https:\/\/ticsalutsocial.atoom.space\/en\/wp-json\/wp\/v2\/media?parent=33149"}],"wp:term":[{"taxonomy":"tipus","embeddable":true,"href":"https:\/\/ticsalutsocial.atoom.space\/en\/wp-json\/wp\/v2\/tipus?post=33149"},{"taxonomy":"topic","embeddable":true,"href":"https:\/\/ticsalutsocial.atoom.space\/en\/wp-json\/wp\/v2\/topic?post=33149"}],"curies":[{"name":"wp","href":"https:\/\/api.w.org\/{rel}","templated":true}]}}

<p data-start="0" data-end="287">The TIC Salut Social Foundation is organizing an information session to present technological solutions that support the rollout of integrated care across Catalonia. Discover some of the technologies that enable the incorporation of comprehensive assessments and personalized care plans.</p>
<p data-start="289" data-end="553">The event will take place at the Cibernàrium in the MediaTIC building and will bring together professionals from social services, healthcare, managers from the Department of Social Rights and Inclusion and the Department of Health, as well as technology companies.</p>
<p data-start="555" data-end="623" data-is-last-node="" data-is-only-node="">Check the program and register. We look forward to seeing you there!</p>
<p><img loading="lazy" decoding="async" class="alignnone wp-image-33158 size-full" src="https://ticsalutsocial.atoom.space/wp-content/uploads/2025/07/Programa-IG-1.png" alt="" width="1200" height="1500" srcset="https://ticsalutsocial.atoom.space/wp-content/uploads/2025/07/Programa-IG-1.png 1200w, https://ticsalutsocial.atoom.space/wp-content/uploads/2025/07/Programa-IG-1-240x300.png 240w, https://ticsalutsocial.atoom.space/wp-content/uploads/2025/07/Programa-IG-1-819x1024.png 819w, https://ticsalutsocial.atoom.space/wp-content/uploads/2025/07/Programa-IG-1-768x960.png 768w" sizes="auto, (max-width: 1200px) 100vw, 1200px" /></p>
<p>&nbsp;</p>

Cibernàrium MediaTIC (C/ Roc Boronat, 117 - 127, 08018 BCN)

Gratuït prèvia inscripció

<!-- This site is optimized with the Yoast SEO plugin v27.1.1 - https://yoast.com/product/yoast-seo-wordpress/ -->
<title>Tech for Integrated Care - Fundació TIC Salut i Social</title>
<meta name="robots" content="index, follow, max-snippet:-1, max-image-preview:large, max-video-preview:-1" />
<link rel="canonical" href="https://ticsalutsocial.atoom.space/en/event/tecnologia-per-impulsar-lpatencio-integrada-social-i-sanitaria/" />
<meta property="og:locale" content="en_US" />
<meta property="og:type" content="article" />
<meta property="og:title" content="Tech for Integrated Care - Fundació TIC Salut i Social" />
<meta property="og:description" content="The TIC Salut Social Foundation is organizing an information session to present technological solutions that support the rollout of integrated care across Catalonia. Discover some of the technologies that enable the incorporation of comprehensive assessments and personalized care plans. The event will take place at the Cibernàrium in the MediaTIC building and will bring together [&hellip;]" />
<meta property="og:url" content="https://ticsalutsocial.atoom.space/en/event/tecnologia-per-impulsar-lpatencio-integrada-social-i-sanitaria/" />
<meta property="og:site_name" content="Fundació TIC Salut i Social" />
<meta property="article:modified_time" content="2025-07-16T16:10:20+00:00" />
<meta property="og:image" content="https://ticsalutsocial.atoom.space/wp-content/uploads/2025/07/Creativitat-LinkedIn.png" />
	<meta property="og:image:width" content="1600" />
	<meta property="og:image:height" content="900" />
	<meta property="og:image:type" content="image/png" />
<meta name="twitter:card" content="summary_large_image" />
<meta name="twitter:label1" content="Est. reading time" />
	<meta name="twitter:data1" content="1 minute" />
<script type="application/ld+json" class="yoast-schema-graph">{"@context":"https://schema.org","@graph":[{"@type":"WebPage","@id":"https://ticsalutsocial.atoom.space/en/event/tecnologia-per-impulsar-lpatencio-integrada-social-i-sanitaria/","url":"https://ticsalutsocial.atoom.space/en/event/tecnologia-per-impulsar-lpatencio-integrada-social-i-sanitaria/","name":"Tech for Integrated Care - Fundació TIC Salut i Social","isPartOf":{"@id":"https://ticsalutsocial.atoom.space/en/#website"},"primaryImageOfPage":{"@id":"https://ticsalutsocial.atoom.space/en/event/tecnologia-per-impulsar-lpatencio-integrada-social-i-sanitaria/#primaryimage"},"image":{"@id":"https://ticsalutsocial.atoom.space/en/event/tecnologia-per-impulsar-lpatencio-integrada-social-i-sanitaria/#primaryimage"},"thumbnailUrl":"https://ticsalutsocial.atoom.space/wp-content/uploads/2025/07/Creativitat-LinkedIn.png","datePublished":"2025-07-16T07:19:29+00:00","dateModified":"2025-07-16T16:10:20+00:00","breadcrumb":{"@id":"https://ticsalutsocial.atoom.space/en/event/tecnologia-per-impulsar-lpatencio-integrada-social-i-sanitaria/#breadcrumb"},"inLanguage":"en-US","potentialAction":[{"@type":"ReadAction","target":["https://ticsalutsocial.atoom.space/en/event/tecnologia-per-impulsar-lpatencio-integrada-social-i-sanitaria/"]}]},{"@type":"ImageObject","inLanguage":"en-US","@id":"https://ticsalutsocial.atoom.space/en/event/tecnologia-per-impulsar-lpatencio-integrada-social-i-sanitaria/#primaryimage","url":"https://ticsalutsocial.atoom.space/wp-content/uploads/2025/07/Creativitat-LinkedIn.png","contentUrl":"https://ticsalutsocial.atoom.space/wp-content/uploads/2025/07/Creativitat-LinkedIn.png","width":1600,"height":900},{"@type":"BreadcrumbList","@id":"https://ticsalutsocial.atoom.space/en/event/tecnologia-per-impulsar-lpatencio-integrada-social-i-sanitaria/#breadcrumb","itemListElement":[{"@type":"ListItem","position":1,"name":"Inici","item":"https://ticsalutsocial.atoom.space/en/"},{"@type":"ListItem","position":2,"name":"Tech for Integrated Care"}]},{"@type":"WebSite","@id":"https://ticsalutsocial.atoom.space/en/#website","url":"https://ticsalutsocial.atoom.space/en/","name":"Fundació TIC Salut i Social","description":"","potentialAction":[{"@type":"SearchAction","target":{"@type":"EntryPoint","urlTemplate":"https://ticsalutsocial.atoom.space/en/?s={search_term_string}"},"query-input":{"@type":"PropertyValueSpecification","valueRequired":true,"valueName":"search_term_string"}}],"inLanguage":"en-US"}]}</script>
<!-- / Yoast SEO plugin. -->

Tech for Integrated Care - Fundació TIC Salut i Social

The TIC Salut Social Foundation is organizing an information session to present technological solutions that support the rollout of integrated care across Catalonia. Discover some of the technologies that enable the incorporation of comprehensive assessments and personalized care plans. The event will take place at the Cibernàrium in the MediaTIC building and will bring together [&hellip;]

Fundació TIC Salut i Social
