
{"id":33371,"date":"2025-09-09T09:23:43","date_gmt":"2025-09-09T07:23:43","guid":{"rendered":"https:\/\/ticsalutsocial.atoom.space\/event\/eines-digitals-oportunitats-en-salut-i-reptes-juridics\/"},"modified":"2025-09-09T09:31:51","modified_gmt":"2025-09-09T07:31:51","slug":"eines-digitals-oportunitats-en-salut-i-reptes-juridics","status":"publish","type":"event","link":"https:\/\/ticsalutsocial.atoom.space\/en\/event\/eines-digitals-oportunitats-en-salut-i-reptes-juridics\/","title":{"rendered":"Digital tools: opportunities in health and legal challenges"},"content":{"rendered":"<p data-start=\"1143\" data-end=\"1254\">On September 26, the CSC will hold an information session at its headquarters that may be of interest to you.<\/p>\n<p data-start=\"1256\" data-end=\"1368\">The purpose of the session is to discuss the balance between digital implementation and regulatory compliance.<\/p>\n<p data-start=\"1370\" data-end=\"1447\">Starting at 12:00 at Av. Tibidabo, 21, Sarri\u00e0-Sant Gervasi, 08022 Barcelona<\/p>\n<p data-start=\"1449\" data-end=\"1464\"><strong data-start=\"1449\" data-end=\"1462\">PROGRAMME<\/strong><\/p>\n<p data-start=\"1466\" data-end=\"1532\"><strong data-start=\"1466\" data-end=\"1483\">12:00 Welcome<\/strong><br data-start=\"1483\" data-end=\"1486\" \/>Francesc Jos\u00e9 Mar\u00eda, General Director of CSC<\/p>\n<p data-start=\"1534\" data-end=\"1690\"><strong data-start=\"1534\" data-end=\"1603\">12:05 Legal framework of new digital tools in the field of health<\/strong><br data-start=\"1603\" data-end=\"1606\" \/>Juan F. P\u00e9rez G\u00e1lvez, Professor of Administrative Law at the University of Almer\u00eda<\/p>\n<p data-start=\"1692\" data-end=\"1864\"><strong data-start=\"1692\" data-end=\"1751\">12:50 Practical aspects of validating digital solutions<\/strong><br data-start=\"1751\" data-end=\"1754\" \/>Felip Carbajo, Lawyer and Compliance Officer at the Healthcare Management Foundation of Hospital de Sant Pau<\/p>\n<p data-start=\"1866\" data-end=\"2033\"><strong data-start=\"1866\" data-end=\"1923\">13:20 Corporate criminal liability: practical aspects<\/strong><br data-start=\"1923\" data-end=\"1926\" \/>Olga Pozas, Lawyer and Compliance Officer at the Healthcare Management Foundation of Hospital de Sant Pau<\/p>\n<p data-start=\"2035\" data-end=\"2062\"><strong data-start=\"2035\" data-end=\"2060\">13:50 Open discussion<\/strong><\/p>\n<p data-start=\"2064\" data-end=\"2125\"><strong data-start=\"2064\" data-end=\"2089\">14:00 Closing remarks<\/strong><br data-start=\"2089\" data-end=\"2092\" \/>Josep Mayoral, President of CSC<\/p>\n","protected":false},"featured_media":0,"menu_order":0,"template":"","meta":{"_acf_changed":false,"inline_featured_image":false},"tipus":[],"topic":[116],"class_list":["post-33371","event","type-event","status-publish","hentry","topic-events"],"acf":{"informacio":{"ubicacio":"Av. Tibidabo, 21,Sarri\u00e0-Sant Gervasi, 08022 Barcelona","data":"26\/09\/2025","hora":"12:00 - 14:00","preu":"Free via registration","inscripcions":"https:\/\/crm.consorci.org\/form\/einesdigitals"},"programa":{"titol":"","items":false},"documents":false},"yoast_head":"<!-- This site is optimized with the Yoast SEO plugin v27.1.1 - https:\/\/yoast.com\/product\/yoast-seo-wordpress\/ -->\n<title>Digital tools: opportunities in health and legal challenges - Fundaci\u00f3 TIC Salut i Social<\/title>\n<meta name=\"robots\" content=\"index, follow, max-snippet:-1, max-image-preview:large, max-video-preview:-1\" \/>\n<link rel=\"canonical\" href=\"https:\/\/ticsalutsocial.atoom.space\/en\/event\/eines-digitals-oportunitats-en-salut-i-reptes-juridics\/\" \/>\n<meta property=\"og:locale\" content=\"en_US\" \/>\n<meta property=\"og:type\" content=\"article\" \/>\n<meta property=\"og:title\" content=\"Digital tools: opportunities in health and legal challenges - Fundaci\u00f3 TIC Salut i Social\" \/>\n<meta property=\"og:description\" content=\"On September 26, the CSC will hold an information session at its headquarters that may be of interest to you. The purpose of the session is to discuss the balance between digital implementation and regulatory compliance. Starting at 12:00 at Av. Tibidabo, 21, Sarri\u00e0-Sant Gervasi, 08022 Barcelona PROGRAMME 12:00 WelcomeFrancesc Jos\u00e9 Mar\u00eda, General Director of [&hellip;]\" \/>\n<meta property=\"og:url\" content=\"https:\/\/ticsalutsocial.atoom.space\/en\/event\/eines-digitals-oportunitats-en-salut-i-reptes-juridics\/\" \/>\n<meta property=\"og:site_name\" content=\"Fundaci\u00f3 TIC Salut i Social\" \/>\n<meta property=\"article:modified_time\" content=\"2025-09-09T07:31:51+00:00\" \/>\n<meta name=\"twitter:card\" content=\"summary_large_image\" \/>\n<meta name=\"twitter:label1\" content=\"Est. reading time\" \/>\n\t<meta name=\"twitter:data1\" content=\"1 minute\" \/>\n<script type=\"application\/ld+json\" class=\"yoast-schema-graph\">{\"@context\":\"https:\/\/schema.org\",\"@graph\":[{\"@type\":\"WebPage\",\"@id\":\"https:\/\/ticsalutsocial.atoom.space\/en\/event\/eines-digitals-oportunitats-en-salut-i-reptes-juridics\/\",\"url\":\"https:\/\/ticsalutsocial.atoom.space\/en\/event\/eines-digitals-oportunitats-en-salut-i-reptes-juridics\/\",\"name\":\"Digital tools: opportunities in health and legal challenges - Fundaci\u00f3 TIC Salut i Social\",\"isPartOf\":{\"@id\":\"https:\/\/ticsalutsocial.atoom.space\/en\/#website\"},\"datePublished\":\"2025-09-09T07:23:43+00:00\",\"dateModified\":\"2025-09-09T07:31:51+00:00\",\"breadcrumb\":{\"@id\":\"https:\/\/ticsalutsocial.atoom.space\/en\/event\/eines-digitals-oportunitats-en-salut-i-reptes-juridics\/#breadcrumb\"},\"inLanguage\":\"en-US\",\"potentialAction\":[{\"@type\":\"ReadAction\",\"target\":[\"https:\/\/ticsalutsocial.atoom.space\/en\/event\/eines-digitals-oportunitats-en-salut-i-reptes-juridics\/\"]}]},{\"@type\":\"BreadcrumbList\",\"@id\":\"https:\/\/ticsalutsocial.atoom.space\/en\/event\/eines-digitals-oportunitats-en-salut-i-reptes-juridics\/#breadcrumb\",\"itemListElement\":[{\"@type\":\"ListItem\",\"position\":1,\"name\":\"Inici\",\"item\":\"https:\/\/ticsalutsocial.atoom.space\/en\/\"},{\"@type\":\"ListItem\",\"position\":2,\"name\":\"Digital tools: opportunities in health and legal challenges\"}]},{\"@type\":\"WebSite\",\"@id\":\"https:\/\/ticsalutsocial.atoom.space\/en\/#website\",\"url\":\"https:\/\/ticsalutsocial.atoom.space\/en\/\",\"name\":\"Fundaci\u00f3 TIC Salut i Social\",\"description\":\"\",\"potentialAction\":[{\"@type\":\"SearchAction\",\"target\":{\"@type\":\"EntryPoint\",\"urlTemplate\":\"https:\/\/ticsalutsocial.atoom.space\/en\/?s={search_term_string}\"},\"query-input\":{\"@type\":\"PropertyValueSpecification\",\"valueRequired\":true,\"valueName\":\"search_term_string\"}}],\"inLanguage\":\"en-US\"}]}<\/script>\n<!-- \/ Yoast SEO plugin. -->","yoast_head_json":{"title":"Digital tools: opportunities in health and legal challenges - Fundaci\u00f3 TIC Salut i Social","robots":{"index":"index","follow":"follow","max-snippet":"max-snippet:-1","max-image-preview":"max-image-preview:large","max-video-preview":"max-video-preview:-1"},"canonical":"https:\/\/ticsalutsocial.atoom.space\/en\/event\/eines-digitals-oportunitats-en-salut-i-reptes-juridics\/","og_locale":"en_US","og_type":"article","og_title":"Digital tools: opportunities in health and legal challenges - Fundaci\u00f3 TIC Salut i Social","og_description":"On September 26, the CSC will hold an information session at its headquarters that may be of interest to you. The purpose of the session is to discuss the balance between digital implementation and regulatory compliance. Starting at 12:00 at Av. Tibidabo, 21, Sarri\u00e0-Sant Gervasi, 08022 Barcelona PROGRAMME 12:00 WelcomeFrancesc Jos\u00e9 Mar\u00eda, General Director of [&hellip;]","og_url":"https:\/\/ticsalutsocial.atoom.space\/en\/event\/eines-digitals-oportunitats-en-salut-i-reptes-juridics\/","og_site_name":"Fundaci\u00f3 TIC Salut i Social","article_modified_time":"2025-09-09T07:31:51+00:00","twitter_card":"summary_large_image","twitter_misc":{"Est. reading time":"1 minute"},"schema":{"@context":"https:\/\/schema.org","@graph":[{"@type":"WebPage","@id":"https:\/\/ticsalutsocial.atoom.space\/en\/event\/eines-digitals-oportunitats-en-salut-i-reptes-juridics\/","url":"https:\/\/ticsalutsocial.atoom.space\/en\/event\/eines-digitals-oportunitats-en-salut-i-reptes-juridics\/","name":"Digital tools: opportunities in health and legal challenges - Fundaci\u00f3 TIC Salut i Social","isPartOf":{"@id":"https:\/\/ticsalutsocial.atoom.space\/en\/#website"},"datePublished":"2025-09-09T07:23:43+00:00","dateModified":"2025-09-09T07:31:51+00:00","breadcrumb":{"@id":"https:\/\/ticsalutsocial.atoom.space\/en\/event\/eines-digitals-oportunitats-en-salut-i-reptes-juridics\/#breadcrumb"},"inLanguage":"en-US","potentialAction":[{"@type":"ReadAction","target":["https:\/\/ticsalutsocial.atoom.space\/en\/event\/eines-digitals-oportunitats-en-salut-i-reptes-juridics\/"]}]},{"@type":"BreadcrumbList","@id":"https:\/\/ticsalutsocial.atoom.space\/en\/event\/eines-digitals-oportunitats-en-salut-i-reptes-juridics\/#breadcrumb","itemListElement":[{"@type":"ListItem","position":1,"name":"Inici","item":"https:\/\/ticsalutsocial.atoom.space\/en\/"},{"@type":"ListItem","position":2,"name":"Digital tools: opportunities in health and legal challenges"}]},{"@type":"WebSite","@id":"https:\/\/ticsalutsocial.atoom.space\/en\/#website","url":"https:\/\/ticsalutsocial.atoom.space\/en\/","name":"Fundaci\u00f3 TIC Salut i Social","description":"","potentialAction":[{"@type":"SearchAction","target":{"@type":"EntryPoint","urlTemplate":"https:\/\/ticsalutsocial.atoom.space\/en\/?s={search_term_string}"},"query-input":{"@type":"PropertyValueSpecification","valueRequired":true,"valueName":"search_term_string"}}],"inLanguage":"en-US"}]}},"_links":{"self":[{"href":"https:\/\/ticsalutsocial.atoom.space\/en\/wp-json\/wp\/v2\/event\/33371","targetHints":{"allow":["GET"]}}],"collection":[{"href":"https:\/\/ticsalutsocial.atoom.space\/en\/wp-json\/wp\/v2\/event"}],"about":[{"href":"https:\/\/ticsalutsocial.atoom.space\/en\/wp-json\/wp\/v2\/types\/event"}],"wp:attachment":[{"href":"https:\/\/ticsalutsocial.atoom.space\/en\/wp-json\/wp\/v2\/media?parent=33371"}],"wp:term":[{"taxonomy":"tipus","embeddable":true,"href":"https:\/\/ticsalutsocial.atoom.space\/en\/wp-json\/wp\/v2\/tipus?post=33371"},{"taxonomy":"topic","embeddable":true,"href":"https:\/\/ticsalutsocial.atoom.space\/en\/wp-json\/wp\/v2\/topic?post=33371"}],"curies":[{"name":"wp","href":"https:\/\/api.w.org\/{rel}","templated":true}]}}

<p data-start="1143" data-end="1254">On September 26, the CSC will hold an information session at its headquarters that may be of interest to you.</p>
<p data-start="1256" data-end="1368">The purpose of the session is to discuss the balance between digital implementation and regulatory compliance.</p>
<p data-start="1370" data-end="1447">Starting at 12:00 at Av. Tibidabo, 21, Sarrià-Sant Gervasi, 08022 Barcelona</p>
<p data-start="1449" data-end="1464"><strong data-start="1449" data-end="1462">PROGRAMME</strong></p>
<p data-start="1466" data-end="1532"><strong data-start="1466" data-end="1483">12:00 Welcome</strong><br data-start="1483" data-end="1486" />Francesc José María, General Director of CSC</p>
<p data-start="1534" data-end="1690"><strong data-start="1534" data-end="1603">12:05 Legal framework of new digital tools in the field of health</strong><br data-start="1603" data-end="1606" />Juan F. Pérez Gálvez, Professor of Administrative Law at the University of Almería</p>
<p data-start="1692" data-end="1864"><strong data-start="1692" data-end="1751">12:50 Practical aspects of validating digital solutions</strong><br data-start="1751" data-end="1754" />Felip Carbajo, Lawyer and Compliance Officer at the Healthcare Management Foundation of Hospital de Sant Pau</p>
<p data-start="1866" data-end="2033"><strong data-start="1866" data-end="1923">13:20 Corporate criminal liability: practical aspects</strong><br data-start="1923" data-end="1926" />Olga Pozas, Lawyer and Compliance Officer at the Healthcare Management Foundation of Hospital de Sant Pau</p>
<p data-start="2035" data-end="2062"><strong data-start="2035" data-end="2060">13:50 Open discussion</strong></p>
<p data-start="2064" data-end="2125"><strong data-start="2064" data-end="2089">14:00 Closing remarks</strong><br data-start="2089" data-end="2092" />Josep Mayoral, President of CSC</p>

Av. Tibidabo, 21,Sarrià-Sant Gervasi, 08022 Barcelona

<!-- This site is optimized with the Yoast SEO plugin v27.1.1 - https://yoast.com/product/yoast-seo-wordpress/ -->
<title>Digital tools: opportunities in health and legal challenges - Fundació TIC Salut i Social</title>
<meta name="robots" content="index, follow, max-snippet:-1, max-image-preview:large, max-video-preview:-1" />
<link rel="canonical" href="https://ticsalutsocial.atoom.space/en/event/eines-digitals-oportunitats-en-salut-i-reptes-juridics/" />
<meta property="og:locale" content="en_US" />
<meta property="og:type" content="article" />
<meta property="og:title" content="Digital tools: opportunities in health and legal challenges - Fundació TIC Salut i Social" />
<meta property="og:description" content="On September 26, the CSC will hold an information session at its headquarters that may be of interest to you. The purpose of the session is to discuss the balance between digital implementation and regulatory compliance. Starting at 12:00 at Av. Tibidabo, 21, Sarrià-Sant Gervasi, 08022 Barcelona PROGRAMME 12:00 WelcomeFrancesc José María, General Director of [&hellip;]" />
<meta property="og:url" content="https://ticsalutsocial.atoom.space/en/event/eines-digitals-oportunitats-en-salut-i-reptes-juridics/" />
<meta property="og:site_name" content="Fundació TIC Salut i Social" />
<meta property="article:modified_time" content="2025-09-09T07:31:51+00:00" />
<meta name="twitter:card" content="summary_large_image" />
<meta name="twitter:label1" content="Est. reading time" />
	<meta name="twitter:data1" content="1 minute" />
<script type="application/ld+json" class="yoast-schema-graph">{"@context":"https://schema.org","@graph":[{"@type":"WebPage","@id":"https://ticsalutsocial.atoom.space/en/event/eines-digitals-oportunitats-en-salut-i-reptes-juridics/","url":"https://ticsalutsocial.atoom.space/en/event/eines-digitals-oportunitats-en-salut-i-reptes-juridics/","name":"Digital tools: opportunities in health and legal challenges - Fundació TIC Salut i Social","isPartOf":{"@id":"https://ticsalutsocial.atoom.space/en/#website"},"datePublished":"2025-09-09T07:23:43+00:00","dateModified":"2025-09-09T07:31:51+00:00","breadcrumb":{"@id":"https://ticsalutsocial.atoom.space/en/event/eines-digitals-oportunitats-en-salut-i-reptes-juridics/#breadcrumb"},"inLanguage":"en-US","potentialAction":[{"@type":"ReadAction","target":["https://ticsalutsocial.atoom.space/en/event/eines-digitals-oportunitats-en-salut-i-reptes-juridics/"]}]},{"@type":"BreadcrumbList","@id":"https://ticsalutsocial.atoom.space/en/event/eines-digitals-oportunitats-en-salut-i-reptes-juridics/#breadcrumb","itemListElement":[{"@type":"ListItem","position":1,"name":"Inici","item":"https://ticsalutsocial.atoom.space/en/"},{"@type":"ListItem","position":2,"name":"Digital tools: opportunities in health and legal challenges"}]},{"@type":"WebSite","@id":"https://ticsalutsocial.atoom.space/en/#website","url":"https://ticsalutsocial.atoom.space/en/","name":"Fundació TIC Salut i Social","description":"","potentialAction":[{"@type":"SearchAction","target":{"@type":"EntryPoint","urlTemplate":"https://ticsalutsocial.atoom.space/en/?s={search_term_string}"},"query-input":{"@type":"PropertyValueSpecification","valueRequired":true,"valueName":"search_term_string"}}],"inLanguage":"en-US"}]}</script>
<!-- / Yoast SEO plugin. -->

Digital tools: opportunities in health and legal challenges - Fundació TIC Salut i Social

On September 26, the CSC will hold an information session at its headquarters that may be of interest to you. The purpose of the session is to discuss the balance between digital implementation and regulatory compliance. Starting at 12:00 at Av. Tibidabo, 21, Sarrià-Sant Gervasi, 08022 Barcelona PROGRAMME 12:00 WelcomeFrancesc José María, General Director of [&hellip;]

Fundació TIC Salut i Social
