
{"id":33376,"date":"2025-09-10T10:06:01","date_gmt":"2025-09-10T08:06:01","guid":{"rendered":"https:\/\/ticsalutsocial.atoom.space\/event\/ia-en-salut-un-repte-interdisciplinari\/"},"modified":"2025-10-21T13:25:08","modified_gmt":"2025-10-21T11:25:08","slug":"ia-en-salut-un-repte-interdisciplinari","status":"publish","type":"event","link":"https:\/\/ticsalutsocial.atoom.space\/en\/event\/ia-en-salut-un-repte-interdisciplinari\/","title":{"rendered":"IA en salut: un repte interdisciplinari"},"content":{"rendered":"<div>\n<p data-start=\"1313\" data-end=\"1552\">On October 29, the GIPS Association, BioInform\u00e0tics Barcelona, FENIN, the Innovation and Entrepreneurship Area of CoMB, and Medided\u00e0lia will host the conference <strong data-start=\"1474\" data-end=\"1524\">\u201cAI in health: an interdisciplinary challenge\u201d<\/strong>. The event will focus on:<\/p>\n<ul data-start=\"1554\" data-end=\"1979\">\n<li data-start=\"1554\" data-end=\"1693\">\n<p data-start=\"1556\" data-end=\"1693\">identifying and developing key concepts in AI in the health sector, as well as the implications for organizations aiming to develop it,<\/p>\n<\/li>\n<li data-start=\"1694\" data-end=\"1827\">\n<p data-start=\"1696\" data-end=\"1827\">discussing the skills required by the different profiles involved in AI development in health, both clinicians and technologists,<\/p>\n<\/li>\n<li data-start=\"1828\" data-end=\"1894\">\n<p data-start=\"1830\" data-end=\"1894\">debating how to foster its adoption in healthcare centers, and<\/p>\n<\/li>\n<li data-start=\"1895\" data-end=\"1979\">\n<p data-start=\"1897\" data-end=\"1979\">presenting various success stories of AI development in healthcare institutions.<\/p>\n<\/li>\n<\/ul>\n<p data-start=\"1981\" data-end=\"2408\">The conference is aimed at healthcare professionals working in medical centers who are interested in the development of this technology; professionals linked to health with more scientific and\/or technological profiles (biomedical engineers, bioinformaticians, etc.) who are familiar with the technology and want to develop it in the clinical field; and also healthcare managers who want to implement AI to improve processes.<\/p>\n<\/div>\n<p data-start=\"1981\" data-end=\"2408\">The <strong data-start=\"2676\" data-end=\"2723\">Director of the TIC Salut i Social Foundation, Joan Guanyabens<\/strong>, will take part in the session <strong data-start=\"2755\" data-end=\"2827\">\u201cHealth and AI in Catalonia: Where are we and where are we heading?\u201d<\/strong>.<\/p>\n<div><a class=\"\" href=\"https:\/\/gips.cat\/docs\/invitacio_gips-ia2.pdf\" target=\"_blank\" rel=\"noopener\" name=\"\">Check out the programme<\/a><\/div>\n","protected":false},"featured_media":33992,"menu_order":0,"template":"","meta":{"_acf_changed":false,"inline_featured_image":false},"tipus":[],"topic":[],"class_list":["post-33376","event","type-event","status-publish","has-post-thumbnail","hentry"],"acf":{"informacio":{"ubicacio":"Passeig de la Bonanova, 47 - 08017 Barcelona","data":"29\/10\/2025","hora":"9:00-17:00","preu":"Free via registration","inscripcions":"https:\/\/inscripcions.gips.cat\/form\/ia-en-salut-un-repte-interdisciplinari"},"programa":{"titol":"","items":false},"documents":false,"imatge":33992},"yoast_head":"<!-- This site is optimized with the Yoast SEO plugin v27.1.1 - https:\/\/yoast.com\/product\/yoast-seo-wordpress\/ -->\n<title>IA en salut: un repte interdisciplinari - Fundaci\u00f3 TIC Salut i Social<\/title>\n<meta name=\"robots\" content=\"index, follow, max-snippet:-1, max-image-preview:large, max-video-preview:-1\" \/>\n<link rel=\"canonical\" href=\"https:\/\/ticsalutsocial.atoom.space\/en\/event\/ia-en-salut-un-repte-interdisciplinari\/\" \/>\n<meta property=\"og:locale\" content=\"en_US\" \/>\n<meta property=\"og:type\" content=\"article\" \/>\n<meta property=\"og:title\" content=\"IA en salut: un repte interdisciplinari - Fundaci\u00f3 TIC Salut i Social\" \/>\n<meta property=\"og:description\" content=\"On October 29, the GIPS Association, BioInform\u00e0tics Barcelona, FENIN, the Innovation and Entrepreneurship Area of CoMB, and Medided\u00e0lia will host the conference \u201cAI in health: an interdisciplinary challenge\u201d. The event will focus on: identifying and developing key concepts in AI in the health sector, as well as the implications for organizations aiming to develop it, [&hellip;]\" \/>\n<meta property=\"og:url\" content=\"https:\/\/ticsalutsocial.atoom.space\/en\/event\/ia-en-salut-un-repte-interdisciplinari\/\" \/>\n<meta property=\"og:site_name\" content=\"Fundaci\u00f3 TIC Salut i Social\" \/>\n<meta property=\"article:modified_time\" content=\"2025-10-21T11:25:08+00:00\" \/>\n<meta name=\"twitter:card\" content=\"summary_large_image\" \/>\n<meta name=\"twitter:label1\" content=\"Est. reading time\" \/>\n\t<meta name=\"twitter:data1\" content=\"2 minutes\" \/>\n<script type=\"application\/ld+json\" class=\"yoast-schema-graph\">{\"@context\":\"https:\/\/schema.org\",\"@graph\":[{\"@type\":\"WebPage\",\"@id\":\"https:\/\/ticsalutsocial.atoom.space\/en\/event\/ia-en-salut-un-repte-interdisciplinari\/\",\"url\":\"https:\/\/ticsalutsocial.atoom.space\/en\/event\/ia-en-salut-un-repte-interdisciplinari\/\",\"name\":\"IA en salut: un repte interdisciplinari - Fundaci\u00f3 TIC Salut i Social\",\"isPartOf\":{\"@id\":\"https:\/\/ticsalutsocial.atoom.space\/en\/#website\"},\"primaryImageOfPage\":{\"@id\":\"https:\/\/ticsalutsocial.atoom.space\/en\/event\/ia-en-salut-un-repte-interdisciplinari\/#primaryimage\"},\"image\":{\"@id\":\"https:\/\/ticsalutsocial.atoom.space\/en\/event\/ia-en-salut-un-repte-interdisciplinari\/#primaryimage\"},\"thumbnailUrl\":\"https:\/\/ticsalutsocial.atoom.space\/wp-content\/uploads\/2025\/09\/Captura-de-pantalla-2025-10-21-a-las-13.24.31.png\",\"datePublished\":\"2025-09-10T08:06:01+00:00\",\"dateModified\":\"2025-10-21T11:25:08+00:00\",\"breadcrumb\":{\"@id\":\"https:\/\/ticsalutsocial.atoom.space\/en\/event\/ia-en-salut-un-repte-interdisciplinari\/#breadcrumb\"},\"inLanguage\":\"en-US\",\"potentialAction\":[{\"@type\":\"ReadAction\",\"target\":[\"https:\/\/ticsalutsocial.atoom.space\/en\/event\/ia-en-salut-un-repte-interdisciplinari\/\"]}]},{\"@type\":\"ImageObject\",\"inLanguage\":\"en-US\",\"@id\":\"https:\/\/ticsalutsocial.atoom.space\/en\/event\/ia-en-salut-un-repte-interdisciplinari\/#primaryimage\",\"url\":\"https:\/\/ticsalutsocial.atoom.space\/wp-content\/uploads\/2025\/09\/Captura-de-pantalla-2025-10-21-a-las-13.24.31.png\",\"contentUrl\":\"https:\/\/ticsalutsocial.atoom.space\/wp-content\/uploads\/2025\/09\/Captura-de-pantalla-2025-10-21-a-las-13.24.31.png\",\"width\":1564,\"height\":862},{\"@type\":\"BreadcrumbList\",\"@id\":\"https:\/\/ticsalutsocial.atoom.space\/en\/event\/ia-en-salut-un-repte-interdisciplinari\/#breadcrumb\",\"itemListElement\":[{\"@type\":\"ListItem\",\"position\":1,\"name\":\"Inici\",\"item\":\"https:\/\/ticsalutsocial.atoom.space\/en\/\"},{\"@type\":\"ListItem\",\"position\":2,\"name\":\"IA en salut: un repte interdisciplinari\"}]},{\"@type\":\"WebSite\",\"@id\":\"https:\/\/ticsalutsocial.atoom.space\/en\/#website\",\"url\":\"https:\/\/ticsalutsocial.atoom.space\/en\/\",\"name\":\"Fundaci\u00f3 TIC Salut i Social\",\"description\":\"\",\"potentialAction\":[{\"@type\":\"SearchAction\",\"target\":{\"@type\":\"EntryPoint\",\"urlTemplate\":\"https:\/\/ticsalutsocial.atoom.space\/en\/?s={search_term_string}\"},\"query-input\":{\"@type\":\"PropertyValueSpecification\",\"valueRequired\":true,\"valueName\":\"search_term_string\"}}],\"inLanguage\":\"en-US\"}]}<\/script>\n<!-- \/ Yoast SEO plugin. -->","yoast_head_json":{"title":"IA en salut: un repte interdisciplinari - Fundaci\u00f3 TIC Salut i Social","robots":{"index":"index","follow":"follow","max-snippet":"max-snippet:-1","max-image-preview":"max-image-preview:large","max-video-preview":"max-video-preview:-1"},"canonical":"https:\/\/ticsalutsocial.atoom.space\/en\/event\/ia-en-salut-un-repte-interdisciplinari\/","og_locale":"en_US","og_type":"article","og_title":"IA en salut: un repte interdisciplinari - Fundaci\u00f3 TIC Salut i Social","og_description":"On October 29, the GIPS Association, BioInform\u00e0tics Barcelona, FENIN, the Innovation and Entrepreneurship Area of CoMB, and Medided\u00e0lia will host the conference \u201cAI in health: an interdisciplinary challenge\u201d. The event will focus on: identifying and developing key concepts in AI in the health sector, as well as the implications for organizations aiming to develop it, [&hellip;]","og_url":"https:\/\/ticsalutsocial.atoom.space\/en\/event\/ia-en-salut-un-repte-interdisciplinari\/","og_site_name":"Fundaci\u00f3 TIC Salut i Social","article_modified_time":"2025-10-21T11:25:08+00:00","twitter_card":"summary_large_image","twitter_misc":{"Est. reading time":"2 minutes"},"schema":{"@context":"https:\/\/schema.org","@graph":[{"@type":"WebPage","@id":"https:\/\/ticsalutsocial.atoom.space\/en\/event\/ia-en-salut-un-repte-interdisciplinari\/","url":"https:\/\/ticsalutsocial.atoom.space\/en\/event\/ia-en-salut-un-repte-interdisciplinari\/","name":"IA en salut: un repte interdisciplinari - Fundaci\u00f3 TIC Salut i Social","isPartOf":{"@id":"https:\/\/ticsalutsocial.atoom.space\/en\/#website"},"primaryImageOfPage":{"@id":"https:\/\/ticsalutsocial.atoom.space\/en\/event\/ia-en-salut-un-repte-interdisciplinari\/#primaryimage"},"image":{"@id":"https:\/\/ticsalutsocial.atoom.space\/en\/event\/ia-en-salut-un-repte-interdisciplinari\/#primaryimage"},"thumbnailUrl":"https:\/\/ticsalutsocial.atoom.space\/wp-content\/uploads\/2025\/09\/Captura-de-pantalla-2025-10-21-a-las-13.24.31.png","datePublished":"2025-09-10T08:06:01+00:00","dateModified":"2025-10-21T11:25:08+00:00","breadcrumb":{"@id":"https:\/\/ticsalutsocial.atoom.space\/en\/event\/ia-en-salut-un-repte-interdisciplinari\/#breadcrumb"},"inLanguage":"en-US","potentialAction":[{"@type":"ReadAction","target":["https:\/\/ticsalutsocial.atoom.space\/en\/event\/ia-en-salut-un-repte-interdisciplinari\/"]}]},{"@type":"ImageObject","inLanguage":"en-US","@id":"https:\/\/ticsalutsocial.atoom.space\/en\/event\/ia-en-salut-un-repte-interdisciplinari\/#primaryimage","url":"https:\/\/ticsalutsocial.atoom.space\/wp-content\/uploads\/2025\/09\/Captura-de-pantalla-2025-10-21-a-las-13.24.31.png","contentUrl":"https:\/\/ticsalutsocial.atoom.space\/wp-content\/uploads\/2025\/09\/Captura-de-pantalla-2025-10-21-a-las-13.24.31.png","width":1564,"height":862},{"@type":"BreadcrumbList","@id":"https:\/\/ticsalutsocial.atoom.space\/en\/event\/ia-en-salut-un-repte-interdisciplinari\/#breadcrumb","itemListElement":[{"@type":"ListItem","position":1,"name":"Inici","item":"https:\/\/ticsalutsocial.atoom.space\/en\/"},{"@type":"ListItem","position":2,"name":"IA en salut: un repte interdisciplinari"}]},{"@type":"WebSite","@id":"https:\/\/ticsalutsocial.atoom.space\/en\/#website","url":"https:\/\/ticsalutsocial.atoom.space\/en\/","name":"Fundaci\u00f3 TIC Salut i Social","description":"","potentialAction":[{"@type":"SearchAction","target":{"@type":"EntryPoint","urlTemplate":"https:\/\/ticsalutsocial.atoom.space\/en\/?s={search_term_string}"},"query-input":{"@type":"PropertyValueSpecification","valueRequired":true,"valueName":"search_term_string"}}],"inLanguage":"en-US"}]}},"_links":{"self":[{"href":"https:\/\/ticsalutsocial.atoom.space\/en\/wp-json\/wp\/v2\/event\/33376","targetHints":{"allow":["GET"]}}],"collection":[{"href":"https:\/\/ticsalutsocial.atoom.space\/en\/wp-json\/wp\/v2\/event"}],"about":[{"href":"https:\/\/ticsalutsocial.atoom.space\/en\/wp-json\/wp\/v2\/types\/event"}],"wp:featuredmedia":[{"embeddable":true,"href":"https:\/\/ticsalutsocial.atoom.space\/en\/wp-json\/wp\/v2\/media\/33992"}],"wp:attachment":[{"href":"https:\/\/ticsalutsocial.atoom.space\/en\/wp-json\/wp\/v2\/media?parent=33376"}],"wp:term":[{"taxonomy":"tipus","embeddable":true,"href":"https:\/\/ticsalutsocial.atoom.space\/en\/wp-json\/wp\/v2\/tipus?post=33376"},{"taxonomy":"topic","embeddable":true,"href":"https:\/\/ticsalutsocial.atoom.space\/en\/wp-json\/wp\/v2\/topic?post=33376"}],"curies":[{"name":"wp","href":"https:\/\/api.w.org\/{rel}","templated":true}]}}

<div>
<p data-start="1313" data-end="1552">On October 29, the GIPS Association, BioInformàtics Barcelona, FENIN, the Innovation and Entrepreneurship Area of CoMB, and Medidedàlia will host the conference <strong data-start="1474" data-end="1524">“AI in health: an interdisciplinary challenge”</strong>. The event will focus on:</p>
<ul data-start="1554" data-end="1979">
<li data-start="1554" data-end="1693">
<p data-start="1556" data-end="1693">identifying and developing key concepts in AI in the health sector, as well as the implications for organizations aiming to develop it,</p>
</li>
<li data-start="1694" data-end="1827">
<p data-start="1696" data-end="1827">discussing the skills required by the different profiles involved in AI development in health, both clinicians and technologists,</p>
</li>
<li data-start="1828" data-end="1894">
<p data-start="1830" data-end="1894">debating how to foster its adoption in healthcare centers, and</p>
</li>
<li data-start="1895" data-end="1979">
<p data-start="1897" data-end="1979">presenting various success stories of AI development in healthcare institutions.</p>
</li>
</ul>
<p data-start="1981" data-end="2408">The conference is aimed at healthcare professionals working in medical centers who are interested in the development of this technology; professionals linked to health with more scientific and/or technological profiles (biomedical engineers, bioinformaticians, etc.) who are familiar with the technology and want to develop it in the clinical field; and also healthcare managers who want to implement AI to improve processes.</p>
</div>
<p data-start="1981" data-end="2408">The <strong data-start="2676" data-end="2723">Director of the TIC Salut i Social Foundation, Joan Guanyabens</strong>, will take part in the session <strong data-start="2755" data-end="2827">“Health and AI in Catalonia: Where are we and where are we heading?”</strong>.</p>
<div><a class="" href="https://gips.cat/docs/invitacio_gips-ia2.pdf" target="_blank" rel="noopener" name="">Check out the programme</a></div>

<!-- This site is optimized with the Yoast SEO plugin v27.1.1 - https://yoast.com/product/yoast-seo-wordpress/ -->
<title>IA en salut: un repte interdisciplinari - Fundació TIC Salut i Social</title>
<meta name="robots" content="index, follow, max-snippet:-1, max-image-preview:large, max-video-preview:-1" />
<link rel="canonical" href="https://ticsalutsocial.atoom.space/en/event/ia-en-salut-un-repte-interdisciplinari/" />
<meta property="og:locale" content="en_US" />
<meta property="og:type" content="article" />
<meta property="og:title" content="IA en salut: un repte interdisciplinari - Fundació TIC Salut i Social" />
<meta property="og:description" content="On October 29, the GIPS Association, BioInformàtics Barcelona, FENIN, the Innovation and Entrepreneurship Area of CoMB, and Medidedàlia will host the conference “AI in health: an interdisciplinary challenge”. The event will focus on: identifying and developing key concepts in AI in the health sector, as well as the implications for organizations aiming to develop it, [&hellip;]" />
<meta property="og:url" content="https://ticsalutsocial.atoom.space/en/event/ia-en-salut-un-repte-interdisciplinari/" />
<meta property="og:site_name" content="Fundació TIC Salut i Social" />
<meta property="article:modified_time" content="2025-10-21T11:25:08+00:00" />
<meta name="twitter:card" content="summary_large_image" />
<meta name="twitter:label1" content="Est. reading time" />
	<meta name="twitter:data1" content="2 minutes" />
<script type="application/ld+json" class="yoast-schema-graph">{"@context":"https://schema.org","@graph":[{"@type":"WebPage","@id":"https://ticsalutsocial.atoom.space/en/event/ia-en-salut-un-repte-interdisciplinari/","url":"https://ticsalutsocial.atoom.space/en/event/ia-en-salut-un-repte-interdisciplinari/","name":"IA en salut: un repte interdisciplinari - Fundació TIC Salut i Social","isPartOf":{"@id":"https://ticsalutsocial.atoom.space/en/#website"},"primaryImageOfPage":{"@id":"https://ticsalutsocial.atoom.space/en/event/ia-en-salut-un-repte-interdisciplinari/#primaryimage"},"image":{"@id":"https://ticsalutsocial.atoom.space/en/event/ia-en-salut-un-repte-interdisciplinari/#primaryimage"},"thumbnailUrl":"https://ticsalutsocial.atoom.space/wp-content/uploads/2025/09/Captura-de-pantalla-2025-10-21-a-las-13.24.31.png","datePublished":"2025-09-10T08:06:01+00:00","dateModified":"2025-10-21T11:25:08+00:00","breadcrumb":{"@id":"https://ticsalutsocial.atoom.space/en/event/ia-en-salut-un-repte-interdisciplinari/#breadcrumb"},"inLanguage":"en-US","potentialAction":[{"@type":"ReadAction","target":["https://ticsalutsocial.atoom.space/en/event/ia-en-salut-un-repte-interdisciplinari/"]}]},{"@type":"ImageObject","inLanguage":"en-US","@id":"https://ticsalutsocial.atoom.space/en/event/ia-en-salut-un-repte-interdisciplinari/#primaryimage","url":"https://ticsalutsocial.atoom.space/wp-content/uploads/2025/09/Captura-de-pantalla-2025-10-21-a-las-13.24.31.png","contentUrl":"https://ticsalutsocial.atoom.space/wp-content/uploads/2025/09/Captura-de-pantalla-2025-10-21-a-las-13.24.31.png","width":1564,"height":862},{"@type":"BreadcrumbList","@id":"https://ticsalutsocial.atoom.space/en/event/ia-en-salut-un-repte-interdisciplinari/#breadcrumb","itemListElement":[{"@type":"ListItem","position":1,"name":"Inici","item":"https://ticsalutsocial.atoom.space/en/"},{"@type":"ListItem","position":2,"name":"IA en salut: un repte interdisciplinari"}]},{"@type":"WebSite","@id":"https://ticsalutsocial.atoom.space/en/#website","url":"https://ticsalutsocial.atoom.space/en/","name":"Fundació TIC Salut i Social","description":"","potentialAction":[{"@type":"SearchAction","target":{"@type":"EntryPoint","urlTemplate":"https://ticsalutsocial.atoom.space/en/?s={search_term_string}"},"query-input":{"@type":"PropertyValueSpecification","valueRequired":true,"valueName":"search_term_string"}}],"inLanguage":"en-US"}]}</script>
<!-- / Yoast SEO plugin. -->

IA en salut: un repte interdisciplinari - Fundació TIC Salut i Social

On October 29, the GIPS Association, BioInformàtics Barcelona, FENIN, the Innovation and Entrepreneurship Area of CoMB, and Medidedàlia will host the conference “AI in health: an interdisciplinary challenge”. The event will focus on: identifying and developing key concepts in AI in the health sector, as well as the implications for organizations aiming to develop it, [&hellip;]

Fundació TIC Salut i Social
