
{"id":33443,"date":"2025-09-16T13:23:29","date_gmt":"2025-09-16T11:23:29","guid":{"rendered":"https:\/\/ticsalutsocial.atoom.space\/event\/model-de-ciberseguretat-a-les-entitats-sociosanitaries-i-de-salut-mental\/"},"modified":"2025-09-16T13:34:56","modified_gmt":"2025-09-16T11:34:56","slug":"model-de-ciberseguretat-a-les-entitats-sociosanitaries-i-de-salut-mental","status":"publish","type":"event","link":"https:\/\/ticsalutsocial.atoom.space\/en\/event\/model-de-ciberseguretat-a-les-entitats-sociosanitaries-i-de-salut-mental\/","title":{"rendered":"Cybersecurity model for social and healthcare organizations and mental health services"},"content":{"rendered":"<p data-start=\"957\" data-end=\"1219\">The Cybersecurity Agency of Catalonia, together with the Department of Health, is organizing the presentation of the <strong data-start=\"1061\" data-end=\"1151\">Cybersecurity model for social and healthcare organizations and mental health services<\/strong> at Espai Bital, Hospitalet de Llobregat, on Monday, September 22.<\/p>\n<h3 data-start=\"1221\" data-end=\"1234\">PROGRAM<\/h3>\n<p data-start=\"1236\" data-end=\"1332\"><strong data-start=\"1236\" data-end=\"1274\">10:00 a.m. \u2013 Institutional welcome<\/strong><br data-start=\"1274\" data-end=\"1277\" \/>Laura Caballero, Director of the Cybersecurity Agency<\/p>\n<p data-start=\"1334\" data-end=\"1460\"><strong data-start=\"1334\" data-end=\"1390\">10:15 a.m. \u2013 Presentation of the cybersecurity model<\/strong><br data-start=\"1390\" data-end=\"1393\" \/>Pol P\u00e9rez, General Coordinator of ICT at the Department of Health<\/p>\n<p data-start=\"1462\" data-end=\"1590\"><strong data-start=\"1462\" data-end=\"1516\">10:30 a.m. \u2013 Deployment of the cybersecurity model<\/strong><br data-start=\"1516\" data-end=\"1519\" \/>Roger Civit, Head of Information Security at the Cybersecurity Agency<\/p>\n<p data-start=\"1592\" data-end=\"1758\"><strong data-start=\"1592\" data-end=\"1664\">10:45 a.m. \u2013 The model as a response: Learning from a cyber incident<\/strong><br data-start=\"1664\" data-end=\"1667\" \/>Carles Aguil\u00f3, Technical Director of Information and Communication Systems at Grup Mutuam<\/p>\n<p data-start=\"1760\" data-end=\"1786\"><strong data-start=\"1760\" data-end=\"1784\">11:00 a.m. \u2013 Closure<\/strong><\/p>\n","protected":false},"featured_media":0,"menu_order":0,"template":"","meta":{"_acf_changed":false,"inline_featured_image":false},"tipus":[],"topic":[116],"class_list":["post-33443","event","type-event","status-publish","hentry","topic-events"],"acf":{"informacio":{"ubicacio":"Espai Bital","data":"22\/09\/2025","hora":"De 10:00 a 11:30","preu":"Gratu\u00eft pr\u00e8via inscripci\u00f3","inscripcions":"https:\/\/ciberseguretat.gencat.cat\/ca\/agencia\/projectes\/retech\/formulari-acte-entitats-salut\/index.html   "},"programa":{"titol":"","items":false},"documents":false},"yoast_head":"<!-- This site is optimized with the Yoast SEO plugin v27.1.1 - https:\/\/yoast.com\/product\/yoast-seo-wordpress\/ -->\n<title>Cybersecurity model for social and healthcare organizations and mental health services - Fundaci\u00f3 TIC Salut i Social<\/title>\n<meta name=\"robots\" content=\"index, follow, max-snippet:-1, max-image-preview:large, max-video-preview:-1\" \/>\n<link rel=\"canonical\" href=\"https:\/\/ticsalutsocial.atoom.space\/en\/event\/model-de-ciberseguretat-a-les-entitats-sociosanitaries-i-de-salut-mental\/\" \/>\n<meta property=\"og:locale\" content=\"en_US\" \/>\n<meta property=\"og:type\" content=\"article\" \/>\n<meta property=\"og:title\" content=\"Cybersecurity model for social and healthcare organizations and mental health services - Fundaci\u00f3 TIC Salut i Social\" \/>\n<meta property=\"og:description\" content=\"The Cybersecurity Agency of Catalonia, together with the Department of Health, is organizing the presentation of the Cybersecurity model for social and healthcare organizations and mental health services at Espai Bital, Hospitalet de Llobregat, on Monday, September 22. PROGRAM 10:00 a.m. \u2013 Institutional welcomeLaura Caballero, Director of the Cybersecurity Agency 10:15 a.m. \u2013 Presentation of [&hellip;]\" \/>\n<meta property=\"og:url\" content=\"https:\/\/ticsalutsocial.atoom.space\/en\/event\/model-de-ciberseguretat-a-les-entitats-sociosanitaries-i-de-salut-mental\/\" \/>\n<meta property=\"og:site_name\" content=\"Fundaci\u00f3 TIC Salut i Social\" \/>\n<meta property=\"article:modified_time\" content=\"2025-09-16T11:34:56+00:00\" \/>\n<meta name=\"twitter:card\" content=\"summary_large_image\" \/>\n<meta name=\"twitter:label1\" content=\"Est. reading time\" \/>\n\t<meta name=\"twitter:data1\" content=\"1 minute\" \/>\n<script type=\"application\/ld+json\" class=\"yoast-schema-graph\">{\"@context\":\"https:\/\/schema.org\",\"@graph\":[{\"@type\":\"WebPage\",\"@id\":\"https:\/\/ticsalutsocial.atoom.space\/en\/event\/model-de-ciberseguretat-a-les-entitats-sociosanitaries-i-de-salut-mental\/\",\"url\":\"https:\/\/ticsalutsocial.atoom.space\/en\/event\/model-de-ciberseguretat-a-les-entitats-sociosanitaries-i-de-salut-mental\/\",\"name\":\"Cybersecurity model for social and healthcare organizations and mental health services - Fundaci\u00f3 TIC Salut i Social\",\"isPartOf\":{\"@id\":\"https:\/\/ticsalutsocial.atoom.space\/en\/#website\"},\"datePublished\":\"2025-09-16T11:23:29+00:00\",\"dateModified\":\"2025-09-16T11:34:56+00:00\",\"breadcrumb\":{\"@id\":\"https:\/\/ticsalutsocial.atoom.space\/en\/event\/model-de-ciberseguretat-a-les-entitats-sociosanitaries-i-de-salut-mental\/#breadcrumb\"},\"inLanguage\":\"en-US\",\"potentialAction\":[{\"@type\":\"ReadAction\",\"target\":[\"https:\/\/ticsalutsocial.atoom.space\/en\/event\/model-de-ciberseguretat-a-les-entitats-sociosanitaries-i-de-salut-mental\/\"]}]},{\"@type\":\"BreadcrumbList\",\"@id\":\"https:\/\/ticsalutsocial.atoom.space\/en\/event\/model-de-ciberseguretat-a-les-entitats-sociosanitaries-i-de-salut-mental\/#breadcrumb\",\"itemListElement\":[{\"@type\":\"ListItem\",\"position\":1,\"name\":\"Inici\",\"item\":\"https:\/\/ticsalutsocial.atoom.space\/en\/\"},{\"@type\":\"ListItem\",\"position\":2,\"name\":\"Cybersecurity model for social and healthcare organizations and mental health services\"}]},{\"@type\":\"WebSite\",\"@id\":\"https:\/\/ticsalutsocial.atoom.space\/en\/#website\",\"url\":\"https:\/\/ticsalutsocial.atoom.space\/en\/\",\"name\":\"Fundaci\u00f3 TIC Salut i Social\",\"description\":\"\",\"potentialAction\":[{\"@type\":\"SearchAction\",\"target\":{\"@type\":\"EntryPoint\",\"urlTemplate\":\"https:\/\/ticsalutsocial.atoom.space\/en\/?s={search_term_string}\"},\"query-input\":{\"@type\":\"PropertyValueSpecification\",\"valueRequired\":true,\"valueName\":\"search_term_string\"}}],\"inLanguage\":\"en-US\"}]}<\/script>\n<!-- \/ Yoast SEO plugin. -->","yoast_head_json":{"title":"Cybersecurity model for social and healthcare organizations and mental health services - Fundaci\u00f3 TIC Salut i Social","robots":{"index":"index","follow":"follow","max-snippet":"max-snippet:-1","max-image-preview":"max-image-preview:large","max-video-preview":"max-video-preview:-1"},"canonical":"https:\/\/ticsalutsocial.atoom.space\/en\/event\/model-de-ciberseguretat-a-les-entitats-sociosanitaries-i-de-salut-mental\/","og_locale":"en_US","og_type":"article","og_title":"Cybersecurity model for social and healthcare organizations and mental health services - Fundaci\u00f3 TIC Salut i Social","og_description":"The Cybersecurity Agency of Catalonia, together with the Department of Health, is organizing the presentation of the Cybersecurity model for social and healthcare organizations and mental health services at Espai Bital, Hospitalet de Llobregat, on Monday, September 22. PROGRAM 10:00 a.m. \u2013 Institutional welcomeLaura Caballero, Director of the Cybersecurity Agency 10:15 a.m. \u2013 Presentation of [&hellip;]","og_url":"https:\/\/ticsalutsocial.atoom.space\/en\/event\/model-de-ciberseguretat-a-les-entitats-sociosanitaries-i-de-salut-mental\/","og_site_name":"Fundaci\u00f3 TIC Salut i Social","article_modified_time":"2025-09-16T11:34:56+00:00","twitter_card":"summary_large_image","twitter_misc":{"Est. reading time":"1 minute"},"schema":{"@context":"https:\/\/schema.org","@graph":[{"@type":"WebPage","@id":"https:\/\/ticsalutsocial.atoom.space\/en\/event\/model-de-ciberseguretat-a-les-entitats-sociosanitaries-i-de-salut-mental\/","url":"https:\/\/ticsalutsocial.atoom.space\/en\/event\/model-de-ciberseguretat-a-les-entitats-sociosanitaries-i-de-salut-mental\/","name":"Cybersecurity model for social and healthcare organizations and mental health services - Fundaci\u00f3 TIC Salut i Social","isPartOf":{"@id":"https:\/\/ticsalutsocial.atoom.space\/en\/#website"},"datePublished":"2025-09-16T11:23:29+00:00","dateModified":"2025-09-16T11:34:56+00:00","breadcrumb":{"@id":"https:\/\/ticsalutsocial.atoom.space\/en\/event\/model-de-ciberseguretat-a-les-entitats-sociosanitaries-i-de-salut-mental\/#breadcrumb"},"inLanguage":"en-US","potentialAction":[{"@type":"ReadAction","target":["https:\/\/ticsalutsocial.atoom.space\/en\/event\/model-de-ciberseguretat-a-les-entitats-sociosanitaries-i-de-salut-mental\/"]}]},{"@type":"BreadcrumbList","@id":"https:\/\/ticsalutsocial.atoom.space\/en\/event\/model-de-ciberseguretat-a-les-entitats-sociosanitaries-i-de-salut-mental\/#breadcrumb","itemListElement":[{"@type":"ListItem","position":1,"name":"Inici","item":"https:\/\/ticsalutsocial.atoom.space\/en\/"},{"@type":"ListItem","position":2,"name":"Cybersecurity model for social and healthcare organizations and mental health services"}]},{"@type":"WebSite","@id":"https:\/\/ticsalutsocial.atoom.space\/en\/#website","url":"https:\/\/ticsalutsocial.atoom.space\/en\/","name":"Fundaci\u00f3 TIC Salut i Social","description":"","potentialAction":[{"@type":"SearchAction","target":{"@type":"EntryPoint","urlTemplate":"https:\/\/ticsalutsocial.atoom.space\/en\/?s={search_term_string}"},"query-input":{"@type":"PropertyValueSpecification","valueRequired":true,"valueName":"search_term_string"}}],"inLanguage":"en-US"}]}},"_links":{"self":[{"href":"https:\/\/ticsalutsocial.atoom.space\/en\/wp-json\/wp\/v2\/event\/33443","targetHints":{"allow":["GET"]}}],"collection":[{"href":"https:\/\/ticsalutsocial.atoom.space\/en\/wp-json\/wp\/v2\/event"}],"about":[{"href":"https:\/\/ticsalutsocial.atoom.space\/en\/wp-json\/wp\/v2\/types\/event"}],"wp:attachment":[{"href":"https:\/\/ticsalutsocial.atoom.space\/en\/wp-json\/wp\/v2\/media?parent=33443"}],"wp:term":[{"taxonomy":"tipus","embeddable":true,"href":"https:\/\/ticsalutsocial.atoom.space\/en\/wp-json\/wp\/v2\/tipus?post=33443"},{"taxonomy":"topic","embeddable":true,"href":"https:\/\/ticsalutsocial.atoom.space\/en\/wp-json\/wp\/v2\/topic?post=33443"}],"curies":[{"name":"wp","href":"https:\/\/api.w.org\/{rel}","templated":true}]}}

<p data-start="957" data-end="1219">The Cybersecurity Agency of Catalonia, together with the Department of Health, is organizing the presentation of the <strong data-start="1061" data-end="1151">Cybersecurity model for social and healthcare organizations and mental health services</strong> at Espai Bital, Hospitalet de Llobregat, on Monday, September 22.</p>
<h3 data-start="1221" data-end="1234">PROGRAM</h3>
<p data-start="1236" data-end="1332"><strong data-start="1236" data-end="1274">10:00 a.m. – Institutional welcome</strong><br data-start="1274" data-end="1277" />Laura Caballero, Director of the Cybersecurity Agency</p>
<p data-start="1334" data-end="1460"><strong data-start="1334" data-end="1390">10:15 a.m. – Presentation of the cybersecurity model</strong><br data-start="1390" data-end="1393" />Pol Pérez, General Coordinator of ICT at the Department of Health</p>
<p data-start="1462" data-end="1590"><strong data-start="1462" data-end="1516">10:30 a.m. – Deployment of the cybersecurity model</strong><br data-start="1516" data-end="1519" />Roger Civit, Head of Information Security at the Cybersecurity Agency</p>
<p data-start="1592" data-end="1758"><strong data-start="1592" data-end="1664">10:45 a.m. – The model as a response: Learning from a cyber incident</strong><br data-start="1664" data-end="1667" />Carles Aguiló, Technical Director of Information and Communication Systems at Grup Mutuam</p>
<p data-start="1760" data-end="1786"><strong data-start="1760" data-end="1784">11:00 a.m. – Closure</strong></p>

Gratuït prèvia inscripció

<!-- This site is optimized with the Yoast SEO plugin v27.1.1 - https://yoast.com/product/yoast-seo-wordpress/ -->
<title>Cybersecurity model for social and healthcare organizations and mental health services - Fundació TIC Salut i Social</title>
<meta name="robots" content="index, follow, max-snippet:-1, max-image-preview:large, max-video-preview:-1" />
<link rel="canonical" href="https://ticsalutsocial.atoom.space/en/event/model-de-ciberseguretat-a-les-entitats-sociosanitaries-i-de-salut-mental/" />
<meta property="og:locale" content="en_US" />
<meta property="og:type" content="article" />
<meta property="og:title" content="Cybersecurity model for social and healthcare organizations and mental health services - Fundació TIC Salut i Social" />
<meta property="og:description" content="The Cybersecurity Agency of Catalonia, together with the Department of Health, is organizing the presentation of the Cybersecurity model for social and healthcare organizations and mental health services at Espai Bital, Hospitalet de Llobregat, on Monday, September 22. PROGRAM 10:00 a.m. – Institutional welcomeLaura Caballero, Director of the Cybersecurity Agency 10:15 a.m. – Presentation of [&hellip;]" />
<meta property="og:url" content="https://ticsalutsocial.atoom.space/en/event/model-de-ciberseguretat-a-les-entitats-sociosanitaries-i-de-salut-mental/" />
<meta property="og:site_name" content="Fundació TIC Salut i Social" />
<meta property="article:modified_time" content="2025-09-16T11:34:56+00:00" />
<meta name="twitter:card" content="summary_large_image" />
<meta name="twitter:label1" content="Est. reading time" />
	<meta name="twitter:data1" content="1 minute" />
<script type="application/ld+json" class="yoast-schema-graph">{"@context":"https://schema.org","@graph":[{"@type":"WebPage","@id":"https://ticsalutsocial.atoom.space/en/event/model-de-ciberseguretat-a-les-entitats-sociosanitaries-i-de-salut-mental/","url":"https://ticsalutsocial.atoom.space/en/event/model-de-ciberseguretat-a-les-entitats-sociosanitaries-i-de-salut-mental/","name":"Cybersecurity model for social and healthcare organizations and mental health services - Fundació TIC Salut i Social","isPartOf":{"@id":"https://ticsalutsocial.atoom.space/en/#website"},"datePublished":"2025-09-16T11:23:29+00:00","dateModified":"2025-09-16T11:34:56+00:00","breadcrumb":{"@id":"https://ticsalutsocial.atoom.space/en/event/model-de-ciberseguretat-a-les-entitats-sociosanitaries-i-de-salut-mental/#breadcrumb"},"inLanguage":"en-US","potentialAction":[{"@type":"ReadAction","target":["https://ticsalutsocial.atoom.space/en/event/model-de-ciberseguretat-a-les-entitats-sociosanitaries-i-de-salut-mental/"]}]},{"@type":"BreadcrumbList","@id":"https://ticsalutsocial.atoom.space/en/event/model-de-ciberseguretat-a-les-entitats-sociosanitaries-i-de-salut-mental/#breadcrumb","itemListElement":[{"@type":"ListItem","position":1,"name":"Inici","item":"https://ticsalutsocial.atoom.space/en/"},{"@type":"ListItem","position":2,"name":"Cybersecurity model for social and healthcare organizations and mental health services"}]},{"@type":"WebSite","@id":"https://ticsalutsocial.atoom.space/en/#website","url":"https://ticsalutsocial.atoom.space/en/","name":"Fundació TIC Salut i Social","description":"","potentialAction":[{"@type":"SearchAction","target":{"@type":"EntryPoint","urlTemplate":"https://ticsalutsocial.atoom.space/en/?s={search_term_string}"},"query-input":{"@type":"PropertyValueSpecification","valueRequired":true,"valueName":"search_term_string"}}],"inLanguage":"en-US"}]}</script>
<!-- / Yoast SEO plugin. -->

Cybersecurity model for social and healthcare organizations and mental health services - Fundació TIC Salut i Social

Fundació TIC Salut i Social
