
{"id":33616,"date":"2025-09-23T13:06:30","date_gmt":"2025-09-23T11:06:30","guid":{"rendered":"https:\/\/ticsalutsocial.atoom.space\/event\/les-xarxes-no-terrestres-ntn-com-a-infraestructures-i-serveis-critics-de-pais\/"},"modified":"2025-09-23T13:35:05","modified_gmt":"2025-09-23T11:35:05","slug":"les-xarxes-no-terrestres-ntn-com-a-infraestructures-i-serveis-critics-de-pais","status":"publish","type":"event","link":"https:\/\/ticsalutsocial.atoom.space\/en\/event\/les-xarxes-no-terrestres-ntn-com-a-infraestructures-i-serveis-critics-de-pais\/","title":{"rendered":"Les Xarxes No Terrestres (NTN) com a infraestructures i serveis cr\u00edtics de pa\u00eds"},"content":{"rendered":"<p data-start=\"543\" data-end=\"693\"><strong data-start=\"543\" data-end=\"558\">Telecos.cat<\/strong> is organizing, on <strong data-start=\"577\" data-end=\"603\">October 1 at 5:30 p.m.<\/strong>, an event at <strong data-start=\"617\" data-end=\"648\">Espai Francesca Bonnemaison<\/strong> (Carrer Sant Pere M\u00e9s Baix, 7, Barcelona).<\/p>\n<p data-start=\"695\" data-end=\"937\">A conference dedicated to <strong data-start=\"721\" data-end=\"755\">Non-Terrestrial Networks (NTN)<\/strong> featuring contributions from industry leaders, national and international experts who will present and discuss the current status and future of these key national infrastructures.<\/p>\n<p><a href=\"https:\/\/ticsalutsocial.atoom.space\/wp-content\/uploads\/2025\/09\/SantGabriel_1oct.pdf\" target=\"_blank\" rel=\"noopener\">Check the programme here<\/a><\/p>\n","protected":false},"featured_media":33614,"menu_order":0,"template":"","meta":{"_acf_changed":false,"inline_featured_image":false},"tipus":[],"topic":[116],"class_list":["post-33616","event","type-event","status-publish","has-post-thumbnail","hentry","topic-events"],"acf":{"informacio":{"ubicacio":"Espai Francesca Bonnemaison (Carrer Sant Pere M\u00e9s Baix, 7, Barcelona)","data":"01\/10\/2025","hora":"17:00","preu":"Free via registration","inscripcions":"https:\/\/www.telecos.cat\/Forms\/wfInscripcio.aspx"},"programa":{"titol":"","items":false},"documents":false},"yoast_head":"<!-- This site is optimized with the Yoast SEO plugin v27.1.1 - https:\/\/yoast.com\/product\/yoast-seo-wordpress\/ -->\n<title>Les Xarxes No Terrestres (NTN) com a infraestructures i serveis cr\u00edtics de pa\u00eds - Fundaci\u00f3 TIC Salut i Social<\/title>\n<meta name=\"robots\" content=\"index, follow, max-snippet:-1, max-image-preview:large, max-video-preview:-1\" \/>\n<link rel=\"canonical\" href=\"https:\/\/ticsalutsocial.atoom.space\/en\/event\/les-xarxes-no-terrestres-ntn-com-a-infraestructures-i-serveis-critics-de-pais\/\" \/>\n<meta property=\"og:locale\" content=\"en_US\" \/>\n<meta property=\"og:type\" content=\"article\" \/>\n<meta property=\"og:title\" content=\"Les Xarxes No Terrestres (NTN) com a infraestructures i serveis cr\u00edtics de pa\u00eds - Fundaci\u00f3 TIC Salut i Social\" \/>\n<meta property=\"og:description\" content=\"Telecos.cat is organizing, on October 1 at 5:30 p.m., an event at Espai Francesca Bonnemaison (Carrer Sant Pere M\u00e9s Baix, 7, Barcelona). A conference dedicated to Non-Terrestrial Networks (NTN) featuring contributions from industry leaders, national and international experts who will present and discuss the current status and future of these key national infrastructures. Check the [&hellip;]\" \/>\n<meta property=\"og:url\" content=\"https:\/\/ticsalutsocial.atoom.space\/en\/event\/les-xarxes-no-terrestres-ntn-com-a-infraestructures-i-serveis-critics-de-pais\/\" \/>\n<meta property=\"og:site_name\" content=\"Fundaci\u00f3 TIC Salut i Social\" \/>\n<meta property=\"article:modified_time\" content=\"2025-09-23T11:35:05+00:00\" \/>\n<meta property=\"og:image\" content=\"https:\/\/ticsalutsocial.atoom.space\/wp-content\/uploads\/2025\/09\/Sant-Gabriel-2025.png\" \/>\n\t<meta property=\"og:image:width\" content=\"659\" \/>\n\t<meta property=\"og:image:height\" content=\"325\" \/>\n\t<meta property=\"og:image:type\" content=\"image\/png\" \/>\n<meta name=\"twitter:card\" content=\"summary_large_image\" \/>\n<meta name=\"twitter:label1\" content=\"Est. reading time\" \/>\n\t<meta name=\"twitter:data1\" content=\"1 minute\" \/>\n<script type=\"application\/ld+json\" class=\"yoast-schema-graph\">{\"@context\":\"https:\/\/schema.org\",\"@graph\":[{\"@type\":\"WebPage\",\"@id\":\"https:\/\/ticsalutsocial.atoom.space\/en\/event\/les-xarxes-no-terrestres-ntn-com-a-infraestructures-i-serveis-critics-de-pais\/\",\"url\":\"https:\/\/ticsalutsocial.atoom.space\/en\/event\/les-xarxes-no-terrestres-ntn-com-a-infraestructures-i-serveis-critics-de-pais\/\",\"name\":\"Les Xarxes No Terrestres (NTN) com a infraestructures i serveis cr\u00edtics de pa\u00eds - Fundaci\u00f3 TIC Salut i Social\",\"isPartOf\":{\"@id\":\"https:\/\/ticsalutsocial.atoom.space\/en\/#website\"},\"primaryImageOfPage\":{\"@id\":\"https:\/\/ticsalutsocial.atoom.space\/en\/event\/les-xarxes-no-terrestres-ntn-com-a-infraestructures-i-serveis-critics-de-pais\/#primaryimage\"},\"image\":{\"@id\":\"https:\/\/ticsalutsocial.atoom.space\/en\/event\/les-xarxes-no-terrestres-ntn-com-a-infraestructures-i-serveis-critics-de-pais\/#primaryimage\"},\"thumbnailUrl\":\"https:\/\/ticsalutsocial.atoom.space\/wp-content\/uploads\/2025\/09\/Sant-Gabriel-2025.png\",\"datePublished\":\"2025-09-23T11:06:30+00:00\",\"dateModified\":\"2025-09-23T11:35:05+00:00\",\"breadcrumb\":{\"@id\":\"https:\/\/ticsalutsocial.atoom.space\/en\/event\/les-xarxes-no-terrestres-ntn-com-a-infraestructures-i-serveis-critics-de-pais\/#breadcrumb\"},\"inLanguage\":\"en-US\",\"potentialAction\":[{\"@type\":\"ReadAction\",\"target\":[\"https:\/\/ticsalutsocial.atoom.space\/en\/event\/les-xarxes-no-terrestres-ntn-com-a-infraestructures-i-serveis-critics-de-pais\/\"]}]},{\"@type\":\"ImageObject\",\"inLanguage\":\"en-US\",\"@id\":\"https:\/\/ticsalutsocial.atoom.space\/en\/event\/les-xarxes-no-terrestres-ntn-com-a-infraestructures-i-serveis-critics-de-pais\/#primaryimage\",\"url\":\"https:\/\/ticsalutsocial.atoom.space\/wp-content\/uploads\/2025\/09\/Sant-Gabriel-2025.png\",\"contentUrl\":\"https:\/\/ticsalutsocial.atoom.space\/wp-content\/uploads\/2025\/09\/Sant-Gabriel-2025.png\",\"width\":659,\"height\":325},{\"@type\":\"BreadcrumbList\",\"@id\":\"https:\/\/ticsalutsocial.atoom.space\/en\/event\/les-xarxes-no-terrestres-ntn-com-a-infraestructures-i-serveis-critics-de-pais\/#breadcrumb\",\"itemListElement\":[{\"@type\":\"ListItem\",\"position\":1,\"name\":\"Inici\",\"item\":\"https:\/\/ticsalutsocial.atoom.space\/en\/\"},{\"@type\":\"ListItem\",\"position\":2,\"name\":\"Les Xarxes No Terrestres (NTN) com a infraestructures i serveis cr\u00edtics de pa\u00eds\"}]},{\"@type\":\"WebSite\",\"@id\":\"https:\/\/ticsalutsocial.atoom.space\/en\/#website\",\"url\":\"https:\/\/ticsalutsocial.atoom.space\/en\/\",\"name\":\"Fundaci\u00f3 TIC Salut i Social\",\"description\":\"\",\"potentialAction\":[{\"@type\":\"SearchAction\",\"target\":{\"@type\":\"EntryPoint\",\"urlTemplate\":\"https:\/\/ticsalutsocial.atoom.space\/en\/?s={search_term_string}\"},\"query-input\":{\"@type\":\"PropertyValueSpecification\",\"valueRequired\":true,\"valueName\":\"search_term_string\"}}],\"inLanguage\":\"en-US\"}]}<\/script>\n<!-- \/ Yoast SEO plugin. -->","yoast_head_json":{"title":"Les Xarxes No Terrestres (NTN) com a infraestructures i serveis cr\u00edtics de pa\u00eds - Fundaci\u00f3 TIC Salut i Social","robots":{"index":"index","follow":"follow","max-snippet":"max-snippet:-1","max-image-preview":"max-image-preview:large","max-video-preview":"max-video-preview:-1"},"canonical":"https:\/\/ticsalutsocial.atoom.space\/en\/event\/les-xarxes-no-terrestres-ntn-com-a-infraestructures-i-serveis-critics-de-pais\/","og_locale":"en_US","og_type":"article","og_title":"Les Xarxes No Terrestres (NTN) com a infraestructures i serveis cr\u00edtics de pa\u00eds - Fundaci\u00f3 TIC Salut i Social","og_description":"Telecos.cat is organizing, on October 1 at 5:30 p.m., an event at Espai Francesca Bonnemaison (Carrer Sant Pere M\u00e9s Baix, 7, Barcelona). A conference dedicated to Non-Terrestrial Networks (NTN) featuring contributions from industry leaders, national and international experts who will present and discuss the current status and future of these key national infrastructures. Check the [&hellip;]","og_url":"https:\/\/ticsalutsocial.atoom.space\/en\/event\/les-xarxes-no-terrestres-ntn-com-a-infraestructures-i-serveis-critics-de-pais\/","og_site_name":"Fundaci\u00f3 TIC Salut i Social","article_modified_time":"2025-09-23T11:35:05+00:00","og_image":[{"width":659,"height":325,"url":"https:\/\/ticsalutsocial.atoom.space\/wp-content\/uploads\/2025\/09\/Sant-Gabriel-2025.png","type":"image\/png"}],"twitter_card":"summary_large_image","twitter_misc":{"Est. reading time":"1 minute"},"schema":{"@context":"https:\/\/schema.org","@graph":[{"@type":"WebPage","@id":"https:\/\/ticsalutsocial.atoom.space\/en\/event\/les-xarxes-no-terrestres-ntn-com-a-infraestructures-i-serveis-critics-de-pais\/","url":"https:\/\/ticsalutsocial.atoom.space\/en\/event\/les-xarxes-no-terrestres-ntn-com-a-infraestructures-i-serveis-critics-de-pais\/","name":"Les Xarxes No Terrestres (NTN) com a infraestructures i serveis cr\u00edtics de pa\u00eds - Fundaci\u00f3 TIC Salut i Social","isPartOf":{"@id":"https:\/\/ticsalutsocial.atoom.space\/en\/#website"},"primaryImageOfPage":{"@id":"https:\/\/ticsalutsocial.atoom.space\/en\/event\/les-xarxes-no-terrestres-ntn-com-a-infraestructures-i-serveis-critics-de-pais\/#primaryimage"},"image":{"@id":"https:\/\/ticsalutsocial.atoom.space\/en\/event\/les-xarxes-no-terrestres-ntn-com-a-infraestructures-i-serveis-critics-de-pais\/#primaryimage"},"thumbnailUrl":"https:\/\/ticsalutsocial.atoom.space\/wp-content\/uploads\/2025\/09\/Sant-Gabriel-2025.png","datePublished":"2025-09-23T11:06:30+00:00","dateModified":"2025-09-23T11:35:05+00:00","breadcrumb":{"@id":"https:\/\/ticsalutsocial.atoom.space\/en\/event\/les-xarxes-no-terrestres-ntn-com-a-infraestructures-i-serveis-critics-de-pais\/#breadcrumb"},"inLanguage":"en-US","potentialAction":[{"@type":"ReadAction","target":["https:\/\/ticsalutsocial.atoom.space\/en\/event\/les-xarxes-no-terrestres-ntn-com-a-infraestructures-i-serveis-critics-de-pais\/"]}]},{"@type":"ImageObject","inLanguage":"en-US","@id":"https:\/\/ticsalutsocial.atoom.space\/en\/event\/les-xarxes-no-terrestres-ntn-com-a-infraestructures-i-serveis-critics-de-pais\/#primaryimage","url":"https:\/\/ticsalutsocial.atoom.space\/wp-content\/uploads\/2025\/09\/Sant-Gabriel-2025.png","contentUrl":"https:\/\/ticsalutsocial.atoom.space\/wp-content\/uploads\/2025\/09\/Sant-Gabriel-2025.png","width":659,"height":325},{"@type":"BreadcrumbList","@id":"https:\/\/ticsalutsocial.atoom.space\/en\/event\/les-xarxes-no-terrestres-ntn-com-a-infraestructures-i-serveis-critics-de-pais\/#breadcrumb","itemListElement":[{"@type":"ListItem","position":1,"name":"Inici","item":"https:\/\/ticsalutsocial.atoom.space\/en\/"},{"@type":"ListItem","position":2,"name":"Les Xarxes No Terrestres (NTN) com a infraestructures i serveis cr\u00edtics de pa\u00eds"}]},{"@type":"WebSite","@id":"https:\/\/ticsalutsocial.atoom.space\/en\/#website","url":"https:\/\/ticsalutsocial.atoom.space\/en\/","name":"Fundaci\u00f3 TIC Salut i Social","description":"","potentialAction":[{"@type":"SearchAction","target":{"@type":"EntryPoint","urlTemplate":"https:\/\/ticsalutsocial.atoom.space\/en\/?s={search_term_string}"},"query-input":{"@type":"PropertyValueSpecification","valueRequired":true,"valueName":"search_term_string"}}],"inLanguage":"en-US"}]}},"_links":{"self":[{"href":"https:\/\/ticsalutsocial.atoom.space\/en\/wp-json\/wp\/v2\/event\/33616","targetHints":{"allow":["GET"]}}],"collection":[{"href":"https:\/\/ticsalutsocial.atoom.space\/en\/wp-json\/wp\/v2\/event"}],"about":[{"href":"https:\/\/ticsalutsocial.atoom.space\/en\/wp-json\/wp\/v2\/types\/event"}],"wp:featuredmedia":[{"embeddable":true,"href":"https:\/\/ticsalutsocial.atoom.space\/en\/wp-json\/wp\/v2\/media\/33614"}],"wp:attachment":[{"href":"https:\/\/ticsalutsocial.atoom.space\/en\/wp-json\/wp\/v2\/media?parent=33616"}],"wp:term":[{"taxonomy":"tipus","embeddable":true,"href":"https:\/\/ticsalutsocial.atoom.space\/en\/wp-json\/wp\/v2\/tipus?post=33616"},{"taxonomy":"topic","embeddable":true,"href":"https:\/\/ticsalutsocial.atoom.space\/en\/wp-json\/wp\/v2\/topic?post=33616"}],"curies":[{"name":"wp","href":"https:\/\/api.w.org\/{rel}","templated":true}]}}

Les Xarxes No Terrestres (NTN) com a infraestructures i serveis crítics de país

<p data-start="543" data-end="693"><strong data-start="543" data-end="558">Telecos.cat</strong> is organizing, on <strong data-start="577" data-end="603">October 1 at 5:30 p.m.</strong>, an event at <strong data-start="617" data-end="648">Espai Francesca Bonnemaison</strong> (Carrer Sant Pere Més Baix, 7, Barcelona).</p>
<p data-start="695" data-end="937">A conference dedicated to <strong data-start="721" data-end="755">Non-Terrestrial Networks (NTN)</strong> featuring contributions from industry leaders, national and international experts who will present and discuss the current status and future of these key national infrastructures.</p>
<p><a href="https://ticsalutsocial.atoom.space/wp-content/uploads/2025/09/SantGabriel_1oct.pdf" target="_blank" rel="noopener">Check the programme here</a></p>

Espai Francesca Bonnemaison (Carrer Sant Pere Més Baix, 7, Barcelona)

<!-- This site is optimized with the Yoast SEO plugin v27.1.1 - https://yoast.com/product/yoast-seo-wordpress/ -->
<title>Les Xarxes No Terrestres (NTN) com a infraestructures i serveis crítics de país - Fundació TIC Salut i Social</title>
<meta name="robots" content="index, follow, max-snippet:-1, max-image-preview:large, max-video-preview:-1" />
<link rel="canonical" href="https://ticsalutsocial.atoom.space/en/event/les-xarxes-no-terrestres-ntn-com-a-infraestructures-i-serveis-critics-de-pais/" />
<meta property="og:locale" content="en_US" />
<meta property="og:type" content="article" />
<meta property="og:title" content="Les Xarxes No Terrestres (NTN) com a infraestructures i serveis crítics de país - Fundació TIC Salut i Social" />
<meta property="og:description" content="Telecos.cat is organizing, on October 1 at 5:30 p.m., an event at Espai Francesca Bonnemaison (Carrer Sant Pere Més Baix, 7, Barcelona). A conference dedicated to Non-Terrestrial Networks (NTN) featuring contributions from industry leaders, national and international experts who will present and discuss the current status and future of these key national infrastructures. Check the [&hellip;]" />
<meta property="og:url" content="https://ticsalutsocial.atoom.space/en/event/les-xarxes-no-terrestres-ntn-com-a-infraestructures-i-serveis-critics-de-pais/" />
<meta property="og:site_name" content="Fundació TIC Salut i Social" />
<meta property="article:modified_time" content="2025-09-23T11:35:05+00:00" />
<meta property="og:image" content="https://ticsalutsocial.atoom.space/wp-content/uploads/2025/09/Sant-Gabriel-2025.png" />
	<meta property="og:image:width" content="659" />
	<meta property="og:image:height" content="325" />
	<meta property="og:image:type" content="image/png" />
<meta name="twitter:card" content="summary_large_image" />
<meta name="twitter:label1" content="Est. reading time" />
	<meta name="twitter:data1" content="1 minute" />
<script type="application/ld+json" class="yoast-schema-graph">{"@context":"https://schema.org","@graph":[{"@type":"WebPage","@id":"https://ticsalutsocial.atoom.space/en/event/les-xarxes-no-terrestres-ntn-com-a-infraestructures-i-serveis-critics-de-pais/","url":"https://ticsalutsocial.atoom.space/en/event/les-xarxes-no-terrestres-ntn-com-a-infraestructures-i-serveis-critics-de-pais/","name":"Les Xarxes No Terrestres (NTN) com a infraestructures i serveis crítics de país - Fundació TIC Salut i Social","isPartOf":{"@id":"https://ticsalutsocial.atoom.space/en/#website"},"primaryImageOfPage":{"@id":"https://ticsalutsocial.atoom.space/en/event/les-xarxes-no-terrestres-ntn-com-a-infraestructures-i-serveis-critics-de-pais/#primaryimage"},"image":{"@id":"https://ticsalutsocial.atoom.space/en/event/les-xarxes-no-terrestres-ntn-com-a-infraestructures-i-serveis-critics-de-pais/#primaryimage"},"thumbnailUrl":"https://ticsalutsocial.atoom.space/wp-content/uploads/2025/09/Sant-Gabriel-2025.png","datePublished":"2025-09-23T11:06:30+00:00","dateModified":"2025-09-23T11:35:05+00:00","breadcrumb":{"@id":"https://ticsalutsocial.atoom.space/en/event/les-xarxes-no-terrestres-ntn-com-a-infraestructures-i-serveis-critics-de-pais/#breadcrumb"},"inLanguage":"en-US","potentialAction":[{"@type":"ReadAction","target":["https://ticsalutsocial.atoom.space/en/event/les-xarxes-no-terrestres-ntn-com-a-infraestructures-i-serveis-critics-de-pais/"]}]},{"@type":"ImageObject","inLanguage":"en-US","@id":"https://ticsalutsocial.atoom.space/en/event/les-xarxes-no-terrestres-ntn-com-a-infraestructures-i-serveis-critics-de-pais/#primaryimage","url":"https://ticsalutsocial.atoom.space/wp-content/uploads/2025/09/Sant-Gabriel-2025.png","contentUrl":"https://ticsalutsocial.atoom.space/wp-content/uploads/2025/09/Sant-Gabriel-2025.png","width":659,"height":325},{"@type":"BreadcrumbList","@id":"https://ticsalutsocial.atoom.space/en/event/les-xarxes-no-terrestres-ntn-com-a-infraestructures-i-serveis-critics-de-pais/#breadcrumb","itemListElement":[{"@type":"ListItem","position":1,"name":"Inici","item":"https://ticsalutsocial.atoom.space/en/"},{"@type":"ListItem","position":2,"name":"Les Xarxes No Terrestres (NTN) com a infraestructures i serveis crítics de país"}]},{"@type":"WebSite","@id":"https://ticsalutsocial.atoom.space/en/#website","url":"https://ticsalutsocial.atoom.space/en/","name":"Fundació TIC Salut i Social","description":"","potentialAction":[{"@type":"SearchAction","target":{"@type":"EntryPoint","urlTemplate":"https://ticsalutsocial.atoom.space/en/?s={search_term_string}"},"query-input":{"@type":"PropertyValueSpecification","valueRequired":true,"valueName":"search_term_string"}}],"inLanguage":"en-US"}]}</script>
<!-- / Yoast SEO plugin. -->

Les Xarxes No Terrestres (NTN) com a infraestructures i serveis crítics de país - Fundació TIC Salut i Social

Telecos.cat is organizing, on October 1 at 5:30 p.m., an event at Espai Francesca Bonnemaison (Carrer Sant Pere Més Baix, 7, Barcelona). A conference dedicated to Non-Terrestrial Networks (NTN) featuring contributions from industry leaders, national and international experts who will present and discuss the current status and future of these key national infrastructures. Check the [&hellip;]

Fundació TIC Salut i Social
