
{"id":33660,"date":"2025-09-25T12:35:26","date_gmt":"2025-09-25T10:35:26","guid":{"rendered":"https:\/\/ticsalutsocial.atoom.space\/event\/augmentant-capacitats-i-millorant-suports\/"},"modified":"2025-09-25T12:57:36","modified_gmt":"2025-09-25T10:57:36","slug":"augmentant-capacitats-i-millorant-suports","status":"publish","type":"event","link":"https:\/\/ticsalutsocial.atoom.space\/en\/event\/augmentant-capacitats-i-millorant-suports\/","title":{"rendered":"Enhancing abilities and improving support"},"content":{"rendered":"<p data-start=\"849\" data-end=\"1114\">The <strong data-start=\"853\" data-end=\"934\">Coordinator of Centres for People with Intellectual Disabilities of Catalonia<\/strong> is organising a conference to explore how artificial intelligence, robotics and other innovative technologies are being put at the service of people with intellectual diversity.<\/p>\n<p data-start=\"1116\" data-end=\"1526\">The Director of the <strong data-start=\"1136\" data-end=\"1167\">TIC Salut Social Foundation<\/strong>, <strong data-start=\"1169\" data-end=\"1188\">Joan Guanyabens<\/strong>, and the Head of Integrated Care at the Department of Social Rights and Inclusion and Co-Director of the core team on integrated social care, <strong data-start=\"1331\" data-end=\"1350\">Conxita Barbeta<\/strong>, will take part in the round table <em data-start=\"1386\" data-end=\"1523\">&#8220;Integrated Social and Healthcare: present and future challenges in Catalonia in the Integration of Information Systems and Technology&#8221;<\/em>.<\/p>\n<p data-start=\"1528\" data-end=\"1575\">\ud83d\udc49 View the full programme and register here:<\/p>\n<p><a href=\"https:\/\/ticsalutsocial.atoom.space\/wp-content\/uploads\/2025\/09\/PROGRAMA_.pdf\">PROGRAM<\/a><\/p>\n","protected":false},"featured_media":33657,"menu_order":0,"template":"","meta":{"_acf_changed":false,"inline_featured_image":false},"tipus":[95,719],"topic":[116],"class_list":["post-33660","event","type-event","status-publish","has-post-thumbnail","hentry","tipus-integrated-care","tipus-artificial-intelligence","topic-events"],"acf":{"informacio":{"ubicacio":"AUDITORI RECINTE FLOR DE MAIG (FUNDACI\u00d3 CATAL\u00d2NIA) Carretera Flor de Maig, km.2,8 (Cerdanyola del Vall\u00e8s)","data":"20\/11\/2025","hora":"De 9:30 a 14:30","preu":"Gratu\u00eft pr\u00e8via inscripci\u00f3","inscripcions":"https:\/\/docs.google.com\/forms\/d\/e\/1FAIpQLScnzV5mVNjILma32OpwiKKwZw-Iupccir-GDTZNKTMJonxbWA\/viewform"},"programa":{"titol":"","items":false},"documents":false},"yoast_head":"<!-- This site is optimized with the Yoast SEO plugin v27.1.1 - https:\/\/yoast.com\/product\/yoast-seo-wordpress\/ -->\n<title>Enhancing abilities and improving support - Fundaci\u00f3 TIC Salut i Social<\/title>\n<meta name=\"robots\" content=\"index, follow, max-snippet:-1, max-image-preview:large, max-video-preview:-1\" \/>\n<link rel=\"canonical\" href=\"https:\/\/ticsalutsocial.atoom.space\/en\/event\/augmentant-capacitats-i-millorant-suports\/\" \/>\n<meta property=\"og:locale\" content=\"en_US\" \/>\n<meta property=\"og:type\" content=\"article\" \/>\n<meta property=\"og:title\" content=\"Enhancing abilities and improving support - Fundaci\u00f3 TIC Salut i Social\" \/>\n<meta property=\"og:description\" content=\"The Coordinator of Centres for People with Intellectual Disabilities of Catalonia is organising a conference to explore how artificial intelligence, robotics and other innovative technologies are being put at the service of people with intellectual diversity. The Director of the TIC Salut Social Foundation, Joan Guanyabens, and the Head of Integrated Care at the Department [&hellip;]\" \/>\n<meta property=\"og:url\" content=\"https:\/\/ticsalutsocial.atoom.space\/en\/event\/augmentant-capacitats-i-millorant-suports\/\" \/>\n<meta property=\"og:site_name\" content=\"Fundaci\u00f3 TIC Salut i Social\" \/>\n<meta property=\"article:modified_time\" content=\"2025-09-25T10:57:36+00:00\" \/>\n<meta property=\"og:image\" content=\"https:\/\/ticsalutsocial.atoom.space\/wp-content\/uploads\/2025\/09\/Captura-de-pantalla-2025-09-25-a-les-12.33.40-1024x637.png\" \/>\n\t<meta property=\"og:image:width\" content=\"1024\" \/>\n\t<meta property=\"og:image:height\" content=\"637\" \/>\n\t<meta property=\"og:image:type\" content=\"image\/png\" \/>\n<meta name=\"twitter:card\" content=\"summary_large_image\" \/>\n<meta name=\"twitter:label1\" content=\"Est. reading time\" \/>\n\t<meta name=\"twitter:data1\" content=\"1 minute\" \/>\n<script type=\"application\/ld+json\" class=\"yoast-schema-graph\">{\"@context\":\"https:\/\/schema.org\",\"@graph\":[{\"@type\":\"WebPage\",\"@id\":\"https:\/\/ticsalutsocial.atoom.space\/en\/event\/augmentant-capacitats-i-millorant-suports\/\",\"url\":\"https:\/\/ticsalutsocial.atoom.space\/en\/event\/augmentant-capacitats-i-millorant-suports\/\",\"name\":\"Enhancing abilities and improving support - Fundaci\u00f3 TIC Salut i Social\",\"isPartOf\":{\"@id\":\"https:\/\/ticsalutsocial.atoom.space\/en\/#website\"},\"primaryImageOfPage\":{\"@id\":\"https:\/\/ticsalutsocial.atoom.space\/en\/event\/augmentant-capacitats-i-millorant-suports\/#primaryimage\"},\"image\":{\"@id\":\"https:\/\/ticsalutsocial.atoom.space\/en\/event\/augmentant-capacitats-i-millorant-suports\/#primaryimage\"},\"thumbnailUrl\":\"https:\/\/ticsalutsocial.atoom.space\/wp-content\/uploads\/2025\/09\/Captura-de-pantalla-2025-09-25-a-les-12.33.40.png\",\"datePublished\":\"2025-09-25T10:35:26+00:00\",\"dateModified\":\"2025-09-25T10:57:36+00:00\",\"breadcrumb\":{\"@id\":\"https:\/\/ticsalutsocial.atoom.space\/en\/event\/augmentant-capacitats-i-millorant-suports\/#breadcrumb\"},\"inLanguage\":\"en-US\",\"potentialAction\":[{\"@type\":\"ReadAction\",\"target\":[\"https:\/\/ticsalutsocial.atoom.space\/en\/event\/augmentant-capacitats-i-millorant-suports\/\"]}]},{\"@type\":\"ImageObject\",\"inLanguage\":\"en-US\",\"@id\":\"https:\/\/ticsalutsocial.atoom.space\/en\/event\/augmentant-capacitats-i-millorant-suports\/#primaryimage\",\"url\":\"https:\/\/ticsalutsocial.atoom.space\/wp-content\/uploads\/2025\/09\/Captura-de-pantalla-2025-09-25-a-les-12.33.40.png\",\"contentUrl\":\"https:\/\/ticsalutsocial.atoom.space\/wp-content\/uploads\/2025\/09\/Captura-de-pantalla-2025-09-25-a-les-12.33.40.png\",\"width\":2342,\"height\":1456},{\"@type\":\"BreadcrumbList\",\"@id\":\"https:\/\/ticsalutsocial.atoom.space\/en\/event\/augmentant-capacitats-i-millorant-suports\/#breadcrumb\",\"itemListElement\":[{\"@type\":\"ListItem\",\"position\":1,\"name\":\"Inici\",\"item\":\"https:\/\/ticsalutsocial.atoom.space\/en\/\"},{\"@type\":\"ListItem\",\"position\":2,\"name\":\"Enhancing abilities and improving support\"}]},{\"@type\":\"WebSite\",\"@id\":\"https:\/\/ticsalutsocial.atoom.space\/en\/#website\",\"url\":\"https:\/\/ticsalutsocial.atoom.space\/en\/\",\"name\":\"Fundaci\u00f3 TIC Salut i Social\",\"description\":\"\",\"potentialAction\":[{\"@type\":\"SearchAction\",\"target\":{\"@type\":\"EntryPoint\",\"urlTemplate\":\"https:\/\/ticsalutsocial.atoom.space\/en\/?s={search_term_string}\"},\"query-input\":{\"@type\":\"PropertyValueSpecification\",\"valueRequired\":true,\"valueName\":\"search_term_string\"}}],\"inLanguage\":\"en-US\"}]}<\/script>\n<!-- \/ Yoast SEO plugin. -->","yoast_head_json":{"title":"Enhancing abilities and improving support - Fundaci\u00f3 TIC Salut i Social","robots":{"index":"index","follow":"follow","max-snippet":"max-snippet:-1","max-image-preview":"max-image-preview:large","max-video-preview":"max-video-preview:-1"},"canonical":"https:\/\/ticsalutsocial.atoom.space\/en\/event\/augmentant-capacitats-i-millorant-suports\/","og_locale":"en_US","og_type":"article","og_title":"Enhancing abilities and improving support - Fundaci\u00f3 TIC Salut i Social","og_description":"The Coordinator of Centres for People with Intellectual Disabilities of Catalonia is organising a conference to explore how artificial intelligence, robotics and other innovative technologies are being put at the service of people with intellectual diversity. The Director of the TIC Salut Social Foundation, Joan Guanyabens, and the Head of Integrated Care at the Department [&hellip;]","og_url":"https:\/\/ticsalutsocial.atoom.space\/en\/event\/augmentant-capacitats-i-millorant-suports\/","og_site_name":"Fundaci\u00f3 TIC Salut i Social","article_modified_time":"2025-09-25T10:57:36+00:00","og_image":[{"width":1024,"height":637,"url":"https:\/\/ticsalutsocial.atoom.space\/wp-content\/uploads\/2025\/09\/Captura-de-pantalla-2025-09-25-a-les-12.33.40-1024x637.png","type":"image\/png"}],"twitter_card":"summary_large_image","twitter_misc":{"Est. reading time":"1 minute"},"schema":{"@context":"https:\/\/schema.org","@graph":[{"@type":"WebPage","@id":"https:\/\/ticsalutsocial.atoom.space\/en\/event\/augmentant-capacitats-i-millorant-suports\/","url":"https:\/\/ticsalutsocial.atoom.space\/en\/event\/augmentant-capacitats-i-millorant-suports\/","name":"Enhancing abilities and improving support - Fundaci\u00f3 TIC Salut i Social","isPartOf":{"@id":"https:\/\/ticsalutsocial.atoom.space\/en\/#website"},"primaryImageOfPage":{"@id":"https:\/\/ticsalutsocial.atoom.space\/en\/event\/augmentant-capacitats-i-millorant-suports\/#primaryimage"},"image":{"@id":"https:\/\/ticsalutsocial.atoom.space\/en\/event\/augmentant-capacitats-i-millorant-suports\/#primaryimage"},"thumbnailUrl":"https:\/\/ticsalutsocial.atoom.space\/wp-content\/uploads\/2025\/09\/Captura-de-pantalla-2025-09-25-a-les-12.33.40.png","datePublished":"2025-09-25T10:35:26+00:00","dateModified":"2025-09-25T10:57:36+00:00","breadcrumb":{"@id":"https:\/\/ticsalutsocial.atoom.space\/en\/event\/augmentant-capacitats-i-millorant-suports\/#breadcrumb"},"inLanguage":"en-US","potentialAction":[{"@type":"ReadAction","target":["https:\/\/ticsalutsocial.atoom.space\/en\/event\/augmentant-capacitats-i-millorant-suports\/"]}]},{"@type":"ImageObject","inLanguage":"en-US","@id":"https:\/\/ticsalutsocial.atoom.space\/en\/event\/augmentant-capacitats-i-millorant-suports\/#primaryimage","url":"https:\/\/ticsalutsocial.atoom.space\/wp-content\/uploads\/2025\/09\/Captura-de-pantalla-2025-09-25-a-les-12.33.40.png","contentUrl":"https:\/\/ticsalutsocial.atoom.space\/wp-content\/uploads\/2025\/09\/Captura-de-pantalla-2025-09-25-a-les-12.33.40.png","width":2342,"height":1456},{"@type":"BreadcrumbList","@id":"https:\/\/ticsalutsocial.atoom.space\/en\/event\/augmentant-capacitats-i-millorant-suports\/#breadcrumb","itemListElement":[{"@type":"ListItem","position":1,"name":"Inici","item":"https:\/\/ticsalutsocial.atoom.space\/en\/"},{"@type":"ListItem","position":2,"name":"Enhancing abilities and improving support"}]},{"@type":"WebSite","@id":"https:\/\/ticsalutsocial.atoom.space\/en\/#website","url":"https:\/\/ticsalutsocial.atoom.space\/en\/","name":"Fundaci\u00f3 TIC Salut i Social","description":"","potentialAction":[{"@type":"SearchAction","target":{"@type":"EntryPoint","urlTemplate":"https:\/\/ticsalutsocial.atoom.space\/en\/?s={search_term_string}"},"query-input":{"@type":"PropertyValueSpecification","valueRequired":true,"valueName":"search_term_string"}}],"inLanguage":"en-US"}]}},"_links":{"self":[{"href":"https:\/\/ticsalutsocial.atoom.space\/en\/wp-json\/wp\/v2\/event\/33660","targetHints":{"allow":["GET"]}}],"collection":[{"href":"https:\/\/ticsalutsocial.atoom.space\/en\/wp-json\/wp\/v2\/event"}],"about":[{"href":"https:\/\/ticsalutsocial.atoom.space\/en\/wp-json\/wp\/v2\/types\/event"}],"wp:featuredmedia":[{"embeddable":true,"href":"https:\/\/ticsalutsocial.atoom.space\/en\/wp-json\/wp\/v2\/media\/33657"}],"wp:attachment":[{"href":"https:\/\/ticsalutsocial.atoom.space\/en\/wp-json\/wp\/v2\/media?parent=33660"}],"wp:term":[{"taxonomy":"tipus","embeddable":true,"href":"https:\/\/ticsalutsocial.atoom.space\/en\/wp-json\/wp\/v2\/tipus?post=33660"},{"taxonomy":"topic","embeddable":true,"href":"https:\/\/ticsalutsocial.atoom.space\/en\/wp-json\/wp\/v2\/topic?post=33660"}],"curies":[{"name":"wp","href":"https:\/\/api.w.org\/{rel}","templated":true}]}}

AUDITORI RECINTE FLOR DE MAIG (FUNDACIÓ CATALÒNIA) Carretera Flor de Maig, km.2,8 (Cerdanyola del Vallès)

Gratuït prèvia inscripció

<!-- This site is optimized with the Yoast SEO plugin v27.1.1 - https://yoast.com/product/yoast-seo-wordpress/ -->
<title>Enhancing abilities and improving support - Fundació TIC Salut i Social</title>
<meta name="robots" content="index, follow, max-snippet:-1, max-image-preview:large, max-video-preview:-1" />
<link rel="canonical" href="https://ticsalutsocial.atoom.space/en/event/augmentant-capacitats-i-millorant-suports/" />
<meta property="og:locale" content="en_US" />
<meta property="og:type" content="article" />
<meta property="og:title" content="Enhancing abilities and improving support - Fundació TIC Salut i Social" />
<meta property="og:description" content="The Coordinator of Centres for People with Intellectual Disabilities of Catalonia is organising a conference to explore how artificial intelligence, robotics and other innovative technologies are being put at the service of people with intellectual diversity. The Director of the TIC Salut Social Foundation, Joan Guanyabens, and the Head of Integrated Care at the Department [&hellip;]" />
<meta property="og:url" content="https://ticsalutsocial.atoom.space/en/event/augmentant-capacitats-i-millorant-suports/" />
<meta property="og:site_name" content="Fundació TIC Salut i Social" />
<meta property="article:modified_time" content="2025-09-25T10:57:36+00:00" />
<meta property="og:image" content="https://ticsalutsocial.atoom.space/wp-content/uploads/2025/09/Captura-de-pantalla-2025-09-25-a-les-12.33.40-1024x637.png" />
	<meta property="og:image:width" content="1024" />
	<meta property="og:image:height" content="637" />
	<meta property="og:image:type" content="image/png" />
<meta name="twitter:card" content="summary_large_image" />
<meta name="twitter:label1" content="Est. reading time" />
	<meta name="twitter:data1" content="1 minute" />
<script type="application/ld+json" class="yoast-schema-graph">{"@context":"https://schema.org","@graph":[{"@type":"WebPage","@id":"https://ticsalutsocial.atoom.space/en/event/augmentant-capacitats-i-millorant-suports/","url":"https://ticsalutsocial.atoom.space/en/event/augmentant-capacitats-i-millorant-suports/","name":"Enhancing abilities and improving support - Fundació TIC Salut i Social","isPartOf":{"@id":"https://ticsalutsocial.atoom.space/en/#website"},"primaryImageOfPage":{"@id":"https://ticsalutsocial.atoom.space/en/event/augmentant-capacitats-i-millorant-suports/#primaryimage"},"image":{"@id":"https://ticsalutsocial.atoom.space/en/event/augmentant-capacitats-i-millorant-suports/#primaryimage"},"thumbnailUrl":"https://ticsalutsocial.atoom.space/wp-content/uploads/2025/09/Captura-de-pantalla-2025-09-25-a-les-12.33.40.png","datePublished":"2025-09-25T10:35:26+00:00","dateModified":"2025-09-25T10:57:36+00:00","breadcrumb":{"@id":"https://ticsalutsocial.atoom.space/en/event/augmentant-capacitats-i-millorant-suports/#breadcrumb"},"inLanguage":"en-US","potentialAction":[{"@type":"ReadAction","target":["https://ticsalutsocial.atoom.space/en/event/augmentant-capacitats-i-millorant-suports/"]}]},{"@type":"ImageObject","inLanguage":"en-US","@id":"https://ticsalutsocial.atoom.space/en/event/augmentant-capacitats-i-millorant-suports/#primaryimage","url":"https://ticsalutsocial.atoom.space/wp-content/uploads/2025/09/Captura-de-pantalla-2025-09-25-a-les-12.33.40.png","contentUrl":"https://ticsalutsocial.atoom.space/wp-content/uploads/2025/09/Captura-de-pantalla-2025-09-25-a-les-12.33.40.png","width":2342,"height":1456},{"@type":"BreadcrumbList","@id":"https://ticsalutsocial.atoom.space/en/event/augmentant-capacitats-i-millorant-suports/#breadcrumb","itemListElement":[{"@type":"ListItem","position":1,"name":"Inici","item":"https://ticsalutsocial.atoom.space/en/"},{"@type":"ListItem","position":2,"name":"Enhancing abilities and improving support"}]},{"@type":"WebSite","@id":"https://ticsalutsocial.atoom.space/en/#website","url":"https://ticsalutsocial.atoom.space/en/","name":"Fundació TIC Salut i Social","description":"","potentialAction":[{"@type":"SearchAction","target":{"@type":"EntryPoint","urlTemplate":"https://ticsalutsocial.atoom.space/en/?s={search_term_string}"},"query-input":{"@type":"PropertyValueSpecification","valueRequired":true,"valueName":"search_term_string"}}],"inLanguage":"en-US"}]}</script>
<!-- / Yoast SEO plugin. -->

Enhancing abilities and improving support - Fundació TIC Salut i Social

Fundació TIC Salut i Social
