
{"id":33706,"date":"2025-09-29T13:10:33","date_gmt":"2025-09-29T11:10:33","guid":{"rendered":"https:\/\/ticsalutsocial.atoom.space\/event\/connecta-i-transforma-canvis-socials-des-de-la-innovacio-digital\/"},"modified":"2025-09-29T13:19:01","modified_gmt":"2025-09-29T11:19:01","slug":"connecta-i-transforma-canvis-socials-des-de-la-innovacio-digital","status":"publish","type":"event","link":"https:\/\/ticsalutsocial.atoom.space\/en\/event\/connecta-i-transforma-canvis-socials-des-de-la-innovacio-digital\/","title":{"rendered":"Connect and Transform: Social Change through Digital Innovation"},"content":{"rendered":"\n<p>m4Social is organising a conference with federations, alliances and public administrations to move forward together on the main strands of the project.<\/p>\n\n\n\n<p>The day-long event aims to address three key areas: tackling the digital divide, the use of data in social organisations, and the potential of artificial intelligence to improve both internal processes and support for groups in situations of vulnerability.<\/p>\n\n\n\n<p><a href=\"https:\/\/www.tercersector.cat\/form\/jornada-innovacio-digital-8-octu\" target=\"_blank\" rel=\"noreferrer noopener\">More information<\/a><\/p>\n","protected":false},"featured_media":0,"menu_order":0,"template":"","meta":{"_acf_changed":false,"inline_featured_image":false},"tipus":[1180],"topic":[116],"class_list":["post-33706","event","type-event","status-publish","hentry","tipus-ambit-social-en","topic-events"],"acf":{"imatge":33704,"informacio":{"ubicacio":"Palau Macaya, Barcelona","data":"08\/10\/2025","hora":"","preu":"","inscripcions":"https:\/\/www.tercersector.cat\/form\/jornada-innovacio-digital-8-octu"},"programa":{"titol":"","items":false},"documents":false},"yoast_head":"<!-- This site is optimized with the Yoast SEO plugin v27.1.1 - https:\/\/yoast.com\/product\/yoast-seo-wordpress\/ -->\n<title>Connect and Transform: Social Change through Digital Innovation - Fundaci\u00f3 TIC Salut i Social<\/title>\n<meta name=\"description\" content=\"m4Social organitza una jornada amb federacions, aliances i administracions per avan\u00e7ar conjuntament en les principals l\u00ednies del projecte\" \/>\n<meta name=\"robots\" content=\"index, follow, max-snippet:-1, max-image-preview:large, max-video-preview:-1\" \/>\n<link rel=\"canonical\" href=\"https:\/\/ticsalutsocial.atoom.space\/en\/event\/connecta-i-transforma-canvis-socials-des-de-la-innovacio-digital\/\" \/>\n<meta property=\"og:locale\" content=\"en_US\" \/>\n<meta property=\"og:type\" content=\"article\" \/>\n<meta property=\"og:title\" content=\"Connect and Transform: Social Change through Digital Innovation - Fundaci\u00f3 TIC Salut i Social\" \/>\n<meta property=\"og:description\" content=\"m4Social organitza una jornada amb federacions, aliances i administracions per avan\u00e7ar conjuntament en les principals l\u00ednies del projecte\" \/>\n<meta property=\"og:url\" content=\"https:\/\/ticsalutsocial.atoom.space\/en\/event\/connecta-i-transforma-canvis-socials-des-de-la-innovacio-digital\/\" \/>\n<meta property=\"og:site_name\" content=\"Fundaci\u00f3 TIC Salut i Social\" \/>\n<meta property=\"article:modified_time\" content=\"2025-09-29T11:19:01+00:00\" \/>\n<meta name=\"twitter:card\" content=\"summary_large_image\" \/>\n<meta name=\"twitter:label1\" content=\"Est. reading time\" \/>\n\t<meta name=\"twitter:data1\" content=\"1 minute\" \/>\n<script type=\"application\/ld+json\" class=\"yoast-schema-graph\">{\"@context\":\"https:\/\/schema.org\",\"@graph\":[{\"@type\":\"WebPage\",\"@id\":\"https:\/\/ticsalutsocial.atoom.space\/en\/event\/connecta-i-transforma-canvis-socials-des-de-la-innovacio-digital\/\",\"url\":\"https:\/\/ticsalutsocial.atoom.space\/en\/event\/connecta-i-transforma-canvis-socials-des-de-la-innovacio-digital\/\",\"name\":\"Connect and Transform: Social Change through Digital Innovation - Fundaci\u00f3 TIC Salut i Social\",\"isPartOf\":{\"@id\":\"https:\/\/ticsalutsocial.atoom.space\/en\/#website\"},\"datePublished\":\"2025-09-29T11:10:33+00:00\",\"dateModified\":\"2025-09-29T11:19:01+00:00\",\"description\":\"m4Social organitza una jornada amb federacions, aliances i administracions per avan\u00e7ar conjuntament en les principals l\u00ednies del projecte\",\"breadcrumb\":{\"@id\":\"https:\/\/ticsalutsocial.atoom.space\/en\/event\/connecta-i-transforma-canvis-socials-des-de-la-innovacio-digital\/#breadcrumb\"},\"inLanguage\":\"en-US\",\"potentialAction\":[{\"@type\":\"ReadAction\",\"target\":[\"https:\/\/ticsalutsocial.atoom.space\/en\/event\/connecta-i-transforma-canvis-socials-des-de-la-innovacio-digital\/\"]}]},{\"@type\":\"BreadcrumbList\",\"@id\":\"https:\/\/ticsalutsocial.atoom.space\/en\/event\/connecta-i-transforma-canvis-socials-des-de-la-innovacio-digital\/#breadcrumb\",\"itemListElement\":[{\"@type\":\"ListItem\",\"position\":1,\"name\":\"Inici\",\"item\":\"https:\/\/ticsalutsocial.atoom.space\/en\/\"},{\"@type\":\"ListItem\",\"position\":2,\"name\":\"Connect and Transform: Social Change through Digital Innovation\"}]},{\"@type\":\"WebSite\",\"@id\":\"https:\/\/ticsalutsocial.atoom.space\/en\/#website\",\"url\":\"https:\/\/ticsalutsocial.atoom.space\/en\/\",\"name\":\"Fundaci\u00f3 TIC Salut i Social\",\"description\":\"\",\"potentialAction\":[{\"@type\":\"SearchAction\",\"target\":{\"@type\":\"EntryPoint\",\"urlTemplate\":\"https:\/\/ticsalutsocial.atoom.space\/en\/?s={search_term_string}\"},\"query-input\":{\"@type\":\"PropertyValueSpecification\",\"valueRequired\":true,\"valueName\":\"search_term_string\"}}],\"inLanguage\":\"en-US\"}]}<\/script>\n<!-- \/ Yoast SEO plugin. -->","yoast_head_json":{"title":"Connect and Transform: Social Change through Digital Innovation - Fundaci\u00f3 TIC Salut i Social","description":"m4Social organitza una jornada amb federacions, aliances i administracions per avan\u00e7ar conjuntament en les principals l\u00ednies del projecte","robots":{"index":"index","follow":"follow","max-snippet":"max-snippet:-1","max-image-preview":"max-image-preview:large","max-video-preview":"max-video-preview:-1"},"canonical":"https:\/\/ticsalutsocial.atoom.space\/en\/event\/connecta-i-transforma-canvis-socials-des-de-la-innovacio-digital\/","og_locale":"en_US","og_type":"article","og_title":"Connect and Transform: Social Change through Digital Innovation - Fundaci\u00f3 TIC Salut i Social","og_description":"m4Social organitza una jornada amb federacions, aliances i administracions per avan\u00e7ar conjuntament en les principals l\u00ednies del projecte","og_url":"https:\/\/ticsalutsocial.atoom.space\/en\/event\/connecta-i-transforma-canvis-socials-des-de-la-innovacio-digital\/","og_site_name":"Fundaci\u00f3 TIC Salut i Social","article_modified_time":"2025-09-29T11:19:01+00:00","twitter_card":"summary_large_image","twitter_misc":{"Est. reading time":"1 minute"},"schema":{"@context":"https:\/\/schema.org","@graph":[{"@type":"WebPage","@id":"https:\/\/ticsalutsocial.atoom.space\/en\/event\/connecta-i-transforma-canvis-socials-des-de-la-innovacio-digital\/","url":"https:\/\/ticsalutsocial.atoom.space\/en\/event\/connecta-i-transforma-canvis-socials-des-de-la-innovacio-digital\/","name":"Connect and Transform: Social Change through Digital Innovation - Fundaci\u00f3 TIC Salut i Social","isPartOf":{"@id":"https:\/\/ticsalutsocial.atoom.space\/en\/#website"},"datePublished":"2025-09-29T11:10:33+00:00","dateModified":"2025-09-29T11:19:01+00:00","description":"m4Social organitza una jornada amb federacions, aliances i administracions per avan\u00e7ar conjuntament en les principals l\u00ednies del projecte","breadcrumb":{"@id":"https:\/\/ticsalutsocial.atoom.space\/en\/event\/connecta-i-transforma-canvis-socials-des-de-la-innovacio-digital\/#breadcrumb"},"inLanguage":"en-US","potentialAction":[{"@type":"ReadAction","target":["https:\/\/ticsalutsocial.atoom.space\/en\/event\/connecta-i-transforma-canvis-socials-des-de-la-innovacio-digital\/"]}]},{"@type":"BreadcrumbList","@id":"https:\/\/ticsalutsocial.atoom.space\/en\/event\/connecta-i-transforma-canvis-socials-des-de-la-innovacio-digital\/#breadcrumb","itemListElement":[{"@type":"ListItem","position":1,"name":"Inici","item":"https:\/\/ticsalutsocial.atoom.space\/en\/"},{"@type":"ListItem","position":2,"name":"Connect and Transform: Social Change through Digital Innovation"}]},{"@type":"WebSite","@id":"https:\/\/ticsalutsocial.atoom.space\/en\/#website","url":"https:\/\/ticsalutsocial.atoom.space\/en\/","name":"Fundaci\u00f3 TIC Salut i Social","description":"","potentialAction":[{"@type":"SearchAction","target":{"@type":"EntryPoint","urlTemplate":"https:\/\/ticsalutsocial.atoom.space\/en\/?s={search_term_string}"},"query-input":{"@type":"PropertyValueSpecification","valueRequired":true,"valueName":"search_term_string"}}],"inLanguage":"en-US"}]}},"_links":{"self":[{"href":"https:\/\/ticsalutsocial.atoom.space\/en\/wp-json\/wp\/v2\/event\/33706","targetHints":{"allow":["GET"]}}],"collection":[{"href":"https:\/\/ticsalutsocial.atoom.space\/en\/wp-json\/wp\/v2\/event"}],"about":[{"href":"https:\/\/ticsalutsocial.atoom.space\/en\/wp-json\/wp\/v2\/types\/event"}],"wp:attachment":[{"href":"https:\/\/ticsalutsocial.atoom.space\/en\/wp-json\/wp\/v2\/media?parent=33706"}],"wp:term":[{"taxonomy":"tipus","embeddable":true,"href":"https:\/\/ticsalutsocial.atoom.space\/en\/wp-json\/wp\/v2\/tipus?post=33706"},{"taxonomy":"topic","embeddable":true,"href":"https:\/\/ticsalutsocial.atoom.space\/en\/wp-json\/wp\/v2\/topic?post=33706"}],"curies":[{"name":"wp","href":"https:\/\/api.w.org\/{rel}","templated":true}]}}

<!-- This site is optimized with the Yoast SEO plugin v27.1.1 - https://yoast.com/product/yoast-seo-wordpress/ -->
<title>Connect and Transform: Social Change through Digital Innovation - Fundació TIC Salut i Social</title>
<meta name="description" content="m4Social organitza una jornada amb federacions, aliances i administracions per avançar conjuntament en les principals línies del projecte" />
<meta name="robots" content="index, follow, max-snippet:-1, max-image-preview:large, max-video-preview:-1" />
<link rel="canonical" href="https://ticsalutsocial.atoom.space/en/event/connecta-i-transforma-canvis-socials-des-de-la-innovacio-digital/" />
<meta property="og:locale" content="en_US" />
<meta property="og:type" content="article" />
<meta property="og:title" content="Connect and Transform: Social Change through Digital Innovation - Fundació TIC Salut i Social" />
<meta property="og:description" content="m4Social organitza una jornada amb federacions, aliances i administracions per avançar conjuntament en les principals línies del projecte" />
<meta property="og:url" content="https://ticsalutsocial.atoom.space/en/event/connecta-i-transforma-canvis-socials-des-de-la-innovacio-digital/" />
<meta property="og:site_name" content="Fundació TIC Salut i Social" />
<meta property="article:modified_time" content="2025-09-29T11:19:01+00:00" />
<meta name="twitter:card" content="summary_large_image" />
<meta name="twitter:label1" content="Est. reading time" />
	<meta name="twitter:data1" content="1 minute" />
<script type="application/ld+json" class="yoast-schema-graph">{"@context":"https://schema.org","@graph":[{"@type":"WebPage","@id":"https://ticsalutsocial.atoom.space/en/event/connecta-i-transforma-canvis-socials-des-de-la-innovacio-digital/","url":"https://ticsalutsocial.atoom.space/en/event/connecta-i-transforma-canvis-socials-des-de-la-innovacio-digital/","name":"Connect and Transform: Social Change through Digital Innovation - Fundació TIC Salut i Social","isPartOf":{"@id":"https://ticsalutsocial.atoom.space/en/#website"},"datePublished":"2025-09-29T11:10:33+00:00","dateModified":"2025-09-29T11:19:01+00:00","description":"m4Social organitza una jornada amb federacions, aliances i administracions per avançar conjuntament en les principals línies del projecte","breadcrumb":{"@id":"https://ticsalutsocial.atoom.space/en/event/connecta-i-transforma-canvis-socials-des-de-la-innovacio-digital/#breadcrumb"},"inLanguage":"en-US","potentialAction":[{"@type":"ReadAction","target":["https://ticsalutsocial.atoom.space/en/event/connecta-i-transforma-canvis-socials-des-de-la-innovacio-digital/"]}]},{"@type":"BreadcrumbList","@id":"https://ticsalutsocial.atoom.space/en/event/connecta-i-transforma-canvis-socials-des-de-la-innovacio-digital/#breadcrumb","itemListElement":[{"@type":"ListItem","position":1,"name":"Inici","item":"https://ticsalutsocial.atoom.space/en/"},{"@type":"ListItem","position":2,"name":"Connect and Transform: Social Change through Digital Innovation"}]},{"@type":"WebSite","@id":"https://ticsalutsocial.atoom.space/en/#website","url":"https://ticsalutsocial.atoom.space/en/","name":"Fundació TIC Salut i Social","description":"","potentialAction":[{"@type":"SearchAction","target":{"@type":"EntryPoint","urlTemplate":"https://ticsalutsocial.atoom.space/en/?s={search_term_string}"},"query-input":{"@type":"PropertyValueSpecification","valueRequired":true,"valueName":"search_term_string"}}],"inLanguage":"en-US"}]}</script>
<!-- / Yoast SEO plugin. -->

Connect and Transform: Social Change through Digital Innovation - Fundació TIC Salut i Social

m4Social organitza una jornada amb federacions, aliances i administracions per avançar conjuntament en les principals línies del projecte

Fundació TIC Salut i Social
