
{"id":33814,"date":"2025-10-06T13:55:40","date_gmt":"2025-10-06T11:55:40","guid":{"rendered":"https:\/\/ticsalutsocial.atoom.space\/event\/xxxii-jornadas-nacionales-de-innovacion-y-salud-en-andalucia\/"},"modified":"2025-10-06T14:05:18","modified_gmt":"2025-10-06T12:05:18","slug":"xxxii-jornadas-nacionales-de-innovacion-y-salud-en-andalucia","status":"publish","type":"event","link":"https:\/\/ticsalutsocial.atoom.space\/en\/event\/xxxii-jornadas-nacionales-de-innovacion-y-salud-en-andalucia\/","title":{"rendered":"XXXII Jornadas Nacionales de Innovaci\u00f3n y Salud en Andaluc\u00eda"},"content":{"rendered":"\n<p>The <strong>32nd National Conference on Innovation and Health in Andalusia (JISA2025)<\/strong>, organised by SEIS under the theme <em>\u201cHealthy Relationships\u201d<\/em>, promotes a collective reflection exercise throughout the year around <strong>16 key challenges<\/strong> in health innovation. Using the <em>Socratic method<\/em>, the initiative seeks concrete and feasible actions to move towards a new, more collaborative and technological health model.<\/p>\n\n\n\n<p>The programme includes <strong>plenary sessions<\/strong>, <strong>workshops<\/strong>, and a <strong>round table<\/strong>, addressing topics such as genomic medicine, artificial intelligence, federated health data, personalised healthcare services, and shared governance. <strong>Scientific societies, healthcare institutions, and public organisations<\/strong> committed to digital transformation and health system improvement will take part.<\/p>\n\n\n\n<p>The Head of Personalised Health Care at TIC Salut i Social Foundation, <strong>N\u00faria Abd\u00f3n<\/strong>, will participate in the workshop <em>\u201cPersonalisation of Health Services\u201d<\/em> on <strong>23 October at 12:00 p.m.<\/strong><\/p>\n\n\n\n<p><a href=\"https:\/\/seis.es\/xxxii-jornadas-andalucia\/\" target=\"_blank\" rel=\"noreferrer noopener\">More information<\/a><\/p>\n\n\n\n<p><\/p>\n","protected":false},"featured_media":33812,"menu_order":0,"template":"","meta":{"_acf_changed":false,"inline_featured_image":false},"tipus":[1173],"topic":[116],"class_list":["post-33814","event","type-event","status-publish","has-post-thumbnail","hentry","tipus-atencio-digital-personalitzada-en","topic-events"],"acf":{"imatge":33812,"informacio":{"ubicacio":"Hotel Melia Sol Principe, Torremolinos","data":"22\/10\/2025","hora":"","preu":"","inscripcions":"https:\/\/seis.es\/xxxii-jornadas-andalucia\/"},"programa":{"titol":"","items":false},"documents":false},"yoast_head":"<!-- This site is optimized with the Yoast SEO plugin v27.1.1 - https:\/\/yoast.com\/product\/yoast-seo-wordpress\/ -->\n<title>XXXII Jornadas Nacionales de Innovaci\u00f3n y Salud en Andaluc\u00eda - Fundaci\u00f3 TIC Salut i Social<\/title>\n<meta name=\"robots\" content=\"index, follow, max-snippet:-1, max-image-preview:large, max-video-preview:-1\" \/>\n<link rel=\"canonical\" href=\"https:\/\/ticsalutsocial.atoom.space\/en\/event\/xxxii-jornadas-nacionales-de-innovacion-y-salud-en-andalucia\/\" \/>\n<meta property=\"og:locale\" content=\"en_US\" \/>\n<meta property=\"og:type\" content=\"article\" \/>\n<meta property=\"og:title\" content=\"XXXII Jornadas Nacionales de Innovaci\u00f3n y Salud en Andaluc\u00eda - Fundaci\u00f3 TIC Salut i Social\" \/>\n<meta property=\"og:description\" content=\"The 32nd National Conference on Innovation and Health in Andalusia (JISA2025), organised by SEIS under the theme \u201cHealthy Relationships\u201d, promotes a collective reflection exercise throughout the year around 16 key challenges in health innovation. Using the Socratic method, the initiative seeks concrete and feasible actions to move towards a new, more collaborative and technological health [&hellip;]\" \/>\n<meta property=\"og:url\" content=\"https:\/\/ticsalutsocial.atoom.space\/en\/event\/xxxii-jornadas-nacionales-de-innovacion-y-salud-en-andalucia\/\" \/>\n<meta property=\"og:site_name\" content=\"Fundaci\u00f3 TIC Salut i Social\" \/>\n<meta property=\"article:modified_time\" content=\"2025-10-06T12:05:18+00:00\" \/>\n<meta property=\"og:image\" content=\"https:\/\/ticsalutsocial.atoom.space\/wp-content\/uploads\/2025\/10\/Jornadas-innovacion-SEIS-Andalucia.png\" \/>\n\t<meta property=\"og:image:width\" content=\"1100\" \/>\n\t<meta property=\"og:image:height\" content=\"716\" \/>\n\t<meta property=\"og:image:type\" content=\"image\/png\" \/>\n<meta name=\"twitter:card\" content=\"summary_large_image\" \/>\n<meta name=\"twitter:label1\" content=\"Est. reading time\" \/>\n\t<meta name=\"twitter:data1\" content=\"1 minute\" \/>\n<script type=\"application\/ld+json\" class=\"yoast-schema-graph\">{\"@context\":\"https:\/\/schema.org\",\"@graph\":[{\"@type\":\"WebPage\",\"@id\":\"https:\/\/ticsalutsocial.atoom.space\/en\/event\/xxxii-jornadas-nacionales-de-innovacion-y-salud-en-andalucia\/\",\"url\":\"https:\/\/ticsalutsocial.atoom.space\/en\/event\/xxxii-jornadas-nacionales-de-innovacion-y-salud-en-andalucia\/\",\"name\":\"XXXII Jornadas Nacionales de Innovaci\u00f3n y Salud en Andaluc\u00eda - Fundaci\u00f3 TIC Salut i Social\",\"isPartOf\":{\"@id\":\"https:\/\/ticsalutsocial.atoom.space\/en\/#website\"},\"primaryImageOfPage\":{\"@id\":\"https:\/\/ticsalutsocial.atoom.space\/en\/event\/xxxii-jornadas-nacionales-de-innovacion-y-salud-en-andalucia\/#primaryimage\"},\"image\":{\"@id\":\"https:\/\/ticsalutsocial.atoom.space\/en\/event\/xxxii-jornadas-nacionales-de-innovacion-y-salud-en-andalucia\/#primaryimage\"},\"thumbnailUrl\":\"https:\/\/ticsalutsocial.atoom.space\/wp-content\/uploads\/2025\/10\/Jornadas-innovacion-SEIS-Andalucia.png\",\"datePublished\":\"2025-10-06T11:55:40+00:00\",\"dateModified\":\"2025-10-06T12:05:18+00:00\",\"breadcrumb\":{\"@id\":\"https:\/\/ticsalutsocial.atoom.space\/en\/event\/xxxii-jornadas-nacionales-de-innovacion-y-salud-en-andalucia\/#breadcrumb\"},\"inLanguage\":\"en-US\",\"potentialAction\":[{\"@type\":\"ReadAction\",\"target\":[\"https:\/\/ticsalutsocial.atoom.space\/en\/event\/xxxii-jornadas-nacionales-de-innovacion-y-salud-en-andalucia\/\"]}]},{\"@type\":\"ImageObject\",\"inLanguage\":\"en-US\",\"@id\":\"https:\/\/ticsalutsocial.atoom.space\/en\/event\/xxxii-jornadas-nacionales-de-innovacion-y-salud-en-andalucia\/#primaryimage\",\"url\":\"https:\/\/ticsalutsocial.atoom.space\/wp-content\/uploads\/2025\/10\/Jornadas-innovacion-SEIS-Andalucia.png\",\"contentUrl\":\"https:\/\/ticsalutsocial.atoom.space\/wp-content\/uploads\/2025\/10\/Jornadas-innovacion-SEIS-Andalucia.png\",\"width\":1100,\"height\":716,\"caption\":\"Jornadas innovacio\u0301n SEIS Andaluci\u0301a\"},{\"@type\":\"BreadcrumbList\",\"@id\":\"https:\/\/ticsalutsocial.atoom.space\/en\/event\/xxxii-jornadas-nacionales-de-innovacion-y-salud-en-andalucia\/#breadcrumb\",\"itemListElement\":[{\"@type\":\"ListItem\",\"position\":1,\"name\":\"Inici\",\"item\":\"https:\/\/ticsalutsocial.atoom.space\/en\/\"},{\"@type\":\"ListItem\",\"position\":2,\"name\":\"XXXII Jornadas Nacionales de Innovaci\u00f3n y Salud en Andaluc\u00eda\"}]},{\"@type\":\"WebSite\",\"@id\":\"https:\/\/ticsalutsocial.atoom.space\/en\/#website\",\"url\":\"https:\/\/ticsalutsocial.atoom.space\/en\/\",\"name\":\"Fundaci\u00f3 TIC Salut i Social\",\"description\":\"\",\"potentialAction\":[{\"@type\":\"SearchAction\",\"target\":{\"@type\":\"EntryPoint\",\"urlTemplate\":\"https:\/\/ticsalutsocial.atoom.space\/en\/?s={search_term_string}\"},\"query-input\":{\"@type\":\"PropertyValueSpecification\",\"valueRequired\":true,\"valueName\":\"search_term_string\"}}],\"inLanguage\":\"en-US\"}]}<\/script>\n<!-- \/ Yoast SEO plugin. -->","yoast_head_json":{"title":"XXXII Jornadas Nacionales de Innovaci\u00f3n y Salud en Andaluc\u00eda - Fundaci\u00f3 TIC Salut i Social","robots":{"index":"index","follow":"follow","max-snippet":"max-snippet:-1","max-image-preview":"max-image-preview:large","max-video-preview":"max-video-preview:-1"},"canonical":"https:\/\/ticsalutsocial.atoom.space\/en\/event\/xxxii-jornadas-nacionales-de-innovacion-y-salud-en-andalucia\/","og_locale":"en_US","og_type":"article","og_title":"XXXII Jornadas Nacionales de Innovaci\u00f3n y Salud en Andaluc\u00eda - Fundaci\u00f3 TIC Salut i Social","og_description":"The 32nd National Conference on Innovation and Health in Andalusia (JISA2025), organised by SEIS under the theme \u201cHealthy Relationships\u201d, promotes a collective reflection exercise throughout the year around 16 key challenges in health innovation. Using the Socratic method, the initiative seeks concrete and feasible actions to move towards a new, more collaborative and technological health [&hellip;]","og_url":"https:\/\/ticsalutsocial.atoom.space\/en\/event\/xxxii-jornadas-nacionales-de-innovacion-y-salud-en-andalucia\/","og_site_name":"Fundaci\u00f3 TIC Salut i Social","article_modified_time":"2025-10-06T12:05:18+00:00","og_image":[{"width":1100,"height":716,"url":"https:\/\/ticsalutsocial.atoom.space\/wp-content\/uploads\/2025\/10\/Jornadas-innovacion-SEIS-Andalucia.png","type":"image\/png"}],"twitter_card":"summary_large_image","twitter_misc":{"Est. reading time":"1 minute"},"schema":{"@context":"https:\/\/schema.org","@graph":[{"@type":"WebPage","@id":"https:\/\/ticsalutsocial.atoom.space\/en\/event\/xxxii-jornadas-nacionales-de-innovacion-y-salud-en-andalucia\/","url":"https:\/\/ticsalutsocial.atoom.space\/en\/event\/xxxii-jornadas-nacionales-de-innovacion-y-salud-en-andalucia\/","name":"XXXII Jornadas Nacionales de Innovaci\u00f3n y Salud en Andaluc\u00eda - Fundaci\u00f3 TIC Salut i Social","isPartOf":{"@id":"https:\/\/ticsalutsocial.atoom.space\/en\/#website"},"primaryImageOfPage":{"@id":"https:\/\/ticsalutsocial.atoom.space\/en\/event\/xxxii-jornadas-nacionales-de-innovacion-y-salud-en-andalucia\/#primaryimage"},"image":{"@id":"https:\/\/ticsalutsocial.atoom.space\/en\/event\/xxxii-jornadas-nacionales-de-innovacion-y-salud-en-andalucia\/#primaryimage"},"thumbnailUrl":"https:\/\/ticsalutsocial.atoom.space\/wp-content\/uploads\/2025\/10\/Jornadas-innovacion-SEIS-Andalucia.png","datePublished":"2025-10-06T11:55:40+00:00","dateModified":"2025-10-06T12:05:18+00:00","breadcrumb":{"@id":"https:\/\/ticsalutsocial.atoom.space\/en\/event\/xxxii-jornadas-nacionales-de-innovacion-y-salud-en-andalucia\/#breadcrumb"},"inLanguage":"en-US","potentialAction":[{"@type":"ReadAction","target":["https:\/\/ticsalutsocial.atoom.space\/en\/event\/xxxii-jornadas-nacionales-de-innovacion-y-salud-en-andalucia\/"]}]},{"@type":"ImageObject","inLanguage":"en-US","@id":"https:\/\/ticsalutsocial.atoom.space\/en\/event\/xxxii-jornadas-nacionales-de-innovacion-y-salud-en-andalucia\/#primaryimage","url":"https:\/\/ticsalutsocial.atoom.space\/wp-content\/uploads\/2025\/10\/Jornadas-innovacion-SEIS-Andalucia.png","contentUrl":"https:\/\/ticsalutsocial.atoom.space\/wp-content\/uploads\/2025\/10\/Jornadas-innovacion-SEIS-Andalucia.png","width":1100,"height":716,"caption":"Jornadas innovacio\u0301n SEIS Andaluci\u0301a"},{"@type":"BreadcrumbList","@id":"https:\/\/ticsalutsocial.atoom.space\/en\/event\/xxxii-jornadas-nacionales-de-innovacion-y-salud-en-andalucia\/#breadcrumb","itemListElement":[{"@type":"ListItem","position":1,"name":"Inici","item":"https:\/\/ticsalutsocial.atoom.space\/en\/"},{"@type":"ListItem","position":2,"name":"XXXII Jornadas Nacionales de Innovaci\u00f3n y Salud en Andaluc\u00eda"}]},{"@type":"WebSite","@id":"https:\/\/ticsalutsocial.atoom.space\/en\/#website","url":"https:\/\/ticsalutsocial.atoom.space\/en\/","name":"Fundaci\u00f3 TIC Salut i Social","description":"","potentialAction":[{"@type":"SearchAction","target":{"@type":"EntryPoint","urlTemplate":"https:\/\/ticsalutsocial.atoom.space\/en\/?s={search_term_string}"},"query-input":{"@type":"PropertyValueSpecification","valueRequired":true,"valueName":"search_term_string"}}],"inLanguage":"en-US"}]}},"_links":{"self":[{"href":"https:\/\/ticsalutsocial.atoom.space\/en\/wp-json\/wp\/v2\/event\/33814","targetHints":{"allow":["GET"]}}],"collection":[{"href":"https:\/\/ticsalutsocial.atoom.space\/en\/wp-json\/wp\/v2\/event"}],"about":[{"href":"https:\/\/ticsalutsocial.atoom.space\/en\/wp-json\/wp\/v2\/types\/event"}],"wp:featuredmedia":[{"embeddable":true,"href":"https:\/\/ticsalutsocial.atoom.space\/en\/wp-json\/wp\/v2\/media\/33812"}],"wp:attachment":[{"href":"https:\/\/ticsalutsocial.atoom.space\/en\/wp-json\/wp\/v2\/media?parent=33814"}],"wp:term":[{"taxonomy":"tipus","embeddable":true,"href":"https:\/\/ticsalutsocial.atoom.space\/en\/wp-json\/wp\/v2\/tipus?post=33814"},{"taxonomy":"topic","embeddable":true,"href":"https:\/\/ticsalutsocial.atoom.space\/en\/wp-json\/wp\/v2\/topic?post=33814"}],"curies":[{"name":"wp","href":"https:\/\/api.w.org\/{rel}","templated":true}]}}

XXXII Jornadas Nacionales de Innovación y Salud en Andalucía

<p>The <strong>32nd National Conference on Innovation and Health in Andalusia (JISA2025)</strong>, organised by SEIS under the theme <em>“Healthy Relationships”</em>, promotes a collective reflection exercise throughout the year around <strong>16 key challenges</strong> in health innovation. Using the <em>Socratic method</em>, the initiative seeks concrete and feasible actions to move towards a new, more collaborative and technological health model.</p>



<p>The programme includes <strong>plenary sessions</strong>, <strong>workshops</strong>, and a <strong>round table</strong>, addressing topics such as genomic medicine, artificial intelligence, federated health data, personalised healthcare services, and shared governance. <strong>Scientific societies, healthcare institutions, and public organisations</strong> committed to digital transformation and health system improvement will take part.</p>



<p>The Head of Personalised Health Care at TIC Salut i Social Foundation, <strong>Núria Abdón</strong>, will participate in the workshop <em>“Personalisation of Health Services”</em> on <strong>23 October at 12:00 p.m.</strong></p>



<p><a href="https://seis.es/xxxii-jornadas-andalucia/" target="_blank" rel="noreferrer noopener">More information</a></p>



<p></p>

<!-- This site is optimized with the Yoast SEO plugin v27.1.1 - https://yoast.com/product/yoast-seo-wordpress/ -->
<title>XXXII Jornadas Nacionales de Innovación y Salud en Andalucía - Fundació TIC Salut i Social</title>
<meta name="robots" content="index, follow, max-snippet:-1, max-image-preview:large, max-video-preview:-1" />
<link rel="canonical" href="https://ticsalutsocial.atoom.space/en/event/xxxii-jornadas-nacionales-de-innovacion-y-salud-en-andalucia/" />
<meta property="og:locale" content="en_US" />
<meta property="og:type" content="article" />
<meta property="og:title" content="XXXII Jornadas Nacionales de Innovación y Salud en Andalucía - Fundació TIC Salut i Social" />
<meta property="og:description" content="The 32nd National Conference on Innovation and Health in Andalusia (JISA2025), organised by SEIS under the theme “Healthy Relationships”, promotes a collective reflection exercise throughout the year around 16 key challenges in health innovation. Using the Socratic method, the initiative seeks concrete and feasible actions to move towards a new, more collaborative and technological health [&hellip;]" />
<meta property="og:url" content="https://ticsalutsocial.atoom.space/en/event/xxxii-jornadas-nacionales-de-innovacion-y-salud-en-andalucia/" />
<meta property="og:site_name" content="Fundació TIC Salut i Social" />
<meta property="article:modified_time" content="2025-10-06T12:05:18+00:00" />
<meta property="og:image" content="https://ticsalutsocial.atoom.space/wp-content/uploads/2025/10/Jornadas-innovacion-SEIS-Andalucia.png" />
	<meta property="og:image:width" content="1100" />
	<meta property="og:image:height" content="716" />
	<meta property="og:image:type" content="image/png" />
<meta name="twitter:card" content="summary_large_image" />
<meta name="twitter:label1" content="Est. reading time" />
	<meta name="twitter:data1" content="1 minute" />
<script type="application/ld+json" class="yoast-schema-graph">{"@context":"https://schema.org","@graph":[{"@type":"WebPage","@id":"https://ticsalutsocial.atoom.space/en/event/xxxii-jornadas-nacionales-de-innovacion-y-salud-en-andalucia/","url":"https://ticsalutsocial.atoom.space/en/event/xxxii-jornadas-nacionales-de-innovacion-y-salud-en-andalucia/","name":"XXXII Jornadas Nacionales de Innovación y Salud en Andalucía - Fundació TIC Salut i Social","isPartOf":{"@id":"https://ticsalutsocial.atoom.space/en/#website"},"primaryImageOfPage":{"@id":"https://ticsalutsocial.atoom.space/en/event/xxxii-jornadas-nacionales-de-innovacion-y-salud-en-andalucia/#primaryimage"},"image":{"@id":"https://ticsalutsocial.atoom.space/en/event/xxxii-jornadas-nacionales-de-innovacion-y-salud-en-andalucia/#primaryimage"},"thumbnailUrl":"https://ticsalutsocial.atoom.space/wp-content/uploads/2025/10/Jornadas-innovacion-SEIS-Andalucia.png","datePublished":"2025-10-06T11:55:40+00:00","dateModified":"2025-10-06T12:05:18+00:00","breadcrumb":{"@id":"https://ticsalutsocial.atoom.space/en/event/xxxii-jornadas-nacionales-de-innovacion-y-salud-en-andalucia/#breadcrumb"},"inLanguage":"en-US","potentialAction":[{"@type":"ReadAction","target":["https://ticsalutsocial.atoom.space/en/event/xxxii-jornadas-nacionales-de-innovacion-y-salud-en-andalucia/"]}]},{"@type":"ImageObject","inLanguage":"en-US","@id":"https://ticsalutsocial.atoom.space/en/event/xxxii-jornadas-nacionales-de-innovacion-y-salud-en-andalucia/#primaryimage","url":"https://ticsalutsocial.atoom.space/wp-content/uploads/2025/10/Jornadas-innovacion-SEIS-Andalucia.png","contentUrl":"https://ticsalutsocial.atoom.space/wp-content/uploads/2025/10/Jornadas-innovacion-SEIS-Andalucia.png","width":1100,"height":716,"caption":"Jornadas innovación SEIS Andalucía"},{"@type":"BreadcrumbList","@id":"https://ticsalutsocial.atoom.space/en/event/xxxii-jornadas-nacionales-de-innovacion-y-salud-en-andalucia/#breadcrumb","itemListElement":[{"@type":"ListItem","position":1,"name":"Inici","item":"https://ticsalutsocial.atoom.space/en/"},{"@type":"ListItem","position":2,"name":"XXXII Jornadas Nacionales de Innovación y Salud en Andalucía"}]},{"@type":"WebSite","@id":"https://ticsalutsocial.atoom.space/en/#website","url":"https://ticsalutsocial.atoom.space/en/","name":"Fundació TIC Salut i Social","description":"","potentialAction":[{"@type":"SearchAction","target":{"@type":"EntryPoint","urlTemplate":"https://ticsalutsocial.atoom.space/en/?s={search_term_string}"},"query-input":{"@type":"PropertyValueSpecification","valueRequired":true,"valueName":"search_term_string"}}],"inLanguage":"en-US"}]}</script>
<!-- / Yoast SEO plugin. -->

XXXII Jornadas Nacionales de Innovación y Salud en Andalucía - Fundació TIC Salut i Social

Fundació TIC Salut i Social
