
{"id":34194,"date":"2025-11-06T14:54:46","date_gmt":"2025-11-06T12:54:46","guid":{"rendered":"https:\/\/ticsalutsocial.atoom.space\/event\/plenari-tic-de-la-unio-la-intelligencia-artificial-i-la-ciberseguretat-accions-sistemiques-i-operatives\/"},"modified":"2025-11-06T14:59:32","modified_gmt":"2025-11-06T12:59:32","slug":"plenari-tic-de-la-unio-la-intelligencia-artificial-i-la-ciberseguretat-accions-sistemiques-i-operatives","status":"publish","type":"event","link":"https:\/\/ticsalutsocial.atoom.space\/en\/event\/plenari-tic-de-la-unio-la-intelligencia-artificial-i-la-ciberseguretat-accions-sistemiques-i-operatives\/","title":{"rendered":"TIC Plenary of La Uni\u00f3. AI and cybersecurity: systemic and operational actions"},"content":{"rendered":"\n<p>The TIC Advisory Technical Council of La Uni\u00f3 is convening a Plenary Session, which will consist of two distinct parts, aimed at reviewing the systemic and operational actions being implemented in the fields of Artificial Intelligence (AI) and cybersecurity.<\/p>\n\n\n\n<p>The first part of the session will focus on the systemic vision of AI, featuring use cases from organisations associated with La Uni\u00f3. The Director of the TIC Salut i Social Foundation,&nbsp;<strong>Joan Guanyabens,<\/strong>&nbsp;will deliver a keynote speech on the use of AI in the health and social sectors, and the Head of AI at the TIC Salut i Social Foundation,&nbsp;<strong>Antoni Berenguer<\/strong>, will present the AI in Health Observatory.<\/p>\n\n\n\n<p>The second part of the session will briefly review the current state of the cybersecurity model from a systemic perspective, and will introduce the new Cybersecurity Technical Office of the Uni\u00f3 Foundation, established in collaboration with Say\u00f3s i Carrera.<\/p>\n\n\n\n<p><a href=\"https:\/\/www.uch.cat\/comunicacio\/activitats-101\/la-intelligencia-artificial-i-la-ciberseguretat-accions-sistemiques-i-operatives-100.html\" target=\"_blank\" rel=\"noreferrer noopener\">Click here for more information and registration.<\/a><\/p>\n","protected":false},"featured_media":34192,"menu_order":0,"template":"","meta":{"_acf_changed":false,"inline_featured_image":false},"tipus":[719],"topic":[116],"class_list":["post-34194","event","type-event","status-publish","has-post-thumbnail","hentry","tipus-artificial-intelligence","topic-events"],"acf":{"imatge":34192,"informacio":{"ubicacio":"Online","data":"25\/11\/2025","hora":"9:00-11:00","preu":"","inscripcions":"https:\/\/www.uch.cat\/comunicacio\/activitats-101\/la-intelligencia-artificial-i-la-ciberseguretat-accions-sistemiques-i-operatives-100.html"},"programa":{"titol":"","items":false},"documents":false},"yoast_head":"<!-- This site is optimized with the Yoast SEO plugin v27.1.1 - https:\/\/yoast.com\/product\/yoast-seo-wordpress\/ -->\n<title>TIC Plenary of La Uni\u00f3. AI and cybersecurity: systemic and operational actions - Fundaci\u00f3 TIC Salut i Social<\/title>\n<meta name=\"robots\" content=\"index, follow, max-snippet:-1, max-image-preview:large, max-video-preview:-1\" \/>\n<link rel=\"canonical\" href=\"https:\/\/ticsalutsocial.atoom.space\/en\/event\/plenari-tic-de-la-unio-la-intelligencia-artificial-i-la-ciberseguretat-accions-sistemiques-i-operatives\/\" \/>\n<meta property=\"og:locale\" content=\"en_US\" \/>\n<meta property=\"og:type\" content=\"article\" \/>\n<meta property=\"og:title\" content=\"TIC Plenary of La Uni\u00f3. AI and cybersecurity: systemic and operational actions - Fundaci\u00f3 TIC Salut i Social\" \/>\n<meta property=\"og:description\" content=\"The TIC Advisory Technical Council of La Uni\u00f3 is convening a Plenary Session, which will consist of two distinct parts, aimed at reviewing the systemic and operational actions being implemented in the fields of Artificial Intelligence (AI) and cybersecurity. The first part of the session will focus on the systemic vision of AI, featuring use [&hellip;]\" \/>\n<meta property=\"og:url\" content=\"https:\/\/ticsalutsocial.atoom.space\/en\/event\/plenari-tic-de-la-unio-la-intelligencia-artificial-i-la-ciberseguretat-accions-sistemiques-i-operatives\/\" \/>\n<meta property=\"og:site_name\" content=\"Fundaci\u00f3 TIC Salut i Social\" \/>\n<meta property=\"article:modified_time\" content=\"2025-11-06T12:59:32+00:00\" \/>\n<meta property=\"og:image\" content=\"https:\/\/ticsalutsocial.atoom.space\/wp-content\/uploads\/2025\/11\/plenari-Unio.png\" \/>\n\t<meta property=\"og:image:width\" content=\"600\" \/>\n\t<meta property=\"og:image:height\" content=\"338\" \/>\n\t<meta property=\"og:image:type\" content=\"image\/png\" \/>\n<meta name=\"twitter:card\" content=\"summary_large_image\" \/>\n<meta name=\"twitter:label1\" content=\"Est. reading time\" \/>\n\t<meta name=\"twitter:data1\" content=\"2 minutes\" \/>\n<script type=\"application\/ld+json\" class=\"yoast-schema-graph\">{\"@context\":\"https:\/\/schema.org\",\"@graph\":[{\"@type\":\"WebPage\",\"@id\":\"https:\/\/ticsalutsocial.atoom.space\/en\/event\/plenari-tic-de-la-unio-la-intelligencia-artificial-i-la-ciberseguretat-accions-sistemiques-i-operatives\/\",\"url\":\"https:\/\/ticsalutsocial.atoom.space\/en\/event\/plenari-tic-de-la-unio-la-intelligencia-artificial-i-la-ciberseguretat-accions-sistemiques-i-operatives\/\",\"name\":\"TIC Plenary of La Uni\u00f3. AI and cybersecurity: systemic and operational actions - Fundaci\u00f3 TIC Salut i Social\",\"isPartOf\":{\"@id\":\"https:\/\/ticsalutsocial.atoom.space\/en\/#website\"},\"primaryImageOfPage\":{\"@id\":\"https:\/\/ticsalutsocial.atoom.space\/en\/event\/plenari-tic-de-la-unio-la-intelligencia-artificial-i-la-ciberseguretat-accions-sistemiques-i-operatives\/#primaryimage\"},\"image\":{\"@id\":\"https:\/\/ticsalutsocial.atoom.space\/en\/event\/plenari-tic-de-la-unio-la-intelligencia-artificial-i-la-ciberseguretat-accions-sistemiques-i-operatives\/#primaryimage\"},\"thumbnailUrl\":\"https:\/\/ticsalutsocial.atoom.space\/wp-content\/uploads\/2025\/11\/plenari-Unio.png\",\"datePublished\":\"2025-11-06T12:54:46+00:00\",\"dateModified\":\"2025-11-06T12:59:32+00:00\",\"breadcrumb\":{\"@id\":\"https:\/\/ticsalutsocial.atoom.space\/en\/event\/plenari-tic-de-la-unio-la-intelligencia-artificial-i-la-ciberseguretat-accions-sistemiques-i-operatives\/#breadcrumb\"},\"inLanguage\":\"en-US\",\"potentialAction\":[{\"@type\":\"ReadAction\",\"target\":[\"https:\/\/ticsalutsocial.atoom.space\/en\/event\/plenari-tic-de-la-unio-la-intelligencia-artificial-i-la-ciberseguretat-accions-sistemiques-i-operatives\/\"]}]},{\"@type\":\"ImageObject\",\"inLanguage\":\"en-US\",\"@id\":\"https:\/\/ticsalutsocial.atoom.space\/en\/event\/plenari-tic-de-la-unio-la-intelligencia-artificial-i-la-ciberseguretat-accions-sistemiques-i-operatives\/#primaryimage\",\"url\":\"https:\/\/ticsalutsocial.atoom.space\/wp-content\/uploads\/2025\/11\/plenari-Unio.png\",\"contentUrl\":\"https:\/\/ticsalutsocial.atoom.space\/wp-content\/uploads\/2025\/11\/plenari-Unio.png\",\"width\":600,\"height\":338},{\"@type\":\"BreadcrumbList\",\"@id\":\"https:\/\/ticsalutsocial.atoom.space\/en\/event\/plenari-tic-de-la-unio-la-intelligencia-artificial-i-la-ciberseguretat-accions-sistemiques-i-operatives\/#breadcrumb\",\"itemListElement\":[{\"@type\":\"ListItem\",\"position\":1,\"name\":\"Inici\",\"item\":\"https:\/\/ticsalutsocial.atoom.space\/en\/\"},{\"@type\":\"ListItem\",\"position\":2,\"name\":\"TIC Plenary of La Uni\u00f3. AI and cybersecurity: systemic and operational actions\"}]},{\"@type\":\"WebSite\",\"@id\":\"https:\/\/ticsalutsocial.atoom.space\/en\/#website\",\"url\":\"https:\/\/ticsalutsocial.atoom.space\/en\/\",\"name\":\"Fundaci\u00f3 TIC Salut i Social\",\"description\":\"\",\"potentialAction\":[{\"@type\":\"SearchAction\",\"target\":{\"@type\":\"EntryPoint\",\"urlTemplate\":\"https:\/\/ticsalutsocial.atoom.space\/en\/?s={search_term_string}\"},\"query-input\":{\"@type\":\"PropertyValueSpecification\",\"valueRequired\":true,\"valueName\":\"search_term_string\"}}],\"inLanguage\":\"en-US\"}]}<\/script>\n<!-- \/ Yoast SEO plugin. -->","yoast_head_json":{"title":"TIC Plenary of La Uni\u00f3. AI and cybersecurity: systemic and operational actions - Fundaci\u00f3 TIC Salut i Social","robots":{"index":"index","follow":"follow","max-snippet":"max-snippet:-1","max-image-preview":"max-image-preview:large","max-video-preview":"max-video-preview:-1"},"canonical":"https:\/\/ticsalutsocial.atoom.space\/en\/event\/plenari-tic-de-la-unio-la-intelligencia-artificial-i-la-ciberseguretat-accions-sistemiques-i-operatives\/","og_locale":"en_US","og_type":"article","og_title":"TIC Plenary of La Uni\u00f3. AI and cybersecurity: systemic and operational actions - Fundaci\u00f3 TIC Salut i Social","og_description":"The TIC Advisory Technical Council of La Uni\u00f3 is convening a Plenary Session, which will consist of two distinct parts, aimed at reviewing the systemic and operational actions being implemented in the fields of Artificial Intelligence (AI) and cybersecurity. The first part of the session will focus on the systemic vision of AI, featuring use [&hellip;]","og_url":"https:\/\/ticsalutsocial.atoom.space\/en\/event\/plenari-tic-de-la-unio-la-intelligencia-artificial-i-la-ciberseguretat-accions-sistemiques-i-operatives\/","og_site_name":"Fundaci\u00f3 TIC Salut i Social","article_modified_time":"2025-11-06T12:59:32+00:00","og_image":[{"width":600,"height":338,"url":"https:\/\/ticsalutsocial.atoom.space\/wp-content\/uploads\/2025\/11\/plenari-Unio.png","type":"image\/png"}],"twitter_card":"summary_large_image","twitter_misc":{"Est. reading time":"2 minutes"},"schema":{"@context":"https:\/\/schema.org","@graph":[{"@type":"WebPage","@id":"https:\/\/ticsalutsocial.atoom.space\/en\/event\/plenari-tic-de-la-unio-la-intelligencia-artificial-i-la-ciberseguretat-accions-sistemiques-i-operatives\/","url":"https:\/\/ticsalutsocial.atoom.space\/en\/event\/plenari-tic-de-la-unio-la-intelligencia-artificial-i-la-ciberseguretat-accions-sistemiques-i-operatives\/","name":"TIC Plenary of La Uni\u00f3. AI and cybersecurity: systemic and operational actions - Fundaci\u00f3 TIC Salut i Social","isPartOf":{"@id":"https:\/\/ticsalutsocial.atoom.space\/en\/#website"},"primaryImageOfPage":{"@id":"https:\/\/ticsalutsocial.atoom.space\/en\/event\/plenari-tic-de-la-unio-la-intelligencia-artificial-i-la-ciberseguretat-accions-sistemiques-i-operatives\/#primaryimage"},"image":{"@id":"https:\/\/ticsalutsocial.atoom.space\/en\/event\/plenari-tic-de-la-unio-la-intelligencia-artificial-i-la-ciberseguretat-accions-sistemiques-i-operatives\/#primaryimage"},"thumbnailUrl":"https:\/\/ticsalutsocial.atoom.space\/wp-content\/uploads\/2025\/11\/plenari-Unio.png","datePublished":"2025-11-06T12:54:46+00:00","dateModified":"2025-11-06T12:59:32+00:00","breadcrumb":{"@id":"https:\/\/ticsalutsocial.atoom.space\/en\/event\/plenari-tic-de-la-unio-la-intelligencia-artificial-i-la-ciberseguretat-accions-sistemiques-i-operatives\/#breadcrumb"},"inLanguage":"en-US","potentialAction":[{"@type":"ReadAction","target":["https:\/\/ticsalutsocial.atoom.space\/en\/event\/plenari-tic-de-la-unio-la-intelligencia-artificial-i-la-ciberseguretat-accions-sistemiques-i-operatives\/"]}]},{"@type":"ImageObject","inLanguage":"en-US","@id":"https:\/\/ticsalutsocial.atoom.space\/en\/event\/plenari-tic-de-la-unio-la-intelligencia-artificial-i-la-ciberseguretat-accions-sistemiques-i-operatives\/#primaryimage","url":"https:\/\/ticsalutsocial.atoom.space\/wp-content\/uploads\/2025\/11\/plenari-Unio.png","contentUrl":"https:\/\/ticsalutsocial.atoom.space\/wp-content\/uploads\/2025\/11\/plenari-Unio.png","width":600,"height":338},{"@type":"BreadcrumbList","@id":"https:\/\/ticsalutsocial.atoom.space\/en\/event\/plenari-tic-de-la-unio-la-intelligencia-artificial-i-la-ciberseguretat-accions-sistemiques-i-operatives\/#breadcrumb","itemListElement":[{"@type":"ListItem","position":1,"name":"Inici","item":"https:\/\/ticsalutsocial.atoom.space\/en\/"},{"@type":"ListItem","position":2,"name":"TIC Plenary of La Uni\u00f3. AI and cybersecurity: systemic and operational actions"}]},{"@type":"WebSite","@id":"https:\/\/ticsalutsocial.atoom.space\/en\/#website","url":"https:\/\/ticsalutsocial.atoom.space\/en\/","name":"Fundaci\u00f3 TIC Salut i Social","description":"","potentialAction":[{"@type":"SearchAction","target":{"@type":"EntryPoint","urlTemplate":"https:\/\/ticsalutsocial.atoom.space\/en\/?s={search_term_string}"},"query-input":{"@type":"PropertyValueSpecification","valueRequired":true,"valueName":"search_term_string"}}],"inLanguage":"en-US"}]}},"_links":{"self":[{"href":"https:\/\/ticsalutsocial.atoom.space\/en\/wp-json\/wp\/v2\/event\/34194","targetHints":{"allow":["GET"]}}],"collection":[{"href":"https:\/\/ticsalutsocial.atoom.space\/en\/wp-json\/wp\/v2\/event"}],"about":[{"href":"https:\/\/ticsalutsocial.atoom.space\/en\/wp-json\/wp\/v2\/types\/event"}],"wp:featuredmedia":[{"embeddable":true,"href":"https:\/\/ticsalutsocial.atoom.space\/en\/wp-json\/wp\/v2\/media\/34192"}],"wp:attachment":[{"href":"https:\/\/ticsalutsocial.atoom.space\/en\/wp-json\/wp\/v2\/media?parent=34194"}],"wp:term":[{"taxonomy":"tipus","embeddable":true,"href":"https:\/\/ticsalutsocial.atoom.space\/en\/wp-json\/wp\/v2\/tipus?post=34194"},{"taxonomy":"topic","embeddable":true,"href":"https:\/\/ticsalutsocial.atoom.space\/en\/wp-json\/wp\/v2\/topic?post=34194"}],"curies":[{"name":"wp","href":"https:\/\/api.w.org\/{rel}","templated":true}]}}

TIC Plenary of La Unió. AI and cybersecurity: systemic and operational actions

<p>The TIC Advisory Technical Council of La Unió is convening a Plenary Session, which will consist of two distinct parts, aimed at reviewing the systemic and operational actions being implemented in the fields of Artificial Intelligence (AI) and cybersecurity.</p>



<p>The first part of the session will focus on the systemic vision of AI, featuring use cases from organisations associated with La Unió. The Director of the TIC Salut i Social Foundation,&nbsp;<strong>Joan Guanyabens,</strong>&nbsp;will deliver a keynote speech on the use of AI in the health and social sectors, and the Head of AI at the TIC Salut i Social Foundation,&nbsp;<strong>Antoni Berenguer</strong>, will present the AI in Health Observatory.</p>



<p>The second part of the session will briefly review the current state of the cybersecurity model from a systemic perspective, and will introduce the new Cybersecurity Technical Office of the Unió Foundation, established in collaboration with Sayós i Carrera.</p>



<p><a href="https://www.uch.cat/comunicacio/activitats-101/la-intelligencia-artificial-i-la-ciberseguretat-accions-sistemiques-i-operatives-100.html" target="_blank" rel="noreferrer noopener">Click here for more information and registration.</a></p>

<!-- This site is optimized with the Yoast SEO plugin v27.1.1 - https://yoast.com/product/yoast-seo-wordpress/ -->
<title>TIC Plenary of La Unió. AI and cybersecurity: systemic and operational actions - Fundació TIC Salut i Social</title>
<meta name="robots" content="index, follow, max-snippet:-1, max-image-preview:large, max-video-preview:-1" />
<link rel="canonical" href="https://ticsalutsocial.atoom.space/en/event/plenari-tic-de-la-unio-la-intelligencia-artificial-i-la-ciberseguretat-accions-sistemiques-i-operatives/" />
<meta property="og:locale" content="en_US" />
<meta property="og:type" content="article" />
<meta property="og:title" content="TIC Plenary of La Unió. AI and cybersecurity: systemic and operational actions - Fundació TIC Salut i Social" />
<meta property="og:description" content="The TIC Advisory Technical Council of La Unió is convening a Plenary Session, which will consist of two distinct parts, aimed at reviewing the systemic and operational actions being implemented in the fields of Artificial Intelligence (AI) and cybersecurity. The first part of the session will focus on the systemic vision of AI, featuring use [&hellip;]" />
<meta property="og:url" content="https://ticsalutsocial.atoom.space/en/event/plenari-tic-de-la-unio-la-intelligencia-artificial-i-la-ciberseguretat-accions-sistemiques-i-operatives/" />
<meta property="og:site_name" content="Fundació TIC Salut i Social" />
<meta property="article:modified_time" content="2025-11-06T12:59:32+00:00" />
<meta property="og:image" content="https://ticsalutsocial.atoom.space/wp-content/uploads/2025/11/plenari-Unio.png" />
	<meta property="og:image:width" content="600" />
	<meta property="og:image:height" content="338" />
	<meta property="og:image:type" content="image/png" />
<meta name="twitter:card" content="summary_large_image" />
<meta name="twitter:label1" content="Est. reading time" />
	<meta name="twitter:data1" content="2 minutes" />
<script type="application/ld+json" class="yoast-schema-graph">{"@context":"https://schema.org","@graph":[{"@type":"WebPage","@id":"https://ticsalutsocial.atoom.space/en/event/plenari-tic-de-la-unio-la-intelligencia-artificial-i-la-ciberseguretat-accions-sistemiques-i-operatives/","url":"https://ticsalutsocial.atoom.space/en/event/plenari-tic-de-la-unio-la-intelligencia-artificial-i-la-ciberseguretat-accions-sistemiques-i-operatives/","name":"TIC Plenary of La Unió. AI and cybersecurity: systemic and operational actions - Fundació TIC Salut i Social","isPartOf":{"@id":"https://ticsalutsocial.atoom.space/en/#website"},"primaryImageOfPage":{"@id":"https://ticsalutsocial.atoom.space/en/event/plenari-tic-de-la-unio-la-intelligencia-artificial-i-la-ciberseguretat-accions-sistemiques-i-operatives/#primaryimage"},"image":{"@id":"https://ticsalutsocial.atoom.space/en/event/plenari-tic-de-la-unio-la-intelligencia-artificial-i-la-ciberseguretat-accions-sistemiques-i-operatives/#primaryimage"},"thumbnailUrl":"https://ticsalutsocial.atoom.space/wp-content/uploads/2025/11/plenari-Unio.png","datePublished":"2025-11-06T12:54:46+00:00","dateModified":"2025-11-06T12:59:32+00:00","breadcrumb":{"@id":"https://ticsalutsocial.atoom.space/en/event/plenari-tic-de-la-unio-la-intelligencia-artificial-i-la-ciberseguretat-accions-sistemiques-i-operatives/#breadcrumb"},"inLanguage":"en-US","potentialAction":[{"@type":"ReadAction","target":["https://ticsalutsocial.atoom.space/en/event/plenari-tic-de-la-unio-la-intelligencia-artificial-i-la-ciberseguretat-accions-sistemiques-i-operatives/"]}]},{"@type":"ImageObject","inLanguage":"en-US","@id":"https://ticsalutsocial.atoom.space/en/event/plenari-tic-de-la-unio-la-intelligencia-artificial-i-la-ciberseguretat-accions-sistemiques-i-operatives/#primaryimage","url":"https://ticsalutsocial.atoom.space/wp-content/uploads/2025/11/plenari-Unio.png","contentUrl":"https://ticsalutsocial.atoom.space/wp-content/uploads/2025/11/plenari-Unio.png","width":600,"height":338},{"@type":"BreadcrumbList","@id":"https://ticsalutsocial.atoom.space/en/event/plenari-tic-de-la-unio-la-intelligencia-artificial-i-la-ciberseguretat-accions-sistemiques-i-operatives/#breadcrumb","itemListElement":[{"@type":"ListItem","position":1,"name":"Inici","item":"https://ticsalutsocial.atoom.space/en/"},{"@type":"ListItem","position":2,"name":"TIC Plenary of La Unió. AI and cybersecurity: systemic and operational actions"}]},{"@type":"WebSite","@id":"https://ticsalutsocial.atoom.space/en/#website","url":"https://ticsalutsocial.atoom.space/en/","name":"Fundació TIC Salut i Social","description":"","potentialAction":[{"@type":"SearchAction","target":{"@type":"EntryPoint","urlTemplate":"https://ticsalutsocial.atoom.space/en/?s={search_term_string}"},"query-input":{"@type":"PropertyValueSpecification","valueRequired":true,"valueName":"search_term_string"}}],"inLanguage":"en-US"}]}</script>
<!-- / Yoast SEO plugin. -->

TIC Plenary of La Unió. AI and cybersecurity: systemic and operational actions - Fundació TIC Salut i Social

The TIC Advisory Technical Council of La Unió is convening a Plenary Session, which will consist of two distinct parts, aimed at reviewing the systemic and operational actions being implemented in the fields of Artificial Intelligence (AI) and cybersecurity. The first part of the session will focus on the systemic vision of AI, featuring use [&hellip;]

Fundació TIC Salut i Social
