
{"id":35242,"date":"2026-01-09T13:24:27","date_gmt":"2026-01-09T11:24:27","guid":{"rendered":"https:\/\/ticsalutsocial.atoom.space\/?post_type=event&#038;p=35242"},"modified":"2026-01-09T13:28:52","modified_gmt":"2026-01-09T11:28:52","slug":"how-is-a-health-service-managed-in-an-emergency-or-armed-conflict-situation","status":"publish","type":"event","link":"https:\/\/ticsalutsocial.atoom.space\/en\/event\/how-is-a-health-service-managed-in-an-emergency-or-armed-conflict-situation\/","title":{"rendered":"How is a health service managed in an emergency or armed conflict situation?"},"content":{"rendered":"","protected":false},"featured_media":0,"menu_order":0,"template":"","meta":{"_acf_changed":false,"inline_featured_image":false},"tipus":[],"topic":[],"class_list":["post-35242","event","type-event","status-publish","hentry"],"acf":{"informacio":{"ubicacio":"Acad\u00e8mia de Ci\u00e8ncies M\u00e8diques i de la Salut de Catalunya i Balears (C\/ Major de Can Caralleu, 7. Barcelona)","data":"21\/01\/2026","hora":"17:00h","preu":"","inscripcions":"https:\/\/docs.google.com\/forms\/d\/e\/1FAIpQLSemX0xpXl1zhAye6Fh9UL12iDY8nDE0LObejyrNtI3vvcvXPQ\/viewform"},"programa":{"titol":"","items":false},"imatge":35245,"documents":false},"yoast_head":"<!-- This site is optimized with the Yoast SEO plugin v27.1.1 - https:\/\/yoast.com\/product\/yoast-seo-wordpress\/ -->\n<title>How is a health service managed in an emergency or armed conflict situation? - Fundaci\u00f3 TIC Salut i Social<\/title>\n<meta name=\"robots\" content=\"index, follow, max-snippet:-1, max-image-preview:large, max-video-preview:-1\" \/>\n<link rel=\"canonical\" href=\"https:\/\/ticsalutsocial.atoom.space\/en\/event\/how-is-a-health-service-managed-in-an-emergency-or-armed-conflict-situation\/\" \/>\n<meta property=\"og:locale\" content=\"en_US\" \/>\n<meta property=\"og:type\" content=\"article\" \/>\n<meta property=\"og:title\" content=\"How is a health service managed in an emergency or armed conflict situation? - Fundaci\u00f3 TIC Salut i Social\" \/>\n<meta property=\"og:url\" content=\"https:\/\/ticsalutsocial.atoom.space\/en\/event\/how-is-a-health-service-managed-in-an-emergency-or-armed-conflict-situation\/\" \/>\n<meta property=\"og:site_name\" content=\"Fundaci\u00f3 TIC Salut i Social\" \/>\n<meta property=\"article:modified_time\" content=\"2026-01-09T11:28:52+00:00\" \/>\n<meta name=\"twitter:card\" content=\"summary_large_image\" \/>\n<script type=\"application\/ld+json\" class=\"yoast-schema-graph\">{\"@context\":\"https:\/\/schema.org\",\"@graph\":[{\"@type\":\"WebPage\",\"@id\":\"https:\/\/ticsalutsocial.atoom.space\/en\/event\/how-is-a-health-service-managed-in-an-emergency-or-armed-conflict-situation\/\",\"url\":\"https:\/\/ticsalutsocial.atoom.space\/en\/event\/how-is-a-health-service-managed-in-an-emergency-or-armed-conflict-situation\/\",\"name\":\"How is a health service managed in an emergency or armed conflict situation? - Fundaci\u00f3 TIC Salut i Social\",\"isPartOf\":{\"@id\":\"https:\/\/ticsalutsocial.atoom.space\/en\/#website\"},\"datePublished\":\"2026-01-09T11:24:27+00:00\",\"dateModified\":\"2026-01-09T11:28:52+00:00\",\"breadcrumb\":{\"@id\":\"https:\/\/ticsalutsocial.atoom.space\/en\/event\/how-is-a-health-service-managed-in-an-emergency-or-armed-conflict-situation\/#breadcrumb\"},\"inLanguage\":\"en-US\",\"potentialAction\":[{\"@type\":\"ReadAction\",\"target\":[\"https:\/\/ticsalutsocial.atoom.space\/en\/event\/how-is-a-health-service-managed-in-an-emergency-or-armed-conflict-situation\/\"]}]},{\"@type\":\"BreadcrumbList\",\"@id\":\"https:\/\/ticsalutsocial.atoom.space\/en\/event\/how-is-a-health-service-managed-in-an-emergency-or-armed-conflict-situation\/#breadcrumb\",\"itemListElement\":[{\"@type\":\"ListItem\",\"position\":1,\"name\":\"Inici\",\"item\":\"https:\/\/ticsalutsocial.atoom.space\/en\/\"},{\"@type\":\"ListItem\",\"position\":2,\"name\":\"How is a health service managed in an emergency or armed conflict situation?\"}]},{\"@type\":\"WebSite\",\"@id\":\"https:\/\/ticsalutsocial.atoom.space\/en\/#website\",\"url\":\"https:\/\/ticsalutsocial.atoom.space\/en\/\",\"name\":\"Fundaci\u00f3 TIC Salut i Social\",\"description\":\"\",\"potentialAction\":[{\"@type\":\"SearchAction\",\"target\":{\"@type\":\"EntryPoint\",\"urlTemplate\":\"https:\/\/ticsalutsocial.atoom.space\/en\/?s={search_term_string}\"},\"query-input\":{\"@type\":\"PropertyValueSpecification\",\"valueRequired\":true,\"valueName\":\"search_term_string\"}}],\"inLanguage\":\"en-US\"}]}<\/script>\n<!-- \/ Yoast SEO plugin. -->","yoast_head_json":{"title":"How is a health service managed in an emergency or armed conflict situation? - Fundaci\u00f3 TIC Salut i Social","robots":{"index":"index","follow":"follow","max-snippet":"max-snippet:-1","max-image-preview":"max-image-preview:large","max-video-preview":"max-video-preview:-1"},"canonical":"https:\/\/ticsalutsocial.atoom.space\/en\/event\/how-is-a-health-service-managed-in-an-emergency-or-armed-conflict-situation\/","og_locale":"en_US","og_type":"article","og_title":"How is a health service managed in an emergency or armed conflict situation? - Fundaci\u00f3 TIC Salut i Social","og_url":"https:\/\/ticsalutsocial.atoom.space\/en\/event\/how-is-a-health-service-managed-in-an-emergency-or-armed-conflict-situation\/","og_site_name":"Fundaci\u00f3 TIC Salut i Social","article_modified_time":"2026-01-09T11:28:52+00:00","twitter_card":"summary_large_image","schema":{"@context":"https:\/\/schema.org","@graph":[{"@type":"WebPage","@id":"https:\/\/ticsalutsocial.atoom.space\/en\/event\/how-is-a-health-service-managed-in-an-emergency-or-armed-conflict-situation\/","url":"https:\/\/ticsalutsocial.atoom.space\/en\/event\/how-is-a-health-service-managed-in-an-emergency-or-armed-conflict-situation\/","name":"How is a health service managed in an emergency or armed conflict situation? - Fundaci\u00f3 TIC Salut i Social","isPartOf":{"@id":"https:\/\/ticsalutsocial.atoom.space\/en\/#website"},"datePublished":"2026-01-09T11:24:27+00:00","dateModified":"2026-01-09T11:28:52+00:00","breadcrumb":{"@id":"https:\/\/ticsalutsocial.atoom.space\/en\/event\/how-is-a-health-service-managed-in-an-emergency-or-armed-conflict-situation\/#breadcrumb"},"inLanguage":"en-US","potentialAction":[{"@type":"ReadAction","target":["https:\/\/ticsalutsocial.atoom.space\/en\/event\/how-is-a-health-service-managed-in-an-emergency-or-armed-conflict-situation\/"]}]},{"@type":"BreadcrumbList","@id":"https:\/\/ticsalutsocial.atoom.space\/en\/event\/how-is-a-health-service-managed-in-an-emergency-or-armed-conflict-situation\/#breadcrumb","itemListElement":[{"@type":"ListItem","position":1,"name":"Inici","item":"https:\/\/ticsalutsocial.atoom.space\/en\/"},{"@type":"ListItem","position":2,"name":"How is a health service managed in an emergency or armed conflict situation?"}]},{"@type":"WebSite","@id":"https:\/\/ticsalutsocial.atoom.space\/en\/#website","url":"https:\/\/ticsalutsocial.atoom.space\/en\/","name":"Fundaci\u00f3 TIC Salut i Social","description":"","potentialAction":[{"@type":"SearchAction","target":{"@type":"EntryPoint","urlTemplate":"https:\/\/ticsalutsocial.atoom.space\/en\/?s={search_term_string}"},"query-input":{"@type":"PropertyValueSpecification","valueRequired":true,"valueName":"search_term_string"}}],"inLanguage":"en-US"}]}},"_links":{"self":[{"href":"https:\/\/ticsalutsocial.atoom.space\/en\/wp-json\/wp\/v2\/event\/35242","targetHints":{"allow":["GET"]}}],"collection":[{"href":"https:\/\/ticsalutsocial.atoom.space\/en\/wp-json\/wp\/v2\/event"}],"about":[{"href":"https:\/\/ticsalutsocial.atoom.space\/en\/wp-json\/wp\/v2\/types\/event"}],"wp:attachment":[{"href":"https:\/\/ticsalutsocial.atoom.space\/en\/wp-json\/wp\/v2\/media?parent=35242"}],"wp:term":[{"taxonomy":"tipus","embeddable":true,"href":"https:\/\/ticsalutsocial.atoom.space\/en\/wp-json\/wp\/v2\/tipus?post=35242"},{"taxonomy":"topic","embeddable":true,"href":"https:\/\/ticsalutsocial.atoom.space\/en\/wp-json\/wp\/v2\/topic?post=35242"}],"curies":[{"name":"wp","href":"https:\/\/api.w.org\/{rel}","templated":true}]}}

Acadèmia de Ciències Mèdiques i de la Salut de Catalunya i Balears (C/ Major de Can Caralleu, 7. Barcelona)

<!-- This site is optimized with the Yoast SEO plugin v27.1.1 - https://yoast.com/product/yoast-seo-wordpress/ -->
<title>How is a health service managed in an emergency or armed conflict situation? - Fundació TIC Salut i Social</title>
<meta name="robots" content="index, follow, max-snippet:-1, max-image-preview:large, max-video-preview:-1" />
<link rel="canonical" href="https://ticsalutsocial.atoom.space/en/event/how-is-a-health-service-managed-in-an-emergency-or-armed-conflict-situation/" />
<meta property="og:locale" content="en_US" />
<meta property="og:type" content="article" />
<meta property="og:title" content="How is a health service managed in an emergency or armed conflict situation? - Fundació TIC Salut i Social" />
<meta property="og:url" content="https://ticsalutsocial.atoom.space/en/event/how-is-a-health-service-managed-in-an-emergency-or-armed-conflict-situation/" />
<meta property="og:site_name" content="Fundació TIC Salut i Social" />
<meta property="article:modified_time" content="2026-01-09T11:28:52+00:00" />
<meta name="twitter:card" content="summary_large_image" />
<script type="application/ld+json" class="yoast-schema-graph">{"@context":"https://schema.org","@graph":[{"@type":"WebPage","@id":"https://ticsalutsocial.atoom.space/en/event/how-is-a-health-service-managed-in-an-emergency-or-armed-conflict-situation/","url":"https://ticsalutsocial.atoom.space/en/event/how-is-a-health-service-managed-in-an-emergency-or-armed-conflict-situation/","name":"How is a health service managed in an emergency or armed conflict situation? - Fundació TIC Salut i Social","isPartOf":{"@id":"https://ticsalutsocial.atoom.space/en/#website"},"datePublished":"2026-01-09T11:24:27+00:00","dateModified":"2026-01-09T11:28:52+00:00","breadcrumb":{"@id":"https://ticsalutsocial.atoom.space/en/event/how-is-a-health-service-managed-in-an-emergency-or-armed-conflict-situation/#breadcrumb"},"inLanguage":"en-US","potentialAction":[{"@type":"ReadAction","target":["https://ticsalutsocial.atoom.space/en/event/how-is-a-health-service-managed-in-an-emergency-or-armed-conflict-situation/"]}]},{"@type":"BreadcrumbList","@id":"https://ticsalutsocial.atoom.space/en/event/how-is-a-health-service-managed-in-an-emergency-or-armed-conflict-situation/#breadcrumb","itemListElement":[{"@type":"ListItem","position":1,"name":"Inici","item":"https://ticsalutsocial.atoom.space/en/"},{"@type":"ListItem","position":2,"name":"How is a health service managed in an emergency or armed conflict situation?"}]},{"@type":"WebSite","@id":"https://ticsalutsocial.atoom.space/en/#website","url":"https://ticsalutsocial.atoom.space/en/","name":"Fundació TIC Salut i Social","description":"","potentialAction":[{"@type":"SearchAction","target":{"@type":"EntryPoint","urlTemplate":"https://ticsalutsocial.atoom.space/en/?s={search_term_string}"},"query-input":{"@type":"PropertyValueSpecification","valueRequired":true,"valueName":"search_term_string"}}],"inLanguage":"en-US"}]}</script>
<!-- / Yoast SEO plugin. -->

How is a health service managed in an emergency or armed conflict situation? - Fundació TIC Salut i Social

Fundació TIC Salut i Social
