
{"id":5705,"date":"2018-04-09T15:13:58","date_gmt":"2018-04-09T13:13:58","guid":{"rendered":"https:\/\/ticsalutsocial.atoom.space\/?post_type=event&#038;p=5705"},"modified":"2021-07-21T16:23:54","modified_gmt":"2021-07-21T14:23:54","slug":"jornada-dinnovacio-social","status":"publish","type":"event","link":"https:\/\/ticsalutsocial.atoom.space\/en\/event\/jornada-dinnovacio-social\/","title":{"rendered":"Jornada d\u2019Innovaci\u00f3 Social"},"content":{"rendered":"<div class=\"fusion-layout-column fusion_builder_column fusion_builder_column_3_5  fusion-three-fifth fusion-column-first 3_5\">\n<div class=\"fusion-column-wrapper\" data-bg-url=\"\">\n<div class=\"fusion-text\">\n<p><strong>Per qu\u00e8 \u00e9s important?<\/strong><\/p>\n<p>El professional ha de ponderar les seves decisions a partir dels desitjos i prefer\u00e8ncies de la persona a la que at\u00e9n i les necessitats del seu entorn: fam\u00edlia, cuidadors, ve\u00efns, i altres professionals. La persona que \u00e9s atesa vol seguir vivint a casa per\u00f2 la seva fragilitat la fan vulnerable a determinades situacions. Que els desitjos i necessitats d\u2019aquesta persona puguin ser respectats dep\u00e8n en gran mesura del seu grau d\u2019autonomia i compet\u00e8ncia en el dia a dia, en la seva quotidianitat.\u00a0<strong>Com pot definir el professional l\u2019estil de vida que una persona t\u00e9 i valorar els canvis que es produeixin si no \u00e9s amb grans dosis d\u2019intu\u00efci\u00f3 i valentia?<\/strong><\/p>\n<p><strong>Mitjan\u00e7ant la introducci\u00f3 de tecnologia de seguiment d\u2019h\u00e0bits i rutines a dist\u00e0ncia es pot acompanyar la persona oferint-li seguretat per poder viure de forma aut\u00f2noma. A m\u00e9s, aquestes noves eines aporten al professional la precisi\u00f3 que necessita a l\u2019hora de prendre decisions<\/strong>\u00a0i l\u2019ajuden a contenir les pressions de l\u2019entorn en defensa de la voluntat de la persona.<\/p>\n<p>Per la seva banda,<strong>\u00a0el professional ha d\u2019estar preparat per incorporar la \u201ctecnologia social\u201d<\/strong>\u00a0com a eina de treball (seguretat, acompanyament, diagn\u00f2stica \u2026) i transmetre la informaci\u00f3 que li aporta alhora que vetlla per la integritat dels drets en conflicte: Autonomia vs. Intimitat.<\/p>\n<\/div>\n<div class=\"fusion-clearfix\"><strong>Objectiu:<\/strong><\/div>\n<\/div>\n<\/div>\n<div class=\"fusion-layout-column fusion_builder_column fusion_builder_column_2_5  fusion-two-fifth fusion-column-last 2_5\">\n<div class=\"fusion-column-wrapper\" data-bg-url=\"\">\n<div class=\"fusion-text\">\n<p><b>Donar a con\u00e8ixer experi\u00e8ncies de treball conjuntes en l\u2019\u00fas de tecnologia per millorar l\u2019autonomia de la persona a trav\u00e9s d\u2019eines professionals i d\u2019ajuda a la presa de decisions. A partir d\u2019aquest aprenentatge s\u2019obren noves l\u00ednies de treball sobre com la societat veu el futur i quins reptes es plantegen respecte a l\u2019aplicaci\u00f3 de tecnologia d\u2019ajuda en l\u2019\u00e0mbit social.\u00a0<\/b><\/p>\n<p><strong>A qui es dirigeix:<\/strong><\/p>\n<ul>\n<li>Administracions i organismes p\u00fablics<\/li>\n<li>Serveis Domiciliaris: SAD, Teleassist\u00e8ncia\u2026<\/li>\n<li>Professionals dels serveis socials i sanitaris<\/li>\n<li>Entitats i col\u00b7lectius ddel tercer sector i\/o dependents<\/li>\n<li>Professionals i investigadors de l\u2019entorn envelliment i atenci\u00f3 centrada en la persona<\/li>\n<li>Empreses del sector<\/li>\n<\/ul>\n<\/div>\n<\/div>\n<\/div>\n","protected":false},"featured_media":3499,"menu_order":0,"template":"","meta":{"_acf_changed":false,"inline_featured_image":false},"tipus":[95],"topic":[128,120],"class_list":["post-5705","event","type-event","status-publish","has-post-thumbnail","hentry","tipus-integrated-care","topic-projects","topic-dpo"],"acf":{"imatge":3500,"informacio":{"ubicacio":"El Casal del Metge","data":"17\/05\/2018","hora":"De 9:00h a 13:15h","preu":"","inscripcions":""}},"yoast_head":"<!-- This site is optimized with the Yoast SEO plugin v27.1.1 - https:\/\/yoast.com\/product\/yoast-seo-wordpress\/ -->\n<title>Jornada d\u2019Innovaci\u00f3 Social - Fundaci\u00f3 TIC Salut i Social<\/title>\n<meta name=\"robots\" content=\"index, follow, max-snippet:-1, max-image-preview:large, max-video-preview:-1\" \/>\n<link rel=\"canonical\" href=\"https:\/\/ticsalutsocial.atoom.space\/en\/event\/jornada-dinnovacio-social\/\" \/>\n<meta property=\"og:locale\" content=\"en_US\" \/>\n<meta property=\"og:type\" content=\"article\" \/>\n<meta property=\"og:title\" content=\"Jornada d\u2019Innovaci\u00f3 Social - Fundaci\u00f3 TIC Salut i Social\" \/>\n<meta property=\"og:description\" content=\"Per qu\u00e8 \u00e9s important? El professional ha de ponderar les seves decisions a partir dels desitjos i prefer\u00e8ncies de la persona a la que at\u00e9n i les necessitats del seu entorn: fam\u00edlia, cuidadors, ve\u00efns, i altres professionals. La persona que \u00e9s atesa vol seguir vivint a casa per\u00f2 la seva fragilitat la fan vulnerable a [&hellip;]\" \/>\n<meta property=\"og:url\" content=\"https:\/\/ticsalutsocial.atoom.space\/en\/event\/jornada-dinnovacio-social\/\" \/>\n<meta property=\"og:site_name\" content=\"Fundaci\u00f3 TIC Salut i Social\" \/>\n<meta property=\"article:modified_time\" content=\"2021-07-21T14:23:54+00:00\" \/>\n<meta property=\"og:image\" content=\"https:\/\/ticsalutsocial.atoom.space\/wp-content\/uploads\/2018\/09\/captura.png\" \/>\n\t<meta property=\"og:image:width\" content=\"729\" \/>\n\t<meta property=\"og:image:height\" content=\"570\" \/>\n\t<meta property=\"og:image:type\" content=\"image\/png\" \/>\n<meta name=\"twitter:card\" content=\"summary_large_image\" \/>\n<meta name=\"twitter:label1\" content=\"Est. reading time\" \/>\n\t<meta name=\"twitter:data1\" content=\"2 minutes\" \/>\n<script type=\"application\/ld+json\" class=\"yoast-schema-graph\">{\"@context\":\"https:\/\/schema.org\",\"@graph\":[{\"@type\":\"WebPage\",\"@id\":\"https:\/\/ticsalutsocial.atoom.space\/en\/event\/jornada-dinnovacio-social\/\",\"url\":\"https:\/\/ticsalutsocial.atoom.space\/en\/event\/jornada-dinnovacio-social\/\",\"name\":\"Jornada d\u2019Innovaci\u00f3 Social - Fundaci\u00f3 TIC Salut i Social\",\"isPartOf\":{\"@id\":\"https:\/\/ticsalutsocial.atoom.space\/en\/#website\"},\"primaryImageOfPage\":{\"@id\":\"https:\/\/ticsalutsocial.atoom.space\/en\/event\/jornada-dinnovacio-social\/#primaryimage\"},\"image\":{\"@id\":\"https:\/\/ticsalutsocial.atoom.space\/en\/event\/jornada-dinnovacio-social\/#primaryimage\"},\"thumbnailUrl\":\"https:\/\/ticsalutsocial.atoom.space\/wp-content\/uploads\/2018\/09\/captura.png\",\"datePublished\":\"2018-04-09T13:13:58+00:00\",\"dateModified\":\"2021-07-21T14:23:54+00:00\",\"breadcrumb\":{\"@id\":\"https:\/\/ticsalutsocial.atoom.space\/en\/event\/jornada-dinnovacio-social\/#breadcrumb\"},\"inLanguage\":\"en-US\",\"potentialAction\":[{\"@type\":\"ReadAction\",\"target\":[\"https:\/\/ticsalutsocial.atoom.space\/en\/event\/jornada-dinnovacio-social\/\"]}]},{\"@type\":\"ImageObject\",\"inLanguage\":\"en-US\",\"@id\":\"https:\/\/ticsalutsocial.atoom.space\/en\/event\/jornada-dinnovacio-social\/#primaryimage\",\"url\":\"https:\/\/ticsalutsocial.atoom.space\/wp-content\/uploads\/2018\/09\/captura.png\",\"contentUrl\":\"https:\/\/ticsalutsocial.atoom.space\/wp-content\/uploads\/2018\/09\/captura.png\",\"width\":729,\"height\":570},{\"@type\":\"BreadcrumbList\",\"@id\":\"https:\/\/ticsalutsocial.atoom.space\/en\/event\/jornada-dinnovacio-social\/#breadcrumb\",\"itemListElement\":[{\"@type\":\"ListItem\",\"position\":1,\"name\":\"Inici\",\"item\":\"https:\/\/ticsalutsocial.atoom.space\/en\/\"},{\"@type\":\"ListItem\",\"position\":2,\"name\":\"Jornada d\u2019Innovaci\u00f3 Social\"}]},{\"@type\":\"WebSite\",\"@id\":\"https:\/\/ticsalutsocial.atoom.space\/en\/#website\",\"url\":\"https:\/\/ticsalutsocial.atoom.space\/en\/\",\"name\":\"Fundaci\u00f3 TIC Salut i Social\",\"description\":\"\",\"potentialAction\":[{\"@type\":\"SearchAction\",\"target\":{\"@type\":\"EntryPoint\",\"urlTemplate\":\"https:\/\/ticsalutsocial.atoom.space\/en\/?s={search_term_string}\"},\"query-input\":{\"@type\":\"PropertyValueSpecification\",\"valueRequired\":true,\"valueName\":\"search_term_string\"}}],\"inLanguage\":\"en-US\"}]}<\/script>\n<!-- \/ Yoast SEO plugin. -->","yoast_head_json":{"title":"Jornada d\u2019Innovaci\u00f3 Social - Fundaci\u00f3 TIC Salut i Social","robots":{"index":"index","follow":"follow","max-snippet":"max-snippet:-1","max-image-preview":"max-image-preview:large","max-video-preview":"max-video-preview:-1"},"canonical":"https:\/\/ticsalutsocial.atoom.space\/en\/event\/jornada-dinnovacio-social\/","og_locale":"en_US","og_type":"article","og_title":"Jornada d\u2019Innovaci\u00f3 Social - Fundaci\u00f3 TIC Salut i Social","og_description":"Per qu\u00e8 \u00e9s important? El professional ha de ponderar les seves decisions a partir dels desitjos i prefer\u00e8ncies de la persona a la que at\u00e9n i les necessitats del seu entorn: fam\u00edlia, cuidadors, ve\u00efns, i altres professionals. La persona que \u00e9s atesa vol seguir vivint a casa per\u00f2 la seva fragilitat la fan vulnerable a [&hellip;]","og_url":"https:\/\/ticsalutsocial.atoom.space\/en\/event\/jornada-dinnovacio-social\/","og_site_name":"Fundaci\u00f3 TIC Salut i Social","article_modified_time":"2021-07-21T14:23:54+00:00","og_image":[{"width":729,"height":570,"url":"https:\/\/ticsalutsocial.atoom.space\/wp-content\/uploads\/2018\/09\/captura.png","type":"image\/png"}],"twitter_card":"summary_large_image","twitter_misc":{"Est. reading time":"2 minutes"},"schema":{"@context":"https:\/\/schema.org","@graph":[{"@type":"WebPage","@id":"https:\/\/ticsalutsocial.atoom.space\/en\/event\/jornada-dinnovacio-social\/","url":"https:\/\/ticsalutsocial.atoom.space\/en\/event\/jornada-dinnovacio-social\/","name":"Jornada d\u2019Innovaci\u00f3 Social - Fundaci\u00f3 TIC Salut i Social","isPartOf":{"@id":"https:\/\/ticsalutsocial.atoom.space\/en\/#website"},"primaryImageOfPage":{"@id":"https:\/\/ticsalutsocial.atoom.space\/en\/event\/jornada-dinnovacio-social\/#primaryimage"},"image":{"@id":"https:\/\/ticsalutsocial.atoom.space\/en\/event\/jornada-dinnovacio-social\/#primaryimage"},"thumbnailUrl":"https:\/\/ticsalutsocial.atoom.space\/wp-content\/uploads\/2018\/09\/captura.png","datePublished":"2018-04-09T13:13:58+00:00","dateModified":"2021-07-21T14:23:54+00:00","breadcrumb":{"@id":"https:\/\/ticsalutsocial.atoom.space\/en\/event\/jornada-dinnovacio-social\/#breadcrumb"},"inLanguage":"en-US","potentialAction":[{"@type":"ReadAction","target":["https:\/\/ticsalutsocial.atoom.space\/en\/event\/jornada-dinnovacio-social\/"]}]},{"@type":"ImageObject","inLanguage":"en-US","@id":"https:\/\/ticsalutsocial.atoom.space\/en\/event\/jornada-dinnovacio-social\/#primaryimage","url":"https:\/\/ticsalutsocial.atoom.space\/wp-content\/uploads\/2018\/09\/captura.png","contentUrl":"https:\/\/ticsalutsocial.atoom.space\/wp-content\/uploads\/2018\/09\/captura.png","width":729,"height":570},{"@type":"BreadcrumbList","@id":"https:\/\/ticsalutsocial.atoom.space\/en\/event\/jornada-dinnovacio-social\/#breadcrumb","itemListElement":[{"@type":"ListItem","position":1,"name":"Inici","item":"https:\/\/ticsalutsocial.atoom.space\/en\/"},{"@type":"ListItem","position":2,"name":"Jornada d\u2019Innovaci\u00f3 Social"}]},{"@type":"WebSite","@id":"https:\/\/ticsalutsocial.atoom.space\/en\/#website","url":"https:\/\/ticsalutsocial.atoom.space\/en\/","name":"Fundaci\u00f3 TIC Salut i Social","description":"","potentialAction":[{"@type":"SearchAction","target":{"@type":"EntryPoint","urlTemplate":"https:\/\/ticsalutsocial.atoom.space\/en\/?s={search_term_string}"},"query-input":{"@type":"PropertyValueSpecification","valueRequired":true,"valueName":"search_term_string"}}],"inLanguage":"en-US"}]}},"_links":{"self":[{"href":"https:\/\/ticsalutsocial.atoom.space\/en\/wp-json\/wp\/v2\/event\/5705","targetHints":{"allow":["GET"]}}],"collection":[{"href":"https:\/\/ticsalutsocial.atoom.space\/en\/wp-json\/wp\/v2\/event"}],"about":[{"href":"https:\/\/ticsalutsocial.atoom.space\/en\/wp-json\/wp\/v2\/types\/event"}],"wp:featuredmedia":[{"embeddable":true,"href":"https:\/\/ticsalutsocial.atoom.space\/en\/wp-json\/wp\/v2\/media\/3499"}],"wp:attachment":[{"href":"https:\/\/ticsalutsocial.atoom.space\/en\/wp-json\/wp\/v2\/media?parent=5705"}],"wp:term":[{"taxonomy":"tipus","embeddable":true,"href":"https:\/\/ticsalutsocial.atoom.space\/en\/wp-json\/wp\/v2\/tipus?post=5705"},{"taxonomy":"topic","embeddable":true,"href":"https:\/\/ticsalutsocial.atoom.space\/en\/wp-json\/wp\/v2\/topic?post=5705"}],"curies":[{"name":"wp","href":"https:\/\/api.w.org\/{rel}","templated":true}]}}

Jornada d’Innovació Social

<div class="fusion-layout-column fusion_builder_column fusion_builder_column_3_5  fusion-three-fifth fusion-column-first 3_5">
<div class="fusion-column-wrapper" data-bg-url="">
<div class="fusion-text">
<p><strong>Per què és important?</strong></p>
<p>El professional ha de ponderar les seves decisions a partir dels desitjos i preferències de la persona a la que atén i les necessitats del seu entorn: família, cuidadors, veïns, i altres professionals. La persona que és atesa vol seguir vivint a casa però la seva fragilitat la fan vulnerable a determinades situacions. Que els desitjos i necessitats d’aquesta persona puguin ser respectats depèn en gran mesura del seu grau d’autonomia i competència en el dia a dia, en la seva quotidianitat. <strong>Com pot definir el professional l’estil de vida que una persona té i valorar els canvis que es produeixin si no és amb grans dosis d’intuïció i valentia?</strong></p>
<p><strong>Mitjançant la introducció de tecnologia de seguiment d’hàbits i rutines a distància es pot acompanyar la persona oferint-li seguretat per poder viure de forma autònoma. A més, aquestes noves eines aporten al professional la precisió que necessita a l’hora de prendre decisions</strong> i l’ajuden a contenir les pressions de l’entorn en defensa de la voluntat de la persona.</p>
<p>Per la seva banda,<strong> el professional ha d’estar preparat per incorporar la “tecnologia social”</strong> com a eina de treball (seguretat, acompanyament, diagnòstica …) i transmetre la informació que li aporta alhora que vetlla per la integritat dels drets en conflicte: Autonomia vs. Intimitat.</p>
</div>
<div class="fusion-clearfix"><strong>Objectiu:</strong></div>
</div>
</div>
<div class="fusion-layout-column fusion_builder_column fusion_builder_column_2_5  fusion-two-fifth fusion-column-last 2_5">
<div class="fusion-column-wrapper" data-bg-url="">
<div class="fusion-text">
<p><b>Donar a conèixer experiències de treball conjuntes en l’ús de tecnologia per millorar l’autonomia de la persona a través d’eines professionals i d’ajuda a la presa de decisions. A partir d’aquest aprenentatge s’obren noves línies de treball sobre com la societat veu el futur i quins reptes es plantegen respecte a l’aplicació de tecnologia d’ajuda en l’àmbit social. </b></p>
<p><strong>A qui es dirigeix:</strong></p>
<ul>
<li>Administracions i organismes públics</li>
<li>Serveis Domiciliaris: SAD, Teleassistència…</li>
<li>Professionals dels serveis socials i sanitaris</li>
<li>Entitats i col·lectius ddel tercer sector i/o dependents</li>
<li>Professionals i investigadors de l’entorn envelliment i atenció centrada en la persona</li>
<li>Empreses del sector</li>
</ul>
</div>
</div>
</div>

<!-- This site is optimized with the Yoast SEO plugin v27.1.1 - https://yoast.com/product/yoast-seo-wordpress/ -->
<title>Jornada d’Innovació Social - Fundació TIC Salut i Social</title>
<meta name="robots" content="index, follow, max-snippet:-1, max-image-preview:large, max-video-preview:-1" />
<link rel="canonical" href="https://ticsalutsocial.atoom.space/en/event/jornada-dinnovacio-social/" />
<meta property="og:locale" content="en_US" />
<meta property="og:type" content="article" />
<meta property="og:title" content="Jornada d’Innovació Social - Fundació TIC Salut i Social" />
<meta property="og:description" content="Per què és important? El professional ha de ponderar les seves decisions a partir dels desitjos i preferències de la persona a la que atén i les necessitats del seu entorn: família, cuidadors, veïns, i altres professionals. La persona que és atesa vol seguir vivint a casa però la seva fragilitat la fan vulnerable a [&hellip;]" />
<meta property="og:url" content="https://ticsalutsocial.atoom.space/en/event/jornada-dinnovacio-social/" />
<meta property="og:site_name" content="Fundació TIC Salut i Social" />
<meta property="article:modified_time" content="2021-07-21T14:23:54+00:00" />
<meta property="og:image" content="https://ticsalutsocial.atoom.space/wp-content/uploads/2018/09/captura.png" />
	<meta property="og:image:width" content="729" />
	<meta property="og:image:height" content="570" />
	<meta property="og:image:type" content="image/png" />
<meta name="twitter:card" content="summary_large_image" />
<meta name="twitter:label1" content="Est. reading time" />
	<meta name="twitter:data1" content="2 minutes" />
<script type="application/ld+json" class="yoast-schema-graph">{"@context":"https://schema.org","@graph":[{"@type":"WebPage","@id":"https://ticsalutsocial.atoom.space/en/event/jornada-dinnovacio-social/","url":"https://ticsalutsocial.atoom.space/en/event/jornada-dinnovacio-social/","name":"Jornada d’Innovació Social - Fundació TIC Salut i Social","isPartOf":{"@id":"https://ticsalutsocial.atoom.space/en/#website"},"primaryImageOfPage":{"@id":"https://ticsalutsocial.atoom.space/en/event/jornada-dinnovacio-social/#primaryimage"},"image":{"@id":"https://ticsalutsocial.atoom.space/en/event/jornada-dinnovacio-social/#primaryimage"},"thumbnailUrl":"https://ticsalutsocial.atoom.space/wp-content/uploads/2018/09/captura.png","datePublished":"2018-04-09T13:13:58+00:00","dateModified":"2021-07-21T14:23:54+00:00","breadcrumb":{"@id":"https://ticsalutsocial.atoom.space/en/event/jornada-dinnovacio-social/#breadcrumb"},"inLanguage":"en-US","potentialAction":[{"@type":"ReadAction","target":["https://ticsalutsocial.atoom.space/en/event/jornada-dinnovacio-social/"]}]},{"@type":"ImageObject","inLanguage":"en-US","@id":"https://ticsalutsocial.atoom.space/en/event/jornada-dinnovacio-social/#primaryimage","url":"https://ticsalutsocial.atoom.space/wp-content/uploads/2018/09/captura.png","contentUrl":"https://ticsalutsocial.atoom.space/wp-content/uploads/2018/09/captura.png","width":729,"height":570},{"@type":"BreadcrumbList","@id":"https://ticsalutsocial.atoom.space/en/event/jornada-dinnovacio-social/#breadcrumb","itemListElement":[{"@type":"ListItem","position":1,"name":"Inici","item":"https://ticsalutsocial.atoom.space/en/"},{"@type":"ListItem","position":2,"name":"Jornada d’Innovació Social"}]},{"@type":"WebSite","@id":"https://ticsalutsocial.atoom.space/en/#website","url":"https://ticsalutsocial.atoom.space/en/","name":"Fundació TIC Salut i Social","description":"","potentialAction":[{"@type":"SearchAction","target":{"@type":"EntryPoint","urlTemplate":"https://ticsalutsocial.atoom.space/en/?s={search_term_string}"},"query-input":{"@type":"PropertyValueSpecification","valueRequired":true,"valueName":"search_term_string"}}],"inLanguage":"en-US"}]}</script>
<!-- / Yoast SEO plugin. -->

Jornada d’Innovació Social - Fundació TIC Salut i Social

Per què és important? El professional ha de ponderar les seves decisions a partir dels desitjos i preferències de la persona a la que atén i les necessitats del seu entorn: família, cuidadors, veïns, i altres professionals. La persona que és atesa vol seguir vivint a casa però la seva fragilitat la fan vulnerable a [&hellip;]

Fundació TIC Salut i Social
