
{"id":5716,"date":"2018-04-23T10:16:34","date_gmt":"2018-04-23T08:16:34","guid":{"rendered":"https:\/\/ticsalutsocial.atoom.space\/?post_type=event&#038;p=5716"},"modified":"2021-07-21T16:23:59","modified_gmt":"2021-07-21T14:23:59","slug":"xiv-jornades-de-gestio-i-avaluacio-en-salut","status":"publish","type":"event","link":"https:\/\/ticsalutsocial.atoom.space\/en\/event\/xiv-jornades-de-gestio-i-avaluacio-en-salut\/","title":{"rendered":"XIV Jornades de gesti\u00f3 i avaluaci\u00f3 en salut"},"content":{"rendered":"<p>Aquestes Jornades es realitzen bianualment i conflueixen professionals de la gesti\u00f3 sanit\u00e0ria per tal de compartir experi\u00e8ncies en aquest \u00e0mbit i per debatre, des de les seves diferents activitats que es programen i de la m\u00e0 de l\u00edders i experts, sobre temes rellevants, d\u2019actualitat i innovadors.<\/p>\n<p>Aquest any, el repte definit pel Comit\u00e8 Organitzador ha estat ambici\u00f3s a l\u2019afegir com eix central de les Jornades la reivindicaci\u00f3 del valor de l\u2019avaluaci\u00f3 dels resultats en salut i de l\u2019efici\u00e8ncia com a element nuclear en la sostenibilitat del sistema sanitari i afegint bones pr\u00e0ctiques en transformaci\u00f3 digital, lean o desing thinking com exponents de per on s\u2019orienten els models de gesti\u00f3 l\u00edders.<\/p>\n<p>Per assolir les fites previstes, i com podreu comprovar en el programa tot consultant la web de les Jornades &#8211; <a href=\"http:\/\/www.fundacionsigno.com\/xivjornadasgestion\/jornadas.php\">http:\/\/www.fundacionsigno.com\/xivjornadasgestion\/jornadas.php<\/a> -, s\u2019han incorporat entitats i ponents de primer nivell, tallers molt rellevants i confer\u00e8ncies que ponen ser molt inspiradores a c\u00e0rrec de Jens Deerberg-Wittram el dia inaugural y de Rafael Bengoa en la cloenda.<\/p>\n","protected":false},"featured_media":5713,"menu_order":0,"template":"","meta":{"_acf_changed":false,"inline_featured_image":false},"tipus":[],"topic":[120],"class_list":["post-5716","event","type-event","status-publish","has-post-thumbnail","hentry","topic-dpo"],"acf":{"imatge":5714,"informacio":{"ubicacio":"Fira de Barcelona","data":"06\/06\/2018","hora":"De 9:00h a 18:00h","preu":"","inscripcions":""}},"yoast_head":"<!-- This site is optimized with the Yoast SEO plugin v27.1.1 - https:\/\/yoast.com\/product\/yoast-seo-wordpress\/ -->\n<title>XIV Jornades de gesti\u00f3 i avaluaci\u00f3 en salut - Fundaci\u00f3 TIC Salut i Social<\/title>\n<meta name=\"robots\" content=\"index, follow, max-snippet:-1, max-image-preview:large, max-video-preview:-1\" \/>\n<link rel=\"canonical\" href=\"https:\/\/ticsalutsocial.atoom.space\/en\/event\/xiv-jornades-de-gestio-i-avaluacio-en-salut\/\" \/>\n<meta property=\"og:locale\" content=\"en_US\" \/>\n<meta property=\"og:type\" content=\"article\" \/>\n<meta property=\"og:title\" content=\"XIV Jornades de gesti\u00f3 i avaluaci\u00f3 en salut - Fundaci\u00f3 TIC Salut i Social\" \/>\n<meta property=\"og:description\" content=\"Aquestes Jornades es realitzen bianualment i conflueixen professionals de la gesti\u00f3 sanit\u00e0ria per tal de compartir experi\u00e8ncies en aquest \u00e0mbit i per debatre, des de les seves diferents activitats que es programen i de la m\u00e0 de l\u00edders i experts, sobre temes rellevants, d\u2019actualitat i innovadors. Aquest any, el repte definit pel Comit\u00e8 Organitzador ha [&hellip;]\" \/>\n<meta property=\"og:url\" content=\"https:\/\/ticsalutsocial.atoom.space\/en\/event\/xiv-jornades-de-gestio-i-avaluacio-en-salut\/\" \/>\n<meta property=\"og:site_name\" content=\"Fundaci\u00f3 TIC Salut i Social\" \/>\n<meta property=\"article:modified_time\" content=\"2021-07-21T14:23:59+00:00\" \/>\n<meta property=\"og:image\" content=\"https:\/\/ticsalutsocial.atoom.space\/wp-content\/uploads\/2018\/04\/jornadas_gestion_400.jpg\" \/>\n\t<meta property=\"og:image:width\" content=\"400\" \/>\n\t<meta property=\"og:image:height\" content=\"400\" \/>\n\t<meta property=\"og:image:type\" content=\"image\/jpeg\" \/>\n<meta name=\"twitter:card\" content=\"summary_large_image\" \/>\n<meta name=\"twitter:label1\" content=\"Est. reading time\" \/>\n\t<meta name=\"twitter:data1\" content=\"1 minute\" \/>\n<script type=\"application\/ld+json\" class=\"yoast-schema-graph\">{\"@context\":\"https:\/\/schema.org\",\"@graph\":[{\"@type\":\"WebPage\",\"@id\":\"https:\/\/ticsalutsocial.atoom.space\/en\/event\/xiv-jornades-de-gestio-i-avaluacio-en-salut\/\",\"url\":\"https:\/\/ticsalutsocial.atoom.space\/en\/event\/xiv-jornades-de-gestio-i-avaluacio-en-salut\/\",\"name\":\"XIV Jornades de gesti\u00f3 i avaluaci\u00f3 en salut - Fundaci\u00f3 TIC Salut i Social\",\"isPartOf\":{\"@id\":\"https:\/\/ticsalutsocial.atoom.space\/en\/#website\"},\"primaryImageOfPage\":{\"@id\":\"https:\/\/ticsalutsocial.atoom.space\/en\/event\/xiv-jornades-de-gestio-i-avaluacio-en-salut\/#primaryimage\"},\"image\":{\"@id\":\"https:\/\/ticsalutsocial.atoom.space\/en\/event\/xiv-jornades-de-gestio-i-avaluacio-en-salut\/#primaryimage\"},\"thumbnailUrl\":\"https:\/\/ticsalutsocial.atoom.space\/wp-content\/uploads\/2018\/04\/jornadas_gestion_400.jpg\",\"datePublished\":\"2018-04-23T08:16:34+00:00\",\"dateModified\":\"2021-07-21T14:23:59+00:00\",\"breadcrumb\":{\"@id\":\"https:\/\/ticsalutsocial.atoom.space\/en\/event\/xiv-jornades-de-gestio-i-avaluacio-en-salut\/#breadcrumb\"},\"inLanguage\":\"en-US\",\"potentialAction\":[{\"@type\":\"ReadAction\",\"target\":[\"https:\/\/ticsalutsocial.atoom.space\/en\/event\/xiv-jornades-de-gestio-i-avaluacio-en-salut\/\"]}]},{\"@type\":\"ImageObject\",\"inLanguage\":\"en-US\",\"@id\":\"https:\/\/ticsalutsocial.atoom.space\/en\/event\/xiv-jornades-de-gestio-i-avaluacio-en-salut\/#primaryimage\",\"url\":\"https:\/\/ticsalutsocial.atoom.space\/wp-content\/uploads\/2018\/04\/jornadas_gestion_400.jpg\",\"contentUrl\":\"https:\/\/ticsalutsocial.atoom.space\/wp-content\/uploads\/2018\/04\/jornadas_gestion_400.jpg\",\"width\":400,\"height\":400},{\"@type\":\"BreadcrumbList\",\"@id\":\"https:\/\/ticsalutsocial.atoom.space\/en\/event\/xiv-jornades-de-gestio-i-avaluacio-en-salut\/#breadcrumb\",\"itemListElement\":[{\"@type\":\"ListItem\",\"position\":1,\"name\":\"Inici\",\"item\":\"https:\/\/ticsalutsocial.atoom.space\/en\/\"},{\"@type\":\"ListItem\",\"position\":2,\"name\":\"XIV Jornades de gesti\u00f3 i avaluaci\u00f3 en salut\"}]},{\"@type\":\"WebSite\",\"@id\":\"https:\/\/ticsalutsocial.atoom.space\/en\/#website\",\"url\":\"https:\/\/ticsalutsocial.atoom.space\/en\/\",\"name\":\"Fundaci\u00f3 TIC Salut i Social\",\"description\":\"\",\"potentialAction\":[{\"@type\":\"SearchAction\",\"target\":{\"@type\":\"EntryPoint\",\"urlTemplate\":\"https:\/\/ticsalutsocial.atoom.space\/en\/?s={search_term_string}\"},\"query-input\":{\"@type\":\"PropertyValueSpecification\",\"valueRequired\":true,\"valueName\":\"search_term_string\"}}],\"inLanguage\":\"en-US\"}]}<\/script>\n<!-- \/ Yoast SEO plugin. -->","yoast_head_json":{"title":"XIV Jornades de gesti\u00f3 i avaluaci\u00f3 en salut - Fundaci\u00f3 TIC Salut i Social","robots":{"index":"index","follow":"follow","max-snippet":"max-snippet:-1","max-image-preview":"max-image-preview:large","max-video-preview":"max-video-preview:-1"},"canonical":"https:\/\/ticsalutsocial.atoom.space\/en\/event\/xiv-jornades-de-gestio-i-avaluacio-en-salut\/","og_locale":"en_US","og_type":"article","og_title":"XIV Jornades de gesti\u00f3 i avaluaci\u00f3 en salut - Fundaci\u00f3 TIC Salut i Social","og_description":"Aquestes Jornades es realitzen bianualment i conflueixen professionals de la gesti\u00f3 sanit\u00e0ria per tal de compartir experi\u00e8ncies en aquest \u00e0mbit i per debatre, des de les seves diferents activitats que es programen i de la m\u00e0 de l\u00edders i experts, sobre temes rellevants, d\u2019actualitat i innovadors. Aquest any, el repte definit pel Comit\u00e8 Organitzador ha [&hellip;]","og_url":"https:\/\/ticsalutsocial.atoom.space\/en\/event\/xiv-jornades-de-gestio-i-avaluacio-en-salut\/","og_site_name":"Fundaci\u00f3 TIC Salut i Social","article_modified_time":"2021-07-21T14:23:59+00:00","og_image":[{"width":400,"height":400,"url":"https:\/\/ticsalutsocial.atoom.space\/wp-content\/uploads\/2018\/04\/jornadas_gestion_400.jpg","type":"image\/jpeg"}],"twitter_card":"summary_large_image","twitter_misc":{"Est. reading time":"1 minute"},"schema":{"@context":"https:\/\/schema.org","@graph":[{"@type":"WebPage","@id":"https:\/\/ticsalutsocial.atoom.space\/en\/event\/xiv-jornades-de-gestio-i-avaluacio-en-salut\/","url":"https:\/\/ticsalutsocial.atoom.space\/en\/event\/xiv-jornades-de-gestio-i-avaluacio-en-salut\/","name":"XIV Jornades de gesti\u00f3 i avaluaci\u00f3 en salut - Fundaci\u00f3 TIC Salut i Social","isPartOf":{"@id":"https:\/\/ticsalutsocial.atoom.space\/en\/#website"},"primaryImageOfPage":{"@id":"https:\/\/ticsalutsocial.atoom.space\/en\/event\/xiv-jornades-de-gestio-i-avaluacio-en-salut\/#primaryimage"},"image":{"@id":"https:\/\/ticsalutsocial.atoom.space\/en\/event\/xiv-jornades-de-gestio-i-avaluacio-en-salut\/#primaryimage"},"thumbnailUrl":"https:\/\/ticsalutsocial.atoom.space\/wp-content\/uploads\/2018\/04\/jornadas_gestion_400.jpg","datePublished":"2018-04-23T08:16:34+00:00","dateModified":"2021-07-21T14:23:59+00:00","breadcrumb":{"@id":"https:\/\/ticsalutsocial.atoom.space\/en\/event\/xiv-jornades-de-gestio-i-avaluacio-en-salut\/#breadcrumb"},"inLanguage":"en-US","potentialAction":[{"@type":"ReadAction","target":["https:\/\/ticsalutsocial.atoom.space\/en\/event\/xiv-jornades-de-gestio-i-avaluacio-en-salut\/"]}]},{"@type":"ImageObject","inLanguage":"en-US","@id":"https:\/\/ticsalutsocial.atoom.space\/en\/event\/xiv-jornades-de-gestio-i-avaluacio-en-salut\/#primaryimage","url":"https:\/\/ticsalutsocial.atoom.space\/wp-content\/uploads\/2018\/04\/jornadas_gestion_400.jpg","contentUrl":"https:\/\/ticsalutsocial.atoom.space\/wp-content\/uploads\/2018\/04\/jornadas_gestion_400.jpg","width":400,"height":400},{"@type":"BreadcrumbList","@id":"https:\/\/ticsalutsocial.atoom.space\/en\/event\/xiv-jornades-de-gestio-i-avaluacio-en-salut\/#breadcrumb","itemListElement":[{"@type":"ListItem","position":1,"name":"Inici","item":"https:\/\/ticsalutsocial.atoom.space\/en\/"},{"@type":"ListItem","position":2,"name":"XIV Jornades de gesti\u00f3 i avaluaci\u00f3 en salut"}]},{"@type":"WebSite","@id":"https:\/\/ticsalutsocial.atoom.space\/en\/#website","url":"https:\/\/ticsalutsocial.atoom.space\/en\/","name":"Fundaci\u00f3 TIC Salut i Social","description":"","potentialAction":[{"@type":"SearchAction","target":{"@type":"EntryPoint","urlTemplate":"https:\/\/ticsalutsocial.atoom.space\/en\/?s={search_term_string}"},"query-input":{"@type":"PropertyValueSpecification","valueRequired":true,"valueName":"search_term_string"}}],"inLanguage":"en-US"}]}},"_links":{"self":[{"href":"https:\/\/ticsalutsocial.atoom.space\/en\/wp-json\/wp\/v2\/event\/5716","targetHints":{"allow":["GET"]}}],"collection":[{"href":"https:\/\/ticsalutsocial.atoom.space\/en\/wp-json\/wp\/v2\/event"}],"about":[{"href":"https:\/\/ticsalutsocial.atoom.space\/en\/wp-json\/wp\/v2\/types\/event"}],"wp:featuredmedia":[{"embeddable":true,"href":"https:\/\/ticsalutsocial.atoom.space\/en\/wp-json\/wp\/v2\/media\/5713"}],"wp:attachment":[{"href":"https:\/\/ticsalutsocial.atoom.space\/en\/wp-json\/wp\/v2\/media?parent=5716"}],"wp:term":[{"taxonomy":"tipus","embeddable":true,"href":"https:\/\/ticsalutsocial.atoom.space\/en\/wp-json\/wp\/v2\/tipus?post=5716"},{"taxonomy":"topic","embeddable":true,"href":"https:\/\/ticsalutsocial.atoom.space\/en\/wp-json\/wp\/v2\/topic?post=5716"}],"curies":[{"name":"wp","href":"https:\/\/api.w.org\/{rel}","templated":true}]}}

XIV Jornades de gestió i avaluació en salut

<p>Aquestes Jornades es realitzen bianualment i conflueixen professionals de la gestió sanitària per tal de compartir experiències en aquest àmbit i per debatre, des de les seves diferents activitats que es programen i de la mà de líders i experts, sobre temes rellevants, d’actualitat i innovadors.</p>
<p>Aquest any, el repte definit pel Comitè Organitzador ha estat ambiciós a l’afegir com eix central de les Jornades la reivindicació del valor de l’avaluació dels resultats en salut i de l’eficiència com a element nuclear en la sostenibilitat del sistema sanitari i afegint bones pràctiques en transformació digital, lean o desing thinking com exponents de per on s’orienten els models de gestió líders.</p>
<p>Per assolir les fites previstes, i com podreu comprovar en el programa tot consultant la web de les Jornades &#8211; <a href="http://www.fundacionsigno.com/xivjornadasgestion/jornadas.php">http://www.fundacionsigno.com/xivjornadasgestion/jornadas.php</a> -, s’han incorporat entitats i ponents de primer nivell, tallers molt rellevants i conferències que ponen ser molt inspiradores a càrrec de Jens Deerberg-Wittram el dia inaugural y de Rafael Bengoa en la cloenda.</p>

<!-- This site is optimized with the Yoast SEO plugin v27.1.1 - https://yoast.com/product/yoast-seo-wordpress/ -->
<title>XIV Jornades de gestió i avaluació en salut - Fundació TIC Salut i Social</title>
<meta name="robots" content="index, follow, max-snippet:-1, max-image-preview:large, max-video-preview:-1" />
<link rel="canonical" href="https://ticsalutsocial.atoom.space/en/event/xiv-jornades-de-gestio-i-avaluacio-en-salut/" />
<meta property="og:locale" content="en_US" />
<meta property="og:type" content="article" />
<meta property="og:title" content="XIV Jornades de gestió i avaluació en salut - Fundació TIC Salut i Social" />
<meta property="og:description" content="Aquestes Jornades es realitzen bianualment i conflueixen professionals de la gestió sanitària per tal de compartir experiències en aquest àmbit i per debatre, des de les seves diferents activitats que es programen i de la mà de líders i experts, sobre temes rellevants, d’actualitat i innovadors. Aquest any, el repte definit pel Comitè Organitzador ha [&hellip;]" />
<meta property="og:url" content="https://ticsalutsocial.atoom.space/en/event/xiv-jornades-de-gestio-i-avaluacio-en-salut/" />
<meta property="og:site_name" content="Fundació TIC Salut i Social" />
<meta property="article:modified_time" content="2021-07-21T14:23:59+00:00" />
<meta property="og:image" content="https://ticsalutsocial.atoom.space/wp-content/uploads/2018/04/jornadas_gestion_400.jpg" />
	<meta property="og:image:width" content="400" />
	<meta property="og:image:height" content="400" />
	<meta property="og:image:type" content="image/jpeg" />
<meta name="twitter:card" content="summary_large_image" />
<meta name="twitter:label1" content="Est. reading time" />
	<meta name="twitter:data1" content="1 minute" />
<script type="application/ld+json" class="yoast-schema-graph">{"@context":"https://schema.org","@graph":[{"@type":"WebPage","@id":"https://ticsalutsocial.atoom.space/en/event/xiv-jornades-de-gestio-i-avaluacio-en-salut/","url":"https://ticsalutsocial.atoom.space/en/event/xiv-jornades-de-gestio-i-avaluacio-en-salut/","name":"XIV Jornades de gestió i avaluació en salut - Fundació TIC Salut i Social","isPartOf":{"@id":"https://ticsalutsocial.atoom.space/en/#website"},"primaryImageOfPage":{"@id":"https://ticsalutsocial.atoom.space/en/event/xiv-jornades-de-gestio-i-avaluacio-en-salut/#primaryimage"},"image":{"@id":"https://ticsalutsocial.atoom.space/en/event/xiv-jornades-de-gestio-i-avaluacio-en-salut/#primaryimage"},"thumbnailUrl":"https://ticsalutsocial.atoom.space/wp-content/uploads/2018/04/jornadas_gestion_400.jpg","datePublished":"2018-04-23T08:16:34+00:00","dateModified":"2021-07-21T14:23:59+00:00","breadcrumb":{"@id":"https://ticsalutsocial.atoom.space/en/event/xiv-jornades-de-gestio-i-avaluacio-en-salut/#breadcrumb"},"inLanguage":"en-US","potentialAction":[{"@type":"ReadAction","target":["https://ticsalutsocial.atoom.space/en/event/xiv-jornades-de-gestio-i-avaluacio-en-salut/"]}]},{"@type":"ImageObject","inLanguage":"en-US","@id":"https://ticsalutsocial.atoom.space/en/event/xiv-jornades-de-gestio-i-avaluacio-en-salut/#primaryimage","url":"https://ticsalutsocial.atoom.space/wp-content/uploads/2018/04/jornadas_gestion_400.jpg","contentUrl":"https://ticsalutsocial.atoom.space/wp-content/uploads/2018/04/jornadas_gestion_400.jpg","width":400,"height":400},{"@type":"BreadcrumbList","@id":"https://ticsalutsocial.atoom.space/en/event/xiv-jornades-de-gestio-i-avaluacio-en-salut/#breadcrumb","itemListElement":[{"@type":"ListItem","position":1,"name":"Inici","item":"https://ticsalutsocial.atoom.space/en/"},{"@type":"ListItem","position":2,"name":"XIV Jornades de gestió i avaluació en salut"}]},{"@type":"WebSite","@id":"https://ticsalutsocial.atoom.space/en/#website","url":"https://ticsalutsocial.atoom.space/en/","name":"Fundació TIC Salut i Social","description":"","potentialAction":[{"@type":"SearchAction","target":{"@type":"EntryPoint","urlTemplate":"https://ticsalutsocial.atoom.space/en/?s={search_term_string}"},"query-input":{"@type":"PropertyValueSpecification","valueRequired":true,"valueName":"search_term_string"}}],"inLanguage":"en-US"}]}</script>
<!-- / Yoast SEO plugin. -->

XIV Jornades de gestió i avaluació en salut - Fundació TIC Salut i Social

Aquestes Jornades es realitzen bianualment i conflueixen professionals de la gestió sanitària per tal de compartir experiències en aquest àmbit i per debatre, des de les seves diferents activitats que es programen i de la mà de líders i experts, sobre temes rellevants, d’actualitat i innovadors. Aquest any, el repte definit pel Comitè Organitzador ha [&hellip;]

Fundació TIC Salut i Social
