
{"id":5739,"date":"2019-06-06T12:40:32","date_gmt":"2019-06-06T10:40:32","guid":{"rendered":"https:\/\/ticsalutsocial.atoom.space\/?post_type=event&#038;p=5739"},"modified":"2021-07-21T16:24:14","modified_gmt":"2021-07-21T14:24:14","slug":"xpatient-barcelona-congress","status":"publish","type":"event","link":"https:\/\/ticsalutsocial.atoom.space\/en\/event\/xpatient-barcelona-congress\/","title":{"rendered":"XPatient Barcelona Congress"},"content":{"rendered":"<p><strong>Qu\u00e8 \u00e9s l&#8217;XPatient Barcelona Congress?<\/strong><\/p>\n<p>L\u2019XPatient Barcelona Congress \u00e9s una de les accions principals impulsada per l\u2019XPA Barcelona (Experi\u00e8ncia del Pacient) -una comunitat de pr\u00e0ctica que aglutina institucions de l\u2019\u00e0mbit hospitalari, tecnol\u00f2gic, de la recerca i l\u2019administraci\u00f3- per tal de transformar el model assistencial i que aquest situ\u00ef el pacient com a l\u2019element clau i prioritari.<\/p>\n<p>En el congr\u00e9s es donaran a con\u00e8ixer les conclusions extretes dels tallers i activitats pr\u00f2pies de l\u2019XPA Barcelona i es convidar\u00e0 a la comunitat m\u00e8dica a participar dels resultats extrets, per tal de fer aflorar les iniciatives i bones pr\u00e0ctiques i ajudar a implementar-les en el sistema de salut.<\/p>\n<p>El comit\u00e8 organitzador de l\u2019XPatient Barcelona apunta que l\u2019experi\u00e8ncia del pacient conforma el tercer pilar de la qualitat en l\u2019assist\u00e8ncia m\u00e8dica, conjuntament amb la seguretat i l\u2019efectivitat del tractament.<\/p>\n<p><strong>\u00a0OBJECTIUS PRINCIPALS<\/strong><\/p>\n<ul>\n<li>Donar a con\u00e8ixer la tasca i les conclusions dels tallers realitzats per la Comunidad de Pr\u00e0ctica<\/li>\n<li>Detectar les bones pr\u00e0ctiques i promoure la seva implantaci\u00f3 en el sistema de salut catal\u00e0<\/li>\n<li>Fer aflorar la recerca que s\u2019est\u00e0 duent a terme en el camp de la millora de la qualitat assistencial<\/li>\n<li>Esdevenir el punt de trobada anual dels professionals que treballen en la millora de la qualitat assistencial i les empreses de serveis amb solucions per aquest sector<\/li>\n<\/ul>\n<p><strong>A qui s&#8217;adre\u00e7a?<\/strong><\/p>\n<ul>\n<li>Pacients, cuidadors i familiars<\/li>\n<li>Associacions de pacients i entitats del 3r sector dedicades a l\u2019atenci\u00f3 del pacient<\/li>\n<li>Entitats de recerca aplicada al sector assistencial (Universitats, centres tecnol\u00f2gics, etc.)<\/li>\n<li>Administracions p\u00fabliques i entitats privades amb capacitat de decisi\u00f3 sobre l\u2019adopci\u00f3 de noves solucions i pr\u00e0ctiques que millorin la qualitat assistencial del pacient<\/li>\n<li>Empreses de serveis i empreses de tecnologies amb solucions per a la millora de la qualitat assistencial<\/li>\n<\/ul>\n<p><strong>ORGANITZADOR<\/strong><br \/>\nEURECAT &#8211; EVENTS<br \/>\nTEL\u00c8FON\u00a093 238 14 00<br \/>\nEMAIL\u00a0\u00a0events@eurecat.org<\/p>\n<p>&nbsp;<\/p>\n","protected":false},"featured_media":6815,"menu_order":0,"template":"","meta":{"_acf_changed":false,"inline_featured_image":false},"tipus":[],"topic":[120],"class_list":["post-5739","event","type-event","status-publish","has-post-thumbnail","hentry","topic-dpo"],"acf":{"imatge":3259,"informacio":{"ubicacio":"CaixaForum","data":"20\/09\/2018","hora":"","preu":"","inscripcions":""}},"yoast_head":"<!-- This site is optimized with the Yoast SEO plugin v27.1.1 - https:\/\/yoast.com\/product\/yoast-seo-wordpress\/ -->\n<title>XPatient Barcelona Congress - Fundaci\u00f3 TIC Salut i Social<\/title>\n<meta name=\"robots\" content=\"index, follow, max-snippet:-1, max-image-preview:large, max-video-preview:-1\" \/>\n<link rel=\"canonical\" href=\"https:\/\/ticsalutsocial.atoom.space\/en\/event\/xpatient-barcelona-congress\/\" \/>\n<meta property=\"og:locale\" content=\"en_US\" \/>\n<meta property=\"og:type\" content=\"article\" \/>\n<meta property=\"og:title\" content=\"XPatient Barcelona Congress - Fundaci\u00f3 TIC Salut i Social\" \/>\n<meta property=\"og:description\" content=\"Qu\u00e8 \u00e9s l&#8217;XPatient Barcelona Congress? L\u2019XPatient Barcelona Congress \u00e9s una de les accions principals impulsada per l\u2019XPA Barcelona (Experi\u00e8ncia del Pacient) -una comunitat de pr\u00e0ctica que aglutina institucions de l\u2019\u00e0mbit hospitalari, tecnol\u00f2gic, de la recerca i l\u2019administraci\u00f3- per tal de transformar el model assistencial i que aquest situ\u00ef el pacient com a l\u2019element clau i [&hellip;]\" \/>\n<meta property=\"og:url\" content=\"https:\/\/ticsalutsocial.atoom.space\/en\/event\/xpatient-barcelona-congress\/\" \/>\n<meta property=\"og:site_name\" content=\"Fundaci\u00f3 TIC Salut i Social\" \/>\n<meta property=\"article:modified_time\" content=\"2021-07-21T14:24:14+00:00\" \/>\n<meta property=\"og:image\" content=\"https:\/\/ticsalutsocial.atoom.space\/wp-content\/uploads\/2018\/05\/01.png\" \/>\n\t<meta property=\"og:image:width\" content=\"1152\" \/>\n\t<meta property=\"og:image:height\" content=\"1152\" \/>\n\t<meta property=\"og:image:type\" content=\"image\/png\" \/>\n<meta name=\"twitter:card\" content=\"summary_large_image\" \/>\n<meta name=\"twitter:label1\" content=\"Est. reading time\" \/>\n\t<meta name=\"twitter:data1\" content=\"2 minutes\" \/>\n<script type=\"application\/ld+json\" class=\"yoast-schema-graph\">{\"@context\":\"https:\/\/schema.org\",\"@graph\":[{\"@type\":\"WebPage\",\"@id\":\"https:\/\/ticsalutsocial.atoom.space\/en\/event\/xpatient-barcelona-congress\/\",\"url\":\"https:\/\/ticsalutsocial.atoom.space\/en\/event\/xpatient-barcelona-congress\/\",\"name\":\"XPatient Barcelona Congress - Fundaci\u00f3 TIC Salut i Social\",\"isPartOf\":{\"@id\":\"https:\/\/ticsalutsocial.atoom.space\/en\/#website\"},\"primaryImageOfPage\":{\"@id\":\"https:\/\/ticsalutsocial.atoom.space\/en\/event\/xpatient-barcelona-congress\/#primaryimage\"},\"image\":{\"@id\":\"https:\/\/ticsalutsocial.atoom.space\/en\/event\/xpatient-barcelona-congress\/#primaryimage\"},\"thumbnailUrl\":\"https:\/\/ticsalutsocial.atoom.space\/wp-content\/uploads\/2018\/05\/01.png\",\"datePublished\":\"2019-06-06T10:40:32+00:00\",\"dateModified\":\"2021-07-21T14:24:14+00:00\",\"breadcrumb\":{\"@id\":\"https:\/\/ticsalutsocial.atoom.space\/en\/event\/xpatient-barcelona-congress\/#breadcrumb\"},\"inLanguage\":\"en-US\",\"potentialAction\":[{\"@type\":\"ReadAction\",\"target\":[\"https:\/\/ticsalutsocial.atoom.space\/en\/event\/xpatient-barcelona-congress\/\"]}]},{\"@type\":\"ImageObject\",\"inLanguage\":\"en-US\",\"@id\":\"https:\/\/ticsalutsocial.atoom.space\/en\/event\/xpatient-barcelona-congress\/#primaryimage\",\"url\":\"https:\/\/ticsalutsocial.atoom.space\/wp-content\/uploads\/2018\/05\/01.png\",\"contentUrl\":\"https:\/\/ticsalutsocial.atoom.space\/wp-content\/uploads\/2018\/05\/01.png\",\"width\":1152,\"height\":1152},{\"@type\":\"BreadcrumbList\",\"@id\":\"https:\/\/ticsalutsocial.atoom.space\/en\/event\/xpatient-barcelona-congress\/#breadcrumb\",\"itemListElement\":[{\"@type\":\"ListItem\",\"position\":1,\"name\":\"Inici\",\"item\":\"https:\/\/ticsalutsocial.atoom.space\/en\/\"},{\"@type\":\"ListItem\",\"position\":2,\"name\":\"XPatient Barcelona Congress\"}]},{\"@type\":\"WebSite\",\"@id\":\"https:\/\/ticsalutsocial.atoom.space\/en\/#website\",\"url\":\"https:\/\/ticsalutsocial.atoom.space\/en\/\",\"name\":\"Fundaci\u00f3 TIC Salut i Social\",\"description\":\"\",\"potentialAction\":[{\"@type\":\"SearchAction\",\"target\":{\"@type\":\"EntryPoint\",\"urlTemplate\":\"https:\/\/ticsalutsocial.atoom.space\/en\/?s={search_term_string}\"},\"query-input\":{\"@type\":\"PropertyValueSpecification\",\"valueRequired\":true,\"valueName\":\"search_term_string\"}}],\"inLanguage\":\"en-US\"}]}<\/script>\n<!-- \/ Yoast SEO plugin. -->","yoast_head_json":{"title":"XPatient Barcelona Congress - Fundaci\u00f3 TIC Salut i Social","robots":{"index":"index","follow":"follow","max-snippet":"max-snippet:-1","max-image-preview":"max-image-preview:large","max-video-preview":"max-video-preview:-1"},"canonical":"https:\/\/ticsalutsocial.atoom.space\/en\/event\/xpatient-barcelona-congress\/","og_locale":"en_US","og_type":"article","og_title":"XPatient Barcelona Congress - Fundaci\u00f3 TIC Salut i Social","og_description":"Qu\u00e8 \u00e9s l&#8217;XPatient Barcelona Congress? L\u2019XPatient Barcelona Congress \u00e9s una de les accions principals impulsada per l\u2019XPA Barcelona (Experi\u00e8ncia del Pacient) -una comunitat de pr\u00e0ctica que aglutina institucions de l\u2019\u00e0mbit hospitalari, tecnol\u00f2gic, de la recerca i l\u2019administraci\u00f3- per tal de transformar el model assistencial i que aquest situ\u00ef el pacient com a l\u2019element clau i [&hellip;]","og_url":"https:\/\/ticsalutsocial.atoom.space\/en\/event\/xpatient-barcelona-congress\/","og_site_name":"Fundaci\u00f3 TIC Salut i Social","article_modified_time":"2021-07-21T14:24:14+00:00","og_image":[{"width":1152,"height":1152,"url":"https:\/\/ticsalutsocial.atoom.space\/wp-content\/uploads\/2018\/05\/01.png","type":"image\/png"}],"twitter_card":"summary_large_image","twitter_misc":{"Est. reading time":"2 minutes"},"schema":{"@context":"https:\/\/schema.org","@graph":[{"@type":"WebPage","@id":"https:\/\/ticsalutsocial.atoom.space\/en\/event\/xpatient-barcelona-congress\/","url":"https:\/\/ticsalutsocial.atoom.space\/en\/event\/xpatient-barcelona-congress\/","name":"XPatient Barcelona Congress - Fundaci\u00f3 TIC Salut i Social","isPartOf":{"@id":"https:\/\/ticsalutsocial.atoom.space\/en\/#website"},"primaryImageOfPage":{"@id":"https:\/\/ticsalutsocial.atoom.space\/en\/event\/xpatient-barcelona-congress\/#primaryimage"},"image":{"@id":"https:\/\/ticsalutsocial.atoom.space\/en\/event\/xpatient-barcelona-congress\/#primaryimage"},"thumbnailUrl":"https:\/\/ticsalutsocial.atoom.space\/wp-content\/uploads\/2018\/05\/01.png","datePublished":"2019-06-06T10:40:32+00:00","dateModified":"2021-07-21T14:24:14+00:00","breadcrumb":{"@id":"https:\/\/ticsalutsocial.atoom.space\/en\/event\/xpatient-barcelona-congress\/#breadcrumb"},"inLanguage":"en-US","potentialAction":[{"@type":"ReadAction","target":["https:\/\/ticsalutsocial.atoom.space\/en\/event\/xpatient-barcelona-congress\/"]}]},{"@type":"ImageObject","inLanguage":"en-US","@id":"https:\/\/ticsalutsocial.atoom.space\/en\/event\/xpatient-barcelona-congress\/#primaryimage","url":"https:\/\/ticsalutsocial.atoom.space\/wp-content\/uploads\/2018\/05\/01.png","contentUrl":"https:\/\/ticsalutsocial.atoom.space\/wp-content\/uploads\/2018\/05\/01.png","width":1152,"height":1152},{"@type":"BreadcrumbList","@id":"https:\/\/ticsalutsocial.atoom.space\/en\/event\/xpatient-barcelona-congress\/#breadcrumb","itemListElement":[{"@type":"ListItem","position":1,"name":"Inici","item":"https:\/\/ticsalutsocial.atoom.space\/en\/"},{"@type":"ListItem","position":2,"name":"XPatient Barcelona Congress"}]},{"@type":"WebSite","@id":"https:\/\/ticsalutsocial.atoom.space\/en\/#website","url":"https:\/\/ticsalutsocial.atoom.space\/en\/","name":"Fundaci\u00f3 TIC Salut i Social","description":"","potentialAction":[{"@type":"SearchAction","target":{"@type":"EntryPoint","urlTemplate":"https:\/\/ticsalutsocial.atoom.space\/en\/?s={search_term_string}"},"query-input":{"@type":"PropertyValueSpecification","valueRequired":true,"valueName":"search_term_string"}}],"inLanguage":"en-US"}]}},"_links":{"self":[{"href":"https:\/\/ticsalutsocial.atoom.space\/en\/wp-json\/wp\/v2\/event\/5739","targetHints":{"allow":["GET"]}}],"collection":[{"href":"https:\/\/ticsalutsocial.atoom.space\/en\/wp-json\/wp\/v2\/event"}],"about":[{"href":"https:\/\/ticsalutsocial.atoom.space\/en\/wp-json\/wp\/v2\/types\/event"}],"wp:featuredmedia":[{"embeddable":true,"href":"https:\/\/ticsalutsocial.atoom.space\/en\/wp-json\/wp\/v2\/media\/6815"}],"wp:attachment":[{"href":"https:\/\/ticsalutsocial.atoom.space\/en\/wp-json\/wp\/v2\/media?parent=5739"}],"wp:term":[{"taxonomy":"tipus","embeddable":true,"href":"https:\/\/ticsalutsocial.atoom.space\/en\/wp-json\/wp\/v2\/tipus?post=5739"},{"taxonomy":"topic","embeddable":true,"href":"https:\/\/ticsalutsocial.atoom.space\/en\/wp-json\/wp\/v2\/topic?post=5739"}],"curies":[{"name":"wp","href":"https:\/\/api.w.org\/{rel}","templated":true}]}}

<p><strong>Què és l&#8217;XPatient Barcelona Congress?</strong></p>
<p>L’XPatient Barcelona Congress és una de les accions principals impulsada per l’XPA Barcelona (Experiència del Pacient) -una comunitat de pràctica que aglutina institucions de l’àmbit hospitalari, tecnològic, de la recerca i l’administració- per tal de transformar el model assistencial i que aquest situï el pacient com a l’element clau i prioritari.</p>
<p>En el congrés es donaran a conèixer les conclusions extretes dels tallers i activitats pròpies de l’XPA Barcelona i es convidarà a la comunitat mèdica a participar dels resultats extrets, per tal de fer aflorar les iniciatives i bones pràctiques i ajudar a implementar-les en el sistema de salut.</p>
<p>El comitè organitzador de l’XPatient Barcelona apunta que l’experiència del pacient conforma el tercer pilar de la qualitat en l’assistència mèdica, conjuntament amb la seguretat i l’efectivitat del tractament.</p>
<p><strong> OBJECTIUS PRINCIPALS</strong></p>
<ul>
<li>Donar a conèixer la tasca i les conclusions dels tallers realitzats per la Comunidad de Pràctica</li>
<li>Detectar les bones pràctiques i promoure la seva implantació en el sistema de salut català</li>
<li>Fer aflorar la recerca que s’està duent a terme en el camp de la millora de la qualitat assistencial</li>
<li>Esdevenir el punt de trobada anual dels professionals que treballen en la millora de la qualitat assistencial i les empreses de serveis amb solucions per aquest sector</li>
</ul>
<p><strong>A qui s&#8217;adreça?</strong></p>
<ul>
<li>Pacients, cuidadors i familiars</li>
<li>Associacions de pacients i entitats del 3r sector dedicades a l’atenció del pacient</li>
<li>Entitats de recerca aplicada al sector assistencial (Universitats, centres tecnològics, etc.)</li>
<li>Administracions públiques i entitats privades amb capacitat de decisió sobre l’adopció de noves solucions i pràctiques que millorin la qualitat assistencial del pacient</li>
<li>Empreses de serveis i empreses de tecnologies amb solucions per a la millora de la qualitat assistencial</li>
</ul>
<p><strong>ORGANITZADOR</strong><br />
EURECAT &#8211; EVENTS<br />
TELÈFON 93 238 14 00<br />
EMAIL  events@eurecat.org</p>
<p>&nbsp;</p>

<!-- This site is optimized with the Yoast SEO plugin v27.1.1 - https://yoast.com/product/yoast-seo-wordpress/ -->
<title>XPatient Barcelona Congress - Fundació TIC Salut i Social</title>
<meta name="robots" content="index, follow, max-snippet:-1, max-image-preview:large, max-video-preview:-1" />
<link rel="canonical" href="https://ticsalutsocial.atoom.space/en/event/xpatient-barcelona-congress/" />
<meta property="og:locale" content="en_US" />
<meta property="og:type" content="article" />
<meta property="og:title" content="XPatient Barcelona Congress - Fundació TIC Salut i Social" />
<meta property="og:description" content="Què és l&#8217;XPatient Barcelona Congress? L’XPatient Barcelona Congress és una de les accions principals impulsada per l’XPA Barcelona (Experiència del Pacient) -una comunitat de pràctica que aglutina institucions de l’àmbit hospitalari, tecnològic, de la recerca i l’administració- per tal de transformar el model assistencial i que aquest situï el pacient com a l’element clau i [&hellip;]" />
<meta property="og:url" content="https://ticsalutsocial.atoom.space/en/event/xpatient-barcelona-congress/" />
<meta property="og:site_name" content="Fundació TIC Salut i Social" />
<meta property="article:modified_time" content="2021-07-21T14:24:14+00:00" />
<meta property="og:image" content="https://ticsalutsocial.atoom.space/wp-content/uploads/2018/05/01.png" />
	<meta property="og:image:width" content="1152" />
	<meta property="og:image:height" content="1152" />
	<meta property="og:image:type" content="image/png" />
<meta name="twitter:card" content="summary_large_image" />
<meta name="twitter:label1" content="Est. reading time" />
	<meta name="twitter:data1" content="2 minutes" />
<script type="application/ld+json" class="yoast-schema-graph">{"@context":"https://schema.org","@graph":[{"@type":"WebPage","@id":"https://ticsalutsocial.atoom.space/en/event/xpatient-barcelona-congress/","url":"https://ticsalutsocial.atoom.space/en/event/xpatient-barcelona-congress/","name":"XPatient Barcelona Congress - Fundació TIC Salut i Social","isPartOf":{"@id":"https://ticsalutsocial.atoom.space/en/#website"},"primaryImageOfPage":{"@id":"https://ticsalutsocial.atoom.space/en/event/xpatient-barcelona-congress/#primaryimage"},"image":{"@id":"https://ticsalutsocial.atoom.space/en/event/xpatient-barcelona-congress/#primaryimage"},"thumbnailUrl":"https://ticsalutsocial.atoom.space/wp-content/uploads/2018/05/01.png","datePublished":"2019-06-06T10:40:32+00:00","dateModified":"2021-07-21T14:24:14+00:00","breadcrumb":{"@id":"https://ticsalutsocial.atoom.space/en/event/xpatient-barcelona-congress/#breadcrumb"},"inLanguage":"en-US","potentialAction":[{"@type":"ReadAction","target":["https://ticsalutsocial.atoom.space/en/event/xpatient-barcelona-congress/"]}]},{"@type":"ImageObject","inLanguage":"en-US","@id":"https://ticsalutsocial.atoom.space/en/event/xpatient-barcelona-congress/#primaryimage","url":"https://ticsalutsocial.atoom.space/wp-content/uploads/2018/05/01.png","contentUrl":"https://ticsalutsocial.atoom.space/wp-content/uploads/2018/05/01.png","width":1152,"height":1152},{"@type":"BreadcrumbList","@id":"https://ticsalutsocial.atoom.space/en/event/xpatient-barcelona-congress/#breadcrumb","itemListElement":[{"@type":"ListItem","position":1,"name":"Inici","item":"https://ticsalutsocial.atoom.space/en/"},{"@type":"ListItem","position":2,"name":"XPatient Barcelona Congress"}]},{"@type":"WebSite","@id":"https://ticsalutsocial.atoom.space/en/#website","url":"https://ticsalutsocial.atoom.space/en/","name":"Fundació TIC Salut i Social","description":"","potentialAction":[{"@type":"SearchAction","target":{"@type":"EntryPoint","urlTemplate":"https://ticsalutsocial.atoom.space/en/?s={search_term_string}"},"query-input":{"@type":"PropertyValueSpecification","valueRequired":true,"valueName":"search_term_string"}}],"inLanguage":"en-US"}]}</script>
<!-- / Yoast SEO plugin. -->

XPatient Barcelona Congress - Fundació TIC Salut i Social

Què és l&#8217;XPatient Barcelona Congress? L’XPatient Barcelona Congress és una de les accions principals impulsada per l’XPA Barcelona (Experiència del Pacient) -una comunitat de pràctica que aglutina institucions de l’àmbit hospitalari, tecnològic, de la recerca i l’administració- per tal de transformar el model assistencial i que aquest situï el pacient com a l’element clau i [&hellip;]

Fundació TIC Salut i Social
