
{"id":5756,"date":"2018-07-30T11:17:53","date_gmt":"2018-07-30T09:17:53","guid":{"rendered":"https:\/\/ticsalutsocial.atoom.space\/?post_type=event&#038;p=5756"},"modified":"2021-07-21T16:24:29","modified_gmt":"2021-07-21T14:24:29","slug":"technology-and-digitalisation-in-social-care-easpd-annual-conference","status":"publish","type":"event","link":"https:\/\/ticsalutsocial.atoom.space\/en\/event\/technology-and-digitalisation-in-social-care-easpd-annual-conference\/","title":{"rendered":"Technology and digitalisation in social care. EASPD Annual Conference"},"content":{"rendered":"<p>Confer\u00e8ncia Anual d\u2019EASPD \u2013 Barcelona 2018 \u201cTecnologia i digitalitzaci\u00f3 en els serveis de suport i atenci\u00f3 a les persones. L\u2019impacte en l\u2019educaci\u00f3, el treball i la vida independent\u201d, Barcelona, 4 \u2013 5 Octubre 2018.<\/p>\n<p>La confer\u00e8ncia inclou la participaci\u00f3 de diferents actors: prove\u00efdors de serveis, autoritats p\u00fabliques, organitzacions de persones amb discapacitat, universitats, investigadors, etc.<\/p>\n<p>A m\u00e9s de la confer\u00e8ncia, els assistents poden participar a un sopar de gala, grups d\u2019inter\u00e8s i reunions de comissions permanents i a l\u2019Assemblea General que nom\u00e9s est\u00e0 oberta als membres de l\u2019EASPD (6 d\u2019octubre).<\/p>\n","protected":false},"featured_media":3539,"menu_order":0,"template":"","meta":{"_acf_changed":false,"inline_featured_image":false},"tipus":[],"topic":[120,128],"class_list":["post-5756","event","type-event","status-publish","has-post-thumbnail","hentry","topic-dpo","topic-projects"],"acf":{"imatge":3540,"informacio":{"ubicacio":"CaixaForum","data":"04\/10\/2018","hora":"De 9:30h a 17:00h","preu":"","inscripcions":""}},"yoast_head":"<!-- This site is optimized with the Yoast SEO plugin v27.1.1 - https:\/\/yoast.com\/product\/yoast-seo-wordpress\/ -->\n<title>Technology and digitalisation in social care. EASPD Annual Conference - Fundaci\u00f3 TIC Salut i Social<\/title>\n<meta name=\"robots\" content=\"index, follow, max-snippet:-1, max-image-preview:large, max-video-preview:-1\" \/>\n<link rel=\"canonical\" href=\"https:\/\/ticsalutsocial.atoom.space\/en\/event\/technology-and-digitalisation-in-social-care-easpd-annual-conference\/\" \/>\n<meta property=\"og:locale\" content=\"en_US\" \/>\n<meta property=\"og:type\" content=\"article\" \/>\n<meta property=\"og:title\" content=\"Technology and digitalisation in social care. EASPD Annual Conference - Fundaci\u00f3 TIC Salut i Social\" \/>\n<meta property=\"og:description\" content=\"Confer\u00e8ncia Anual d\u2019EASPD \u2013 Barcelona 2018 \u201cTecnologia i digitalitzaci\u00f3 en els serveis de suport i atenci\u00f3 a les persones. L\u2019impacte en l\u2019educaci\u00f3, el treball i la vida independent\u201d, Barcelona, 4 \u2013 5 Octubre 2018. La confer\u00e8ncia inclou la participaci\u00f3 de diferents actors: prove\u00efdors de serveis, autoritats p\u00fabliques, organitzacions de persones amb discapacitat, universitats, investigadors, etc. [&hellip;]\" \/>\n<meta property=\"og:url\" content=\"https:\/\/ticsalutsocial.atoom.space\/en\/event\/technology-and-digitalisation-in-social-care-easpd-annual-conference\/\" \/>\n<meta property=\"og:site_name\" content=\"Fundaci\u00f3 TIC Salut i Social\" \/>\n<meta property=\"article:modified_time\" content=\"2021-07-21T14:24:29+00:00\" \/>\n<meta property=\"og:image\" content=\"https:\/\/ticsalutsocial.atoom.space\/wp-content\/uploads\/2018\/09\/captura-4.png\" \/>\n\t<meta property=\"og:image:width\" content=\"680\" \/>\n\t<meta property=\"og:image:height\" content=\"682\" \/>\n\t<meta property=\"og:image:type\" content=\"image\/png\" \/>\n<meta name=\"twitter:card\" content=\"summary_large_image\" \/>\n<script type=\"application\/ld+json\" class=\"yoast-schema-graph\">{\"@context\":\"https:\/\/schema.org\",\"@graph\":[{\"@type\":\"WebPage\",\"@id\":\"https:\/\/ticsalutsocial.atoom.space\/en\/event\/technology-and-digitalisation-in-social-care-easpd-annual-conference\/\",\"url\":\"https:\/\/ticsalutsocial.atoom.space\/en\/event\/technology-and-digitalisation-in-social-care-easpd-annual-conference\/\",\"name\":\"Technology and digitalisation in social care. EASPD Annual Conference - Fundaci\u00f3 TIC Salut i Social\",\"isPartOf\":{\"@id\":\"https:\/\/ticsalutsocial.atoom.space\/en\/#website\"},\"primaryImageOfPage\":{\"@id\":\"https:\/\/ticsalutsocial.atoom.space\/en\/event\/technology-and-digitalisation-in-social-care-easpd-annual-conference\/#primaryimage\"},\"image\":{\"@id\":\"https:\/\/ticsalutsocial.atoom.space\/en\/event\/technology-and-digitalisation-in-social-care-easpd-annual-conference\/#primaryimage\"},\"thumbnailUrl\":\"https:\/\/ticsalutsocial.atoom.space\/wp-content\/uploads\/2018\/09\/captura-4.png\",\"datePublished\":\"2018-07-30T09:17:53+00:00\",\"dateModified\":\"2021-07-21T14:24:29+00:00\",\"breadcrumb\":{\"@id\":\"https:\/\/ticsalutsocial.atoom.space\/en\/event\/technology-and-digitalisation-in-social-care-easpd-annual-conference\/#breadcrumb\"},\"inLanguage\":\"en-US\",\"potentialAction\":[{\"@type\":\"ReadAction\",\"target\":[\"https:\/\/ticsalutsocial.atoom.space\/en\/event\/technology-and-digitalisation-in-social-care-easpd-annual-conference\/\"]}]},{\"@type\":\"ImageObject\",\"inLanguage\":\"en-US\",\"@id\":\"https:\/\/ticsalutsocial.atoom.space\/en\/event\/technology-and-digitalisation-in-social-care-easpd-annual-conference\/#primaryimage\",\"url\":\"https:\/\/ticsalutsocial.atoom.space\/wp-content\/uploads\/2018\/09\/captura-4.png\",\"contentUrl\":\"https:\/\/ticsalutsocial.atoom.space\/wp-content\/uploads\/2018\/09\/captura-4.png\",\"width\":680,\"height\":682},{\"@type\":\"BreadcrumbList\",\"@id\":\"https:\/\/ticsalutsocial.atoom.space\/en\/event\/technology-and-digitalisation-in-social-care-easpd-annual-conference\/#breadcrumb\",\"itemListElement\":[{\"@type\":\"ListItem\",\"position\":1,\"name\":\"Inici\",\"item\":\"https:\/\/ticsalutsocial.atoom.space\/en\/\"},{\"@type\":\"ListItem\",\"position\":2,\"name\":\"Technology and digitalisation in social care. EASPD Annual Conference\"}]},{\"@type\":\"WebSite\",\"@id\":\"https:\/\/ticsalutsocial.atoom.space\/en\/#website\",\"url\":\"https:\/\/ticsalutsocial.atoom.space\/en\/\",\"name\":\"Fundaci\u00f3 TIC Salut i Social\",\"description\":\"\",\"potentialAction\":[{\"@type\":\"SearchAction\",\"target\":{\"@type\":\"EntryPoint\",\"urlTemplate\":\"https:\/\/ticsalutsocial.atoom.space\/en\/?s={search_term_string}\"},\"query-input\":{\"@type\":\"PropertyValueSpecification\",\"valueRequired\":true,\"valueName\":\"search_term_string\"}}],\"inLanguage\":\"en-US\"}]}<\/script>\n<!-- \/ Yoast SEO plugin. -->","yoast_head_json":{"title":"Technology and digitalisation in social care. EASPD Annual Conference - Fundaci\u00f3 TIC Salut i Social","robots":{"index":"index","follow":"follow","max-snippet":"max-snippet:-1","max-image-preview":"max-image-preview:large","max-video-preview":"max-video-preview:-1"},"canonical":"https:\/\/ticsalutsocial.atoom.space\/en\/event\/technology-and-digitalisation-in-social-care-easpd-annual-conference\/","og_locale":"en_US","og_type":"article","og_title":"Technology and digitalisation in social care. EASPD Annual Conference - Fundaci\u00f3 TIC Salut i Social","og_description":"Confer\u00e8ncia Anual d\u2019EASPD \u2013 Barcelona 2018 \u201cTecnologia i digitalitzaci\u00f3 en els serveis de suport i atenci\u00f3 a les persones. L\u2019impacte en l\u2019educaci\u00f3, el treball i la vida independent\u201d, Barcelona, 4 \u2013 5 Octubre 2018. La confer\u00e8ncia inclou la participaci\u00f3 de diferents actors: prove\u00efdors de serveis, autoritats p\u00fabliques, organitzacions de persones amb discapacitat, universitats, investigadors, etc. [&hellip;]","og_url":"https:\/\/ticsalutsocial.atoom.space\/en\/event\/technology-and-digitalisation-in-social-care-easpd-annual-conference\/","og_site_name":"Fundaci\u00f3 TIC Salut i Social","article_modified_time":"2021-07-21T14:24:29+00:00","og_image":[{"width":680,"height":682,"url":"https:\/\/ticsalutsocial.atoom.space\/wp-content\/uploads\/2018\/09\/captura-4.png","type":"image\/png"}],"twitter_card":"summary_large_image","schema":{"@context":"https:\/\/schema.org","@graph":[{"@type":"WebPage","@id":"https:\/\/ticsalutsocial.atoom.space\/en\/event\/technology-and-digitalisation-in-social-care-easpd-annual-conference\/","url":"https:\/\/ticsalutsocial.atoom.space\/en\/event\/technology-and-digitalisation-in-social-care-easpd-annual-conference\/","name":"Technology and digitalisation in social care. EASPD Annual Conference - Fundaci\u00f3 TIC Salut i Social","isPartOf":{"@id":"https:\/\/ticsalutsocial.atoom.space\/en\/#website"},"primaryImageOfPage":{"@id":"https:\/\/ticsalutsocial.atoom.space\/en\/event\/technology-and-digitalisation-in-social-care-easpd-annual-conference\/#primaryimage"},"image":{"@id":"https:\/\/ticsalutsocial.atoom.space\/en\/event\/technology-and-digitalisation-in-social-care-easpd-annual-conference\/#primaryimage"},"thumbnailUrl":"https:\/\/ticsalutsocial.atoom.space\/wp-content\/uploads\/2018\/09\/captura-4.png","datePublished":"2018-07-30T09:17:53+00:00","dateModified":"2021-07-21T14:24:29+00:00","breadcrumb":{"@id":"https:\/\/ticsalutsocial.atoom.space\/en\/event\/technology-and-digitalisation-in-social-care-easpd-annual-conference\/#breadcrumb"},"inLanguage":"en-US","potentialAction":[{"@type":"ReadAction","target":["https:\/\/ticsalutsocial.atoom.space\/en\/event\/technology-and-digitalisation-in-social-care-easpd-annual-conference\/"]}]},{"@type":"ImageObject","inLanguage":"en-US","@id":"https:\/\/ticsalutsocial.atoom.space\/en\/event\/technology-and-digitalisation-in-social-care-easpd-annual-conference\/#primaryimage","url":"https:\/\/ticsalutsocial.atoom.space\/wp-content\/uploads\/2018\/09\/captura-4.png","contentUrl":"https:\/\/ticsalutsocial.atoom.space\/wp-content\/uploads\/2018\/09\/captura-4.png","width":680,"height":682},{"@type":"BreadcrumbList","@id":"https:\/\/ticsalutsocial.atoom.space\/en\/event\/technology-and-digitalisation-in-social-care-easpd-annual-conference\/#breadcrumb","itemListElement":[{"@type":"ListItem","position":1,"name":"Inici","item":"https:\/\/ticsalutsocial.atoom.space\/en\/"},{"@type":"ListItem","position":2,"name":"Technology and digitalisation in social care. EASPD Annual Conference"}]},{"@type":"WebSite","@id":"https:\/\/ticsalutsocial.atoom.space\/en\/#website","url":"https:\/\/ticsalutsocial.atoom.space\/en\/","name":"Fundaci\u00f3 TIC Salut i Social","description":"","potentialAction":[{"@type":"SearchAction","target":{"@type":"EntryPoint","urlTemplate":"https:\/\/ticsalutsocial.atoom.space\/en\/?s={search_term_string}"},"query-input":{"@type":"PropertyValueSpecification","valueRequired":true,"valueName":"search_term_string"}}],"inLanguage":"en-US"}]}},"_links":{"self":[{"href":"https:\/\/ticsalutsocial.atoom.space\/en\/wp-json\/wp\/v2\/event\/5756","targetHints":{"allow":["GET"]}}],"collection":[{"href":"https:\/\/ticsalutsocial.atoom.space\/en\/wp-json\/wp\/v2\/event"}],"about":[{"href":"https:\/\/ticsalutsocial.atoom.space\/en\/wp-json\/wp\/v2\/types\/event"}],"wp:featuredmedia":[{"embeddable":true,"href":"https:\/\/ticsalutsocial.atoom.space\/en\/wp-json\/wp\/v2\/media\/3539"}],"wp:attachment":[{"href":"https:\/\/ticsalutsocial.atoom.space\/en\/wp-json\/wp\/v2\/media?parent=5756"}],"wp:term":[{"taxonomy":"tipus","embeddable":true,"href":"https:\/\/ticsalutsocial.atoom.space\/en\/wp-json\/wp\/v2\/tipus?post=5756"},{"taxonomy":"topic","embeddable":true,"href":"https:\/\/ticsalutsocial.atoom.space\/en\/wp-json\/wp\/v2\/topic?post=5756"}],"curies":[{"name":"wp","href":"https:\/\/api.w.org\/{rel}","templated":true}]}}

<p>Conferència Anual d’EASPD – Barcelona 2018 “Tecnologia i digitalització en els serveis de suport i atenció a les persones. L’impacte en l’educació, el treball i la vida independent”, Barcelona, 4 – 5 Octubre 2018.</p>
<p>La conferència inclou la participació de diferents actors: proveïdors de serveis, autoritats públiques, organitzacions de persones amb discapacitat, universitats, investigadors, etc.</p>
<p>A més de la conferència, els assistents poden participar a un sopar de gala, grups d’interès i reunions de comissions permanents i a l’Assemblea General que només està oberta als membres de l’EASPD (6 d’octubre).</p>

<!-- This site is optimized with the Yoast SEO plugin v27.1.1 - https://yoast.com/product/yoast-seo-wordpress/ -->
<title>Technology and digitalisation in social care. EASPD Annual Conference - Fundació TIC Salut i Social</title>
<meta name="robots" content="index, follow, max-snippet:-1, max-image-preview:large, max-video-preview:-1" />
<link rel="canonical" href="https://ticsalutsocial.atoom.space/en/event/technology-and-digitalisation-in-social-care-easpd-annual-conference/" />
<meta property="og:locale" content="en_US" />
<meta property="og:type" content="article" />
<meta property="og:title" content="Technology and digitalisation in social care. EASPD Annual Conference - Fundació TIC Salut i Social" />
<meta property="og:description" content="Conferència Anual d’EASPD – Barcelona 2018 “Tecnologia i digitalització en els serveis de suport i atenció a les persones. L’impacte en l’educació, el treball i la vida independent”, Barcelona, 4 – 5 Octubre 2018. La conferència inclou la participació de diferents actors: proveïdors de serveis, autoritats públiques, organitzacions de persones amb discapacitat, universitats, investigadors, etc. [&hellip;]" />
<meta property="og:url" content="https://ticsalutsocial.atoom.space/en/event/technology-and-digitalisation-in-social-care-easpd-annual-conference/" />
<meta property="og:site_name" content="Fundació TIC Salut i Social" />
<meta property="article:modified_time" content="2021-07-21T14:24:29+00:00" />
<meta property="og:image" content="https://ticsalutsocial.atoom.space/wp-content/uploads/2018/09/captura-4.png" />
	<meta property="og:image:width" content="680" />
	<meta property="og:image:height" content="682" />
	<meta property="og:image:type" content="image/png" />
<meta name="twitter:card" content="summary_large_image" />
<script type="application/ld+json" class="yoast-schema-graph">{"@context":"https://schema.org","@graph":[{"@type":"WebPage","@id":"https://ticsalutsocial.atoom.space/en/event/technology-and-digitalisation-in-social-care-easpd-annual-conference/","url":"https://ticsalutsocial.atoom.space/en/event/technology-and-digitalisation-in-social-care-easpd-annual-conference/","name":"Technology and digitalisation in social care. EASPD Annual Conference - Fundació TIC Salut i Social","isPartOf":{"@id":"https://ticsalutsocial.atoom.space/en/#website"},"primaryImageOfPage":{"@id":"https://ticsalutsocial.atoom.space/en/event/technology-and-digitalisation-in-social-care-easpd-annual-conference/#primaryimage"},"image":{"@id":"https://ticsalutsocial.atoom.space/en/event/technology-and-digitalisation-in-social-care-easpd-annual-conference/#primaryimage"},"thumbnailUrl":"https://ticsalutsocial.atoom.space/wp-content/uploads/2018/09/captura-4.png","datePublished":"2018-07-30T09:17:53+00:00","dateModified":"2021-07-21T14:24:29+00:00","breadcrumb":{"@id":"https://ticsalutsocial.atoom.space/en/event/technology-and-digitalisation-in-social-care-easpd-annual-conference/#breadcrumb"},"inLanguage":"en-US","potentialAction":[{"@type":"ReadAction","target":["https://ticsalutsocial.atoom.space/en/event/technology-and-digitalisation-in-social-care-easpd-annual-conference/"]}]},{"@type":"ImageObject","inLanguage":"en-US","@id":"https://ticsalutsocial.atoom.space/en/event/technology-and-digitalisation-in-social-care-easpd-annual-conference/#primaryimage","url":"https://ticsalutsocial.atoom.space/wp-content/uploads/2018/09/captura-4.png","contentUrl":"https://ticsalutsocial.atoom.space/wp-content/uploads/2018/09/captura-4.png","width":680,"height":682},{"@type":"BreadcrumbList","@id":"https://ticsalutsocial.atoom.space/en/event/technology-and-digitalisation-in-social-care-easpd-annual-conference/#breadcrumb","itemListElement":[{"@type":"ListItem","position":1,"name":"Inici","item":"https://ticsalutsocial.atoom.space/en/"},{"@type":"ListItem","position":2,"name":"Technology and digitalisation in social care. EASPD Annual Conference"}]},{"@type":"WebSite","@id":"https://ticsalutsocial.atoom.space/en/#website","url":"https://ticsalutsocial.atoom.space/en/","name":"Fundació TIC Salut i Social","description":"","potentialAction":[{"@type":"SearchAction","target":{"@type":"EntryPoint","urlTemplate":"https://ticsalutsocial.atoom.space/en/?s={search_term_string}"},"query-input":{"@type":"PropertyValueSpecification","valueRequired":true,"valueName":"search_term_string"}}],"inLanguage":"en-US"}]}</script>
<!-- / Yoast SEO plugin. -->

Technology and digitalisation in social care. EASPD Annual Conference - Fundació TIC Salut i Social

Conferència Anual d’EASPD – Barcelona 2018 “Tecnologia i digitalització en els serveis de suport i atenció a les persones. L’impacte en l’educació, el treball i la vida independent”, Barcelona, 4 – 5 Octubre 2018. La conferència inclou la participació de diferents actors: proveïdors de serveis, autoritats públiques, organitzacions de persones amb discapacitat, universitats, investigadors, etc. [&hellip;]

Fundació TIC Salut i Social
