
{"id":5798,"date":"2018-10-25T15:31:52","date_gmt":"2018-10-25T13:31:52","guid":{"rendered":"https:\/\/ticsalutsocial.atoom.space\/?post_type=event&#038;p=5798"},"modified":"2021-07-21T16:24:56","modified_gmt":"2021-07-21T14:24:56","slug":"el-futur-del-5g-a-europa","status":"publish","type":"event","link":"https:\/\/ticsalutsocial.atoom.space\/en\/event\/el-futur-del-5g-a-europa\/","title":{"rendered":"El futur del 5G a Europa"},"content":{"rendered":"<p>\u00ab No podem perdre el temps. Ens hem de preparar per al que sabem que passar\u00e0. Estem parlant del 5G. A Europa tenim experts, experi\u00e8ncia i compet\u00e8ncies. Tenim ja la possibilitat de treballar en molts sectors per definir la connectivitat de qu\u00e8 disposarem en el futur. I en el futur la gent que treballa a l&#8217;administraci\u00f3, als serveis p\u00fablics, a la ind\u00fastria, la sanitat, l&#8217;agricultura o el transport far\u00e0 servir les xarxes 5G per oferir nous productes i serveis intel\u00b7ligents basats en la connectivitat de la propera generaci\u00f3. Tothom hi t\u00e9 un paper. Podem i hem de ser l\u00edders. Posem-nos-hi tots plegats per fer-ho possible. \u00bb<br \/>\nAndrus Ansip, vicepresident de la Comissi\u00f3 Europea.<\/p>\n<p><strong>Programa<\/strong><\/p>\n<p>10h15 Acreditaci\u00f3<\/p>\n<p>10h30 Inauguraci\u00f3 i presentaci\u00f3 de la jornada<\/p>\n<ul>\n<li>Ferran Tarradellas director de la Representaci\u00f3 de la Comissi\u00f3 Europea a Barcelona<\/li>\n<li>Jordi Puigner\u00f3 conseller de Pol\u00edtiques Digitals i Administraci\u00f3 P\u00fablica del Govern de la Generalitat de Catalunya<\/li>\n<\/ul>\n<p>10h50 El Futur de 5G a la Uni\u00f3 Europea<\/p>\n<p>Roberto Viola director general de la Direcci\u00f3 General de Xarxes de Comunicaci\u00f3, Continguts i Tecnologia de la Comissi\u00f3 Europea (DG CNECT)<\/p>\n<p>11h30 El desplegament del 5G: reptes i oportunitats. Debat moderat per Gina Tost periodista<\/p>\n<ul>\n<li>Oscar Pallarols Global Commercial Director de Cellnex<\/li>\n<li>Sergi Figuerola director de Tecnologia i Innovaci\u00f3 a i2cat<\/li>\n<li>Daniel Marco director de smartCATALONIA del Departament de Pol\u00edtiques Digitals de la Generalitat de Catalunya<\/li>\n<li>Roberto Viola director general de la Direcci\u00f3 General de Xarxes de Comunicaci\u00f3, Continguts i Tecnologia de la Comissi\u00f3 Europea (DG CNECT)<\/li>\n<\/ul>\n<p>12h30 Caf\u00e8 i networking<\/p>\n<p>13h00 Les aplicacions del 5G a la ind\u00fastria: oportunitats de mercat. Debat moderat per Gina Tost periodista<\/p>\n<ul>\n<li>Maria Jes\u00fas Almazor Thinx-5G Barcelona i consellera delegada de Telef\u00f3nica<\/li>\n<li>Josu\u00e8 Sallent CEO, TIC Salut Social<\/li>\n<li>Carlos Grau director general del Mobile World Capital<\/li>\n<li>Representant de SEAT (a confirmar)<\/li>\n<\/ul>\n<p>14h00 Conclusions i cloenda<\/p>\n<p>Lleng\u00fces de treball: catal\u00e0 \u2013 angl\u00e8s \u2013 espanyol<br \/>\n(servei d&#8217;interpretaci\u00f3 simult\u00e0nia)<\/p>\n","protected":false},"featured_media":3539,"menu_order":0,"template":"","meta":{"_acf_changed":false,"inline_featured_image":false},"tipus":[],"topic":[120],"class_list":["post-5798","event","type-event","status-publish","has-post-thumbnail","hentry","topic-dpo"],"acf":{"imatge":3540,"informacio":{"ubicacio":"Recinte Modernista de Sant Pau","data":"08\/11\/2018","hora":"De 10:15h a 14:00h","preu":"Gratu\u00efta pr\u00e8via inscripci\u00f3","inscripcions":""}},"yoast_head":"<!-- This site is optimized with the Yoast SEO plugin v27.1.1 - https:\/\/yoast.com\/product\/yoast-seo-wordpress\/ -->\n<title>El futur del 5G a Europa - Fundaci\u00f3 TIC Salut i Social<\/title>\n<meta name=\"robots\" content=\"index, follow, max-snippet:-1, max-image-preview:large, max-video-preview:-1\" \/>\n<link rel=\"canonical\" href=\"https:\/\/ticsalutsocial.atoom.space\/en\/event\/el-futur-del-5g-a-europa\/\" \/>\n<meta property=\"og:locale\" content=\"en_US\" \/>\n<meta property=\"og:type\" content=\"article\" \/>\n<meta property=\"og:title\" content=\"El futur del 5G a Europa - Fundaci\u00f3 TIC Salut i Social\" \/>\n<meta property=\"og:description\" content=\"\u00ab No podem perdre el temps. Ens hem de preparar per al que sabem que passar\u00e0. Estem parlant del 5G. A Europa tenim experts, experi\u00e8ncia i compet\u00e8ncies. Tenim ja la possibilitat de treballar en molts sectors per definir la connectivitat de qu\u00e8 disposarem en el futur. I en el futur la gent que treballa a [&hellip;]\" \/>\n<meta property=\"og:url\" content=\"https:\/\/ticsalutsocial.atoom.space\/en\/event\/el-futur-del-5g-a-europa\/\" \/>\n<meta property=\"og:site_name\" content=\"Fundaci\u00f3 TIC Salut i Social\" \/>\n<meta property=\"article:modified_time\" content=\"2021-07-21T14:24:56+00:00\" \/>\n<meta property=\"og:image\" content=\"https:\/\/ticsalutsocial.atoom.space\/wp-content\/uploads\/2018\/09\/captura-4.png\" \/>\n\t<meta property=\"og:image:width\" content=\"680\" \/>\n\t<meta property=\"og:image:height\" content=\"682\" \/>\n\t<meta property=\"og:image:type\" content=\"image\/png\" \/>\n<meta name=\"twitter:card\" content=\"summary_large_image\" \/>\n<meta name=\"twitter:label1\" content=\"Est. reading time\" \/>\n\t<meta name=\"twitter:data1\" content=\"2 minutes\" \/>\n<script type=\"application\/ld+json\" class=\"yoast-schema-graph\">{\"@context\":\"https:\/\/schema.org\",\"@graph\":[{\"@type\":\"WebPage\",\"@id\":\"https:\/\/ticsalutsocial.atoom.space\/en\/event\/el-futur-del-5g-a-europa\/\",\"url\":\"https:\/\/ticsalutsocial.atoom.space\/en\/event\/el-futur-del-5g-a-europa\/\",\"name\":\"El futur del 5G a Europa - Fundaci\u00f3 TIC Salut i Social\",\"isPartOf\":{\"@id\":\"https:\/\/ticsalutsocial.atoom.space\/en\/#website\"},\"primaryImageOfPage\":{\"@id\":\"https:\/\/ticsalutsocial.atoom.space\/en\/event\/el-futur-del-5g-a-europa\/#primaryimage\"},\"image\":{\"@id\":\"https:\/\/ticsalutsocial.atoom.space\/en\/event\/el-futur-del-5g-a-europa\/#primaryimage\"},\"thumbnailUrl\":\"https:\/\/ticsalutsocial.atoom.space\/wp-content\/uploads\/2018\/09\/captura-4.png\",\"datePublished\":\"2018-10-25T13:31:52+00:00\",\"dateModified\":\"2021-07-21T14:24:56+00:00\",\"breadcrumb\":{\"@id\":\"https:\/\/ticsalutsocial.atoom.space\/en\/event\/el-futur-del-5g-a-europa\/#breadcrumb\"},\"inLanguage\":\"en-US\",\"potentialAction\":[{\"@type\":\"ReadAction\",\"target\":[\"https:\/\/ticsalutsocial.atoom.space\/en\/event\/el-futur-del-5g-a-europa\/\"]}]},{\"@type\":\"ImageObject\",\"inLanguage\":\"en-US\",\"@id\":\"https:\/\/ticsalutsocial.atoom.space\/en\/event\/el-futur-del-5g-a-europa\/#primaryimage\",\"url\":\"https:\/\/ticsalutsocial.atoom.space\/wp-content\/uploads\/2018\/09\/captura-4.png\",\"contentUrl\":\"https:\/\/ticsalutsocial.atoom.space\/wp-content\/uploads\/2018\/09\/captura-4.png\",\"width\":680,\"height\":682},{\"@type\":\"BreadcrumbList\",\"@id\":\"https:\/\/ticsalutsocial.atoom.space\/en\/event\/el-futur-del-5g-a-europa\/#breadcrumb\",\"itemListElement\":[{\"@type\":\"ListItem\",\"position\":1,\"name\":\"Inici\",\"item\":\"https:\/\/ticsalutsocial.atoom.space\/en\/\"},{\"@type\":\"ListItem\",\"position\":2,\"name\":\"El futur del 5G a Europa\"}]},{\"@type\":\"WebSite\",\"@id\":\"https:\/\/ticsalutsocial.atoom.space\/en\/#website\",\"url\":\"https:\/\/ticsalutsocial.atoom.space\/en\/\",\"name\":\"Fundaci\u00f3 TIC Salut i Social\",\"description\":\"\",\"potentialAction\":[{\"@type\":\"SearchAction\",\"target\":{\"@type\":\"EntryPoint\",\"urlTemplate\":\"https:\/\/ticsalutsocial.atoom.space\/en\/?s={search_term_string}\"},\"query-input\":{\"@type\":\"PropertyValueSpecification\",\"valueRequired\":true,\"valueName\":\"search_term_string\"}}],\"inLanguage\":\"en-US\"}]}<\/script>\n<!-- \/ Yoast SEO plugin. -->","yoast_head_json":{"title":"El futur del 5G a Europa - Fundaci\u00f3 TIC Salut i Social","robots":{"index":"index","follow":"follow","max-snippet":"max-snippet:-1","max-image-preview":"max-image-preview:large","max-video-preview":"max-video-preview:-1"},"canonical":"https:\/\/ticsalutsocial.atoom.space\/en\/event\/el-futur-del-5g-a-europa\/","og_locale":"en_US","og_type":"article","og_title":"El futur del 5G a Europa - Fundaci\u00f3 TIC Salut i Social","og_description":"\u00ab No podem perdre el temps. Ens hem de preparar per al que sabem que passar\u00e0. Estem parlant del 5G. A Europa tenim experts, experi\u00e8ncia i compet\u00e8ncies. Tenim ja la possibilitat de treballar en molts sectors per definir la connectivitat de qu\u00e8 disposarem en el futur. I en el futur la gent que treballa a [&hellip;]","og_url":"https:\/\/ticsalutsocial.atoom.space\/en\/event\/el-futur-del-5g-a-europa\/","og_site_name":"Fundaci\u00f3 TIC Salut i Social","article_modified_time":"2021-07-21T14:24:56+00:00","og_image":[{"width":680,"height":682,"url":"https:\/\/ticsalutsocial.atoom.space\/wp-content\/uploads\/2018\/09\/captura-4.png","type":"image\/png"}],"twitter_card":"summary_large_image","twitter_misc":{"Est. reading time":"2 minutes"},"schema":{"@context":"https:\/\/schema.org","@graph":[{"@type":"WebPage","@id":"https:\/\/ticsalutsocial.atoom.space\/en\/event\/el-futur-del-5g-a-europa\/","url":"https:\/\/ticsalutsocial.atoom.space\/en\/event\/el-futur-del-5g-a-europa\/","name":"El futur del 5G a Europa - Fundaci\u00f3 TIC Salut i Social","isPartOf":{"@id":"https:\/\/ticsalutsocial.atoom.space\/en\/#website"},"primaryImageOfPage":{"@id":"https:\/\/ticsalutsocial.atoom.space\/en\/event\/el-futur-del-5g-a-europa\/#primaryimage"},"image":{"@id":"https:\/\/ticsalutsocial.atoom.space\/en\/event\/el-futur-del-5g-a-europa\/#primaryimage"},"thumbnailUrl":"https:\/\/ticsalutsocial.atoom.space\/wp-content\/uploads\/2018\/09\/captura-4.png","datePublished":"2018-10-25T13:31:52+00:00","dateModified":"2021-07-21T14:24:56+00:00","breadcrumb":{"@id":"https:\/\/ticsalutsocial.atoom.space\/en\/event\/el-futur-del-5g-a-europa\/#breadcrumb"},"inLanguage":"en-US","potentialAction":[{"@type":"ReadAction","target":["https:\/\/ticsalutsocial.atoom.space\/en\/event\/el-futur-del-5g-a-europa\/"]}]},{"@type":"ImageObject","inLanguage":"en-US","@id":"https:\/\/ticsalutsocial.atoom.space\/en\/event\/el-futur-del-5g-a-europa\/#primaryimage","url":"https:\/\/ticsalutsocial.atoom.space\/wp-content\/uploads\/2018\/09\/captura-4.png","contentUrl":"https:\/\/ticsalutsocial.atoom.space\/wp-content\/uploads\/2018\/09\/captura-4.png","width":680,"height":682},{"@type":"BreadcrumbList","@id":"https:\/\/ticsalutsocial.atoom.space\/en\/event\/el-futur-del-5g-a-europa\/#breadcrumb","itemListElement":[{"@type":"ListItem","position":1,"name":"Inici","item":"https:\/\/ticsalutsocial.atoom.space\/en\/"},{"@type":"ListItem","position":2,"name":"El futur del 5G a Europa"}]},{"@type":"WebSite","@id":"https:\/\/ticsalutsocial.atoom.space\/en\/#website","url":"https:\/\/ticsalutsocial.atoom.space\/en\/","name":"Fundaci\u00f3 TIC Salut i Social","description":"","potentialAction":[{"@type":"SearchAction","target":{"@type":"EntryPoint","urlTemplate":"https:\/\/ticsalutsocial.atoom.space\/en\/?s={search_term_string}"},"query-input":{"@type":"PropertyValueSpecification","valueRequired":true,"valueName":"search_term_string"}}],"inLanguage":"en-US"}]}},"_links":{"self":[{"href":"https:\/\/ticsalutsocial.atoom.space\/en\/wp-json\/wp\/v2\/event\/5798","targetHints":{"allow":["GET"]}}],"collection":[{"href":"https:\/\/ticsalutsocial.atoom.space\/en\/wp-json\/wp\/v2\/event"}],"about":[{"href":"https:\/\/ticsalutsocial.atoom.space\/en\/wp-json\/wp\/v2\/types\/event"}],"wp:featuredmedia":[{"embeddable":true,"href":"https:\/\/ticsalutsocial.atoom.space\/en\/wp-json\/wp\/v2\/media\/3539"}],"wp:attachment":[{"href":"https:\/\/ticsalutsocial.atoom.space\/en\/wp-json\/wp\/v2\/media?parent=5798"}],"wp:term":[{"taxonomy":"tipus","embeddable":true,"href":"https:\/\/ticsalutsocial.atoom.space\/en\/wp-json\/wp\/v2\/tipus?post=5798"},{"taxonomy":"topic","embeddable":true,"href":"https:\/\/ticsalutsocial.atoom.space\/en\/wp-json\/wp\/v2\/topic?post=5798"}],"curies":[{"name":"wp","href":"https:\/\/api.w.org\/{rel}","templated":true}]}}

<p>« No podem perdre el temps. Ens hem de preparar per al que sabem que passarà. Estem parlant del 5G. A Europa tenim experts, experiència i competències. Tenim ja la possibilitat de treballar en molts sectors per definir la connectivitat de què disposarem en el futur. I en el futur la gent que treballa a l&#8217;administració, als serveis públics, a la indústria, la sanitat, l&#8217;agricultura o el transport farà servir les xarxes 5G per oferir nous productes i serveis intel·ligents basats en la connectivitat de la propera generació. Tothom hi té un paper. Podem i hem de ser líders. Posem-nos-hi tots plegats per fer-ho possible. »<br />
Andrus Ansip, vicepresident de la Comissió Europea.</p>
<p><strong>Programa</strong></p>
<p>10h15 Acreditació</p>
<p>10h30 Inauguració i presentació de la jornada</p>
<ul>
<li>Ferran Tarradellas director de la Representació de la Comissió Europea a Barcelona</li>
<li>Jordi Puigneró conseller de Polítiques Digitals i Administració Pública del Govern de la Generalitat de Catalunya</li>
</ul>
<p>10h50 El Futur de 5G a la Unió Europea</p>
<p>Roberto Viola director general de la Direcció General de Xarxes de Comunicació, Continguts i Tecnologia de la Comissió Europea (DG CNECT)</p>
<p>11h30 El desplegament del 5G: reptes i oportunitats. Debat moderat per Gina Tost periodista</p>
<ul>
<li>Oscar Pallarols Global Commercial Director de Cellnex</li>
<li>Sergi Figuerola director de Tecnologia i Innovació a i2cat</li>
<li>Daniel Marco director de smartCATALONIA del Departament de Polítiques Digitals de la Generalitat de Catalunya</li>
<li>Roberto Viola director general de la Direcció General de Xarxes de Comunicació, Continguts i Tecnologia de la Comissió Europea (DG CNECT)</li>
</ul>
<p>12h30 Cafè i networking</p>
<p>13h00 Les aplicacions del 5G a la indústria: oportunitats de mercat. Debat moderat per Gina Tost periodista</p>
<ul>
<li>Maria Jesús Almazor Thinx-5G Barcelona i consellera delegada de Telefónica</li>
<li>Josuè Sallent CEO, TIC Salut Social</li>
<li>Carlos Grau director general del Mobile World Capital</li>
<li>Representant de SEAT (a confirmar)</li>
</ul>
<p>14h00 Conclusions i cloenda</p>
<p>Llengües de treball: català – anglès – espanyol<br />
(servei d&#8217;interpretació simultània)</p>

Gratuïta prèvia inscripció

<!-- This site is optimized with the Yoast SEO plugin v27.1.1 - https://yoast.com/product/yoast-seo-wordpress/ -->
<title>El futur del 5G a Europa - Fundació TIC Salut i Social</title>
<meta name="robots" content="index, follow, max-snippet:-1, max-image-preview:large, max-video-preview:-1" />
<link rel="canonical" href="https://ticsalutsocial.atoom.space/en/event/el-futur-del-5g-a-europa/" />
<meta property="og:locale" content="en_US" />
<meta property="og:type" content="article" />
<meta property="og:title" content="El futur del 5G a Europa - Fundació TIC Salut i Social" />
<meta property="og:description" content="« No podem perdre el temps. Ens hem de preparar per al que sabem que passarà. Estem parlant del 5G. A Europa tenim experts, experiència i competències. Tenim ja la possibilitat de treballar en molts sectors per definir la connectivitat de què disposarem en el futur. I en el futur la gent que treballa a [&hellip;]" />
<meta property="og:url" content="https://ticsalutsocial.atoom.space/en/event/el-futur-del-5g-a-europa/" />
<meta property="og:site_name" content="Fundació TIC Salut i Social" />
<meta property="article:modified_time" content="2021-07-21T14:24:56+00:00" />
<meta property="og:image" content="https://ticsalutsocial.atoom.space/wp-content/uploads/2018/09/captura-4.png" />
	<meta property="og:image:width" content="680" />
	<meta property="og:image:height" content="682" />
	<meta property="og:image:type" content="image/png" />
<meta name="twitter:card" content="summary_large_image" />
<meta name="twitter:label1" content="Est. reading time" />
	<meta name="twitter:data1" content="2 minutes" />
<script type="application/ld+json" class="yoast-schema-graph">{"@context":"https://schema.org","@graph":[{"@type":"WebPage","@id":"https://ticsalutsocial.atoom.space/en/event/el-futur-del-5g-a-europa/","url":"https://ticsalutsocial.atoom.space/en/event/el-futur-del-5g-a-europa/","name":"El futur del 5G a Europa - Fundació TIC Salut i Social","isPartOf":{"@id":"https://ticsalutsocial.atoom.space/en/#website"},"primaryImageOfPage":{"@id":"https://ticsalutsocial.atoom.space/en/event/el-futur-del-5g-a-europa/#primaryimage"},"image":{"@id":"https://ticsalutsocial.atoom.space/en/event/el-futur-del-5g-a-europa/#primaryimage"},"thumbnailUrl":"https://ticsalutsocial.atoom.space/wp-content/uploads/2018/09/captura-4.png","datePublished":"2018-10-25T13:31:52+00:00","dateModified":"2021-07-21T14:24:56+00:00","breadcrumb":{"@id":"https://ticsalutsocial.atoom.space/en/event/el-futur-del-5g-a-europa/#breadcrumb"},"inLanguage":"en-US","potentialAction":[{"@type":"ReadAction","target":["https://ticsalutsocial.atoom.space/en/event/el-futur-del-5g-a-europa/"]}]},{"@type":"ImageObject","inLanguage":"en-US","@id":"https://ticsalutsocial.atoom.space/en/event/el-futur-del-5g-a-europa/#primaryimage","url":"https://ticsalutsocial.atoom.space/wp-content/uploads/2018/09/captura-4.png","contentUrl":"https://ticsalutsocial.atoom.space/wp-content/uploads/2018/09/captura-4.png","width":680,"height":682},{"@type":"BreadcrumbList","@id":"https://ticsalutsocial.atoom.space/en/event/el-futur-del-5g-a-europa/#breadcrumb","itemListElement":[{"@type":"ListItem","position":1,"name":"Inici","item":"https://ticsalutsocial.atoom.space/en/"},{"@type":"ListItem","position":2,"name":"El futur del 5G a Europa"}]},{"@type":"WebSite","@id":"https://ticsalutsocial.atoom.space/en/#website","url":"https://ticsalutsocial.atoom.space/en/","name":"Fundació TIC Salut i Social","description":"","potentialAction":[{"@type":"SearchAction","target":{"@type":"EntryPoint","urlTemplate":"https://ticsalutsocial.atoom.space/en/?s={search_term_string}"},"query-input":{"@type":"PropertyValueSpecification","valueRequired":true,"valueName":"search_term_string"}}],"inLanguage":"en-US"}]}</script>
<!-- / Yoast SEO plugin. -->

El futur del 5G a Europa - Fundació TIC Salut i Social

« No podem perdre el temps. Ens hem de preparar per al que sabem que passarà. Estem parlant del 5G. A Europa tenim experts, experiència i competències. Tenim ja la possibilitat de treballar en molts sectors per definir la connectivitat de què disposarem en el futur. I en el futur la gent que treballa a [&hellip;]

Fundació TIC Salut i Social
