
{"id":5885,"date":"2019-02-28T14:30:06","date_gmt":"2019-02-28T12:30:06","guid":{"rendered":"https:\/\/ticsalutsocial.atoom.space\/?post_type=event&#038;p=5885"},"modified":"2021-07-21T16:25:50","modified_gmt":"2021-07-21T14:25:50","slug":"taller-sobre-lestandard-dhl7-fhir","status":"publish","type":"event","link":"https:\/\/ticsalutsocial.atoom.space\/en\/event\/taller-sobre-lestandard-dhl7-fhir\/","title":{"rendered":"Taller sobre l&#8217;est\u00e0ndard d&#8217;HL7 FHIR"},"content":{"rendered":"<p><span id=\"ember101\" class=\"ember-view\">Des de l&#8217;Oficina d&#8217;Est\u00e0ndards i Interoperabilitat de la Fundaci\u00f3 TIC Salut Social i HL7Spain estem organitzant un taller sobre l&#8217;est\u00e0ndard d&#8217;HL7 FHIR pel dies 24-25-26 d&#8217;abril a Barcelona. <\/span><\/p>\n<p><span id=\"ember101\" class=\"ember-view\">La durada del taller ser\u00e0 de 20h lectives.<\/span><\/p>\n<p>El temari constar\u00e0 de:<br \/>\n\u2022 Introducci\u00f3<br \/>\n\u2022 Conceptes clau de FHIR<br \/>\n\u2022 Recursos<br \/>\n\u2022 REST<br \/>\n\u2022 Seguretat i auditoria<br \/>\n\u2022 Treballar amb recursos FHIR.<br \/>\n\u2022 Recerques en FHIR<br \/>\n\u2022 Paradigmes FHIR<br \/>\n\u2022 FHIR REST + Transaccions<br \/>\n\u2022 Missatgeria amb FHIR<br \/>\n\u2022 Documents Cl\u00ednics amb FHIR<br \/>\n\u2022 Operacions en FHIRDos paradigmes addicionals<br \/>\n\u2022 Perfils<br \/>\n\u2022 Extensions FHIR<br \/>\n\u2022 Terminologia<br \/>\n\u2022 Publicaci\u00f3<br \/>\n\u2022 Algunes guies d&#8217;implementaci\u00f3 i perfils rellevants<\/p>\n<p>Com a docent, comptarem amb Msc. Lic. Fernando Campos:<\/p>\n<p><em>Fernando Campos es Licenciado en Sistemas de Informaci\u00f3n y Magister en Direcci\u00f3n Estrat\u00e9gica en Ingenier\u00eda de Software. Se desempe\u00f1a como Jefe del \u00c1rea de Ingenier\u00eda de Software del Departamento de Inform\u00e1tica en Salud del Hospital Italiano donde ha trabajado durante m\u00e1s de 19 a\u00f1os. Desde el 2012 es presidente de HL7 Argentina y miembro de esta organizaci\u00f3n desde el a\u00f1o 2001. Fellow HL7 y miembro del comit\u00e9 de Educaci\u00f3n de HL7 Internacional. Certificado en HL7 V2.xControl Specialist, HL7 CDA R2 Specialist, HL7 V3 RIM y recientemente HL7 FHIR Proficiency certification. Es especialista en Interoperabilidad y ha publicado libros al respecto.<\/em><\/p>\n<p>El preu del taller \u00e9s de 800\u20ac per socis d\u2019HL7 i 1200\u20ac per no socis, per\u00f2 des de la Fundaci\u00f3 TIC Salut Social oferim beques limitades per professionals dels centres del SISCAT. Tamb\u00e9 tenim previst fer descomptes per grups.<\/p>\n<p><span id=\"ember101\" class=\"ember-view\">Si hi esteu interessats podeu escriure a l&#8217;Ariadna Rius a\u00a0<\/span><a id=\"ember105\" class=\"ember-view\" href=\"mailto:arius@ticsalutsocial.cat\" target=\"_blank\" rel=\"noopener noreferrer\">arius@ticsalutsocial.cat<\/a><\/p>\n","protected":false},"featured_media":0,"menu_order":0,"template":"","meta":{"_acf_changed":false,"inline_featured_image":false},"tipus":[83],"topic":[120],"class_list":["post-5885","event","type-event","status-publish","hentry","tipus-interoperability","topic-dpo"],"acf":{"informacio":{"ubicacio":"Sala d'Actes. Edifici Salvany.","data":"24\/04\/2019","hora":"A definir","preu":"800\u20ac per socis HL7 i 1200\u20ac per no socis. *possibilitat de beques.","inscripcions":""}},"yoast_head":"<!-- This site is optimized with the Yoast SEO plugin v27.1.1 - https:\/\/yoast.com\/product\/yoast-seo-wordpress\/ -->\n<title>Taller sobre l&#039;est\u00e0ndard d&#039;HL7 FHIR - Fundaci\u00f3 TIC Salut i Social<\/title>\n<meta name=\"robots\" content=\"index, follow, max-snippet:-1, max-image-preview:large, max-video-preview:-1\" \/>\n<link rel=\"canonical\" href=\"https:\/\/ticsalutsocial.atoom.space\/en\/event\/taller-sobre-lestandard-dhl7-fhir\/\" \/>\n<meta property=\"og:locale\" content=\"en_US\" \/>\n<meta property=\"og:type\" content=\"article\" \/>\n<meta property=\"og:title\" content=\"Taller sobre l&#039;est\u00e0ndard d&#039;HL7 FHIR - Fundaci\u00f3 TIC Salut i Social\" \/>\n<meta property=\"og:description\" content=\"Des de l&#8217;Oficina d&#8217;Est\u00e0ndards i Interoperabilitat de la Fundaci\u00f3 TIC Salut Social i HL7Spain estem organitzant un taller sobre l&#8217;est\u00e0ndard d&#8217;HL7 FHIR pel dies 24-25-26 d&#8217;abril a Barcelona. La durada del taller ser\u00e0 de 20h lectives. El temari constar\u00e0 de: \u2022 Introducci\u00f3 \u2022 Conceptes clau de FHIR \u2022 Recursos \u2022 REST \u2022 Seguretat i auditoria [&hellip;]\" \/>\n<meta property=\"og:url\" content=\"https:\/\/ticsalutsocial.atoom.space\/en\/event\/taller-sobre-lestandard-dhl7-fhir\/\" \/>\n<meta property=\"og:site_name\" content=\"Fundaci\u00f3 TIC Salut i Social\" \/>\n<meta property=\"article:modified_time\" content=\"2021-07-21T14:25:50+00:00\" \/>\n<meta name=\"twitter:card\" content=\"summary_large_image\" \/>\n<meta name=\"twitter:label1\" content=\"Est. reading time\" \/>\n\t<meta name=\"twitter:data1\" content=\"1 minute\" \/>\n<script type=\"application\/ld+json\" class=\"yoast-schema-graph\">{\"@context\":\"https:\/\/schema.org\",\"@graph\":[{\"@type\":\"WebPage\",\"@id\":\"https:\/\/ticsalutsocial.atoom.space\/en\/event\/taller-sobre-lestandard-dhl7-fhir\/\",\"url\":\"https:\/\/ticsalutsocial.atoom.space\/en\/event\/taller-sobre-lestandard-dhl7-fhir\/\",\"name\":\"Taller sobre l'est\u00e0ndard d'HL7 FHIR - Fundaci\u00f3 TIC Salut i Social\",\"isPartOf\":{\"@id\":\"https:\/\/ticsalutsocial.atoom.space\/en\/#website\"},\"datePublished\":\"2019-02-28T12:30:06+00:00\",\"dateModified\":\"2021-07-21T14:25:50+00:00\",\"breadcrumb\":{\"@id\":\"https:\/\/ticsalutsocial.atoom.space\/en\/event\/taller-sobre-lestandard-dhl7-fhir\/#breadcrumb\"},\"inLanguage\":\"en-US\",\"potentialAction\":[{\"@type\":\"ReadAction\",\"target\":[\"https:\/\/ticsalutsocial.atoom.space\/en\/event\/taller-sobre-lestandard-dhl7-fhir\/\"]}]},{\"@type\":\"BreadcrumbList\",\"@id\":\"https:\/\/ticsalutsocial.atoom.space\/en\/event\/taller-sobre-lestandard-dhl7-fhir\/#breadcrumb\",\"itemListElement\":[{\"@type\":\"ListItem\",\"position\":1,\"name\":\"Inici\",\"item\":\"https:\/\/ticsalutsocial.atoom.space\/en\/\"},{\"@type\":\"ListItem\",\"position\":2,\"name\":\"Taller sobre l&#8217;est\u00e0ndard d&#8217;HL7 FHIR\"}]},{\"@type\":\"WebSite\",\"@id\":\"https:\/\/ticsalutsocial.atoom.space\/en\/#website\",\"url\":\"https:\/\/ticsalutsocial.atoom.space\/en\/\",\"name\":\"Fundaci\u00f3 TIC Salut i Social\",\"description\":\"\",\"potentialAction\":[{\"@type\":\"SearchAction\",\"target\":{\"@type\":\"EntryPoint\",\"urlTemplate\":\"https:\/\/ticsalutsocial.atoom.space\/en\/?s={search_term_string}\"},\"query-input\":{\"@type\":\"PropertyValueSpecification\",\"valueRequired\":true,\"valueName\":\"search_term_string\"}}],\"inLanguage\":\"en-US\"}]}<\/script>\n<!-- \/ Yoast SEO plugin. -->","yoast_head_json":{"title":"Taller sobre l'est\u00e0ndard d'HL7 FHIR - Fundaci\u00f3 TIC Salut i Social","robots":{"index":"index","follow":"follow","max-snippet":"max-snippet:-1","max-image-preview":"max-image-preview:large","max-video-preview":"max-video-preview:-1"},"canonical":"https:\/\/ticsalutsocial.atoom.space\/en\/event\/taller-sobre-lestandard-dhl7-fhir\/","og_locale":"en_US","og_type":"article","og_title":"Taller sobre l'est\u00e0ndard d'HL7 FHIR - Fundaci\u00f3 TIC Salut i Social","og_description":"Des de l&#8217;Oficina d&#8217;Est\u00e0ndards i Interoperabilitat de la Fundaci\u00f3 TIC Salut Social i HL7Spain estem organitzant un taller sobre l&#8217;est\u00e0ndard d&#8217;HL7 FHIR pel dies 24-25-26 d&#8217;abril a Barcelona. La durada del taller ser\u00e0 de 20h lectives. El temari constar\u00e0 de: \u2022 Introducci\u00f3 \u2022 Conceptes clau de FHIR \u2022 Recursos \u2022 REST \u2022 Seguretat i auditoria [&hellip;]","og_url":"https:\/\/ticsalutsocial.atoom.space\/en\/event\/taller-sobre-lestandard-dhl7-fhir\/","og_site_name":"Fundaci\u00f3 TIC Salut i Social","article_modified_time":"2021-07-21T14:25:50+00:00","twitter_card":"summary_large_image","twitter_misc":{"Est. reading time":"1 minute"},"schema":{"@context":"https:\/\/schema.org","@graph":[{"@type":"WebPage","@id":"https:\/\/ticsalutsocial.atoom.space\/en\/event\/taller-sobre-lestandard-dhl7-fhir\/","url":"https:\/\/ticsalutsocial.atoom.space\/en\/event\/taller-sobre-lestandard-dhl7-fhir\/","name":"Taller sobre l'est\u00e0ndard d'HL7 FHIR - Fundaci\u00f3 TIC Salut i Social","isPartOf":{"@id":"https:\/\/ticsalutsocial.atoom.space\/en\/#website"},"datePublished":"2019-02-28T12:30:06+00:00","dateModified":"2021-07-21T14:25:50+00:00","breadcrumb":{"@id":"https:\/\/ticsalutsocial.atoom.space\/en\/event\/taller-sobre-lestandard-dhl7-fhir\/#breadcrumb"},"inLanguage":"en-US","potentialAction":[{"@type":"ReadAction","target":["https:\/\/ticsalutsocial.atoom.space\/en\/event\/taller-sobre-lestandard-dhl7-fhir\/"]}]},{"@type":"BreadcrumbList","@id":"https:\/\/ticsalutsocial.atoom.space\/en\/event\/taller-sobre-lestandard-dhl7-fhir\/#breadcrumb","itemListElement":[{"@type":"ListItem","position":1,"name":"Inici","item":"https:\/\/ticsalutsocial.atoom.space\/en\/"},{"@type":"ListItem","position":2,"name":"Taller sobre l&#8217;est\u00e0ndard d&#8217;HL7 FHIR"}]},{"@type":"WebSite","@id":"https:\/\/ticsalutsocial.atoom.space\/en\/#website","url":"https:\/\/ticsalutsocial.atoom.space\/en\/","name":"Fundaci\u00f3 TIC Salut i Social","description":"","potentialAction":[{"@type":"SearchAction","target":{"@type":"EntryPoint","urlTemplate":"https:\/\/ticsalutsocial.atoom.space\/en\/?s={search_term_string}"},"query-input":{"@type":"PropertyValueSpecification","valueRequired":true,"valueName":"search_term_string"}}],"inLanguage":"en-US"}]}},"_links":{"self":[{"href":"https:\/\/ticsalutsocial.atoom.space\/en\/wp-json\/wp\/v2\/event\/5885","targetHints":{"allow":["GET"]}}],"collection":[{"href":"https:\/\/ticsalutsocial.atoom.space\/en\/wp-json\/wp\/v2\/event"}],"about":[{"href":"https:\/\/ticsalutsocial.atoom.space\/en\/wp-json\/wp\/v2\/types\/event"}],"wp:attachment":[{"href":"https:\/\/ticsalutsocial.atoom.space\/en\/wp-json\/wp\/v2\/media?parent=5885"}],"wp:term":[{"taxonomy":"tipus","embeddable":true,"href":"https:\/\/ticsalutsocial.atoom.space\/en\/wp-json\/wp\/v2\/tipus?post=5885"},{"taxonomy":"topic","embeddable":true,"href":"https:\/\/ticsalutsocial.atoom.space\/en\/wp-json\/wp\/v2\/topic?post=5885"}],"curies":[{"name":"wp","href":"https:\/\/api.w.org\/{rel}","templated":true}]}}

Taller sobre l&#8217;estàndard d&#8217;HL7 FHIR

<p><span id="ember101" class="ember-view">Des de l&#8217;Oficina d&#8217;Estàndards i Interoperabilitat de la Fundació TIC Salut Social i HL7Spain estem organitzant un taller sobre l&#8217;estàndard d&#8217;HL7 FHIR pel dies 24-25-26 d&#8217;abril a Barcelona. </span></p>
<p><span id="ember101" class="ember-view">La durada del taller serà de 20h lectives.</span></p>
<p>El temari constarà de:<br />
• Introducció<br />
• Conceptes clau de FHIR<br />
• Recursos<br />
• REST<br />
• Seguretat i auditoria<br />
• Treballar amb recursos FHIR.<br />
• Recerques en FHIR<br />
• Paradigmes FHIR<br />
• FHIR REST + Transaccions<br />
• Missatgeria amb FHIR<br />
• Documents Clínics amb FHIR<br />
• Operacions en FHIRDos paradigmes addicionals<br />
• Perfils<br />
• Extensions FHIR<br />
• Terminologia<br />
• Publicació<br />
• Algunes guies d&#8217;implementació i perfils rellevants</p>
<p>Com a docent, comptarem amb Msc. Lic. Fernando Campos:</p>
<p><em>Fernando Campos es Licenciado en Sistemas de Información y Magister en Dirección Estratégica en Ingeniería de Software. Se desempeña como Jefe del Área de Ingeniería de Software del Departamento de Informática en Salud del Hospital Italiano donde ha trabajado durante más de 19 años. Desde el 2012 es presidente de HL7 Argentina y miembro de esta organización desde el año 2001. Fellow HL7 y miembro del comité de Educación de HL7 Internacional. Certificado en HL7 V2.xControl Specialist, HL7 CDA R2 Specialist, HL7 V3 RIM y recientemente HL7 FHIR Proficiency certification. Es especialista en Interoperabilidad y ha publicado libros al respecto.</em></p>
<p>El preu del taller és de 800€ per socis d’HL7 i 1200€ per no socis, però des de la Fundació TIC Salut Social oferim beques limitades per professionals dels centres del SISCAT. També tenim previst fer descomptes per grups.</p>
<p><span id="ember101" class="ember-view">Si hi esteu interessats podeu escriure a l&#8217;Ariadna Rius a </span><a id="ember105" class="ember-view" href="mailto:arius@ticsalutsocial.cat" target="_blank" rel="noopener noreferrer">arius@ticsalutsocial.cat</a></p>

<!-- This site is optimized with the Yoast SEO plugin v27.1.1 - https://yoast.com/product/yoast-seo-wordpress/ -->
<title>Taller sobre l&#039;estàndard d&#039;HL7 FHIR - Fundació TIC Salut i Social</title>
<meta name="robots" content="index, follow, max-snippet:-1, max-image-preview:large, max-video-preview:-1" />
<link rel="canonical" href="https://ticsalutsocial.atoom.space/en/event/taller-sobre-lestandard-dhl7-fhir/" />
<meta property="og:locale" content="en_US" />
<meta property="og:type" content="article" />
<meta property="og:title" content="Taller sobre l&#039;estàndard d&#039;HL7 FHIR - Fundació TIC Salut i Social" />
<meta property="og:description" content="Des de l&#8217;Oficina d&#8217;Estàndards i Interoperabilitat de la Fundació TIC Salut Social i HL7Spain estem organitzant un taller sobre l&#8217;estàndard d&#8217;HL7 FHIR pel dies 24-25-26 d&#8217;abril a Barcelona. La durada del taller serà de 20h lectives. El temari constarà de: • Introducció • Conceptes clau de FHIR • Recursos • REST • Seguretat i auditoria [&hellip;]" />
<meta property="og:url" content="https://ticsalutsocial.atoom.space/en/event/taller-sobre-lestandard-dhl7-fhir/" />
<meta property="og:site_name" content="Fundació TIC Salut i Social" />
<meta property="article:modified_time" content="2021-07-21T14:25:50+00:00" />
<meta name="twitter:card" content="summary_large_image" />
<meta name="twitter:label1" content="Est. reading time" />
	<meta name="twitter:data1" content="1 minute" />
<script type="application/ld+json" class="yoast-schema-graph">{"@context":"https://schema.org","@graph":[{"@type":"WebPage","@id":"https://ticsalutsocial.atoom.space/en/event/taller-sobre-lestandard-dhl7-fhir/","url":"https://ticsalutsocial.atoom.space/en/event/taller-sobre-lestandard-dhl7-fhir/","name":"Taller sobre l'estàndard d'HL7 FHIR - Fundació TIC Salut i Social","isPartOf":{"@id":"https://ticsalutsocial.atoom.space/en/#website"},"datePublished":"2019-02-28T12:30:06+00:00","dateModified":"2021-07-21T14:25:50+00:00","breadcrumb":{"@id":"https://ticsalutsocial.atoom.space/en/event/taller-sobre-lestandard-dhl7-fhir/#breadcrumb"},"inLanguage":"en-US","potentialAction":[{"@type":"ReadAction","target":["https://ticsalutsocial.atoom.space/en/event/taller-sobre-lestandard-dhl7-fhir/"]}]},{"@type":"BreadcrumbList","@id":"https://ticsalutsocial.atoom.space/en/event/taller-sobre-lestandard-dhl7-fhir/#breadcrumb","itemListElement":[{"@type":"ListItem","position":1,"name":"Inici","item":"https://ticsalutsocial.atoom.space/en/"},{"@type":"ListItem","position":2,"name":"Taller sobre l&#8217;estàndard d&#8217;HL7 FHIR"}]},{"@type":"WebSite","@id":"https://ticsalutsocial.atoom.space/en/#website","url":"https://ticsalutsocial.atoom.space/en/","name":"Fundació TIC Salut i Social","description":"","potentialAction":[{"@type":"SearchAction","target":{"@type":"EntryPoint","urlTemplate":"https://ticsalutsocial.atoom.space/en/?s={search_term_string}"},"query-input":{"@type":"PropertyValueSpecification","valueRequired":true,"valueName":"search_term_string"}}],"inLanguage":"en-US"}]}</script>
<!-- / Yoast SEO plugin. -->

Taller sobre l'estàndard d'HL7 FHIR - Fundació TIC Salut i Social

Des de l&#8217;Oficina d&#8217;Estàndards i Interoperabilitat de la Fundació TIC Salut Social i HL7Spain estem organitzant un taller sobre l&#8217;estàndard d&#8217;HL7 FHIR pel dies 24-25-26 d&#8217;abril a Barcelona. La durada del taller serà de 20h lectives. El temari constarà de: • Introducció • Conceptes clau de FHIR • Recursos • REST • Seguretat i auditoria [&hellip;]

Fundació TIC Salut i Social
