
{"id":5950,"date":"2019-09-20T10:38:34","date_gmt":"2019-09-20T08:38:34","guid":{"rendered":"https:\/\/ticsalutsocial.atoom.space\/?post_type=event&#038;p=5950"},"modified":"2021-07-21T16:26:40","modified_gmt":"2021-07-21T14:26:40","slug":"technology-empowering-people-la-diada-tic-de-catalunya-2019","status":"publish","type":"event","link":"https:\/\/ticsalutsocial.atoom.space\/en\/event\/technology-empowering-people-la-diada-tic-de-catalunya-2019\/","title":{"rendered":"Technology Empowering People, la Diada TIC de Catalunya 2019"},"content":{"rendered":"<p>Ja arriba la Diada TIC de Catalunya del nostre sector!<\/p>\n<p>De la m\u00e0 de l&#8217;Associaci\u00f3 GrausTIC enguany podreu gaudir de pon\u00e8ncies, debats i networking.<\/p>\n<p>A la taula de debats n\u00famero 5 es tractaran les aplicacions del 5G en l&#8217;\u00e0mbit sanitari.<\/p>\n<p>Josu\u00e8 Sallent exposar\u00e0 com el 5G impacta en el model assitencial.<\/p>\n","protected":false},"featured_media":5947,"menu_order":0,"template":"","meta":{"_acf_changed":false,"inline_featured_image":false},"tipus":[],"topic":[122,120],"class_list":["post-5950","event","type-event","status-publish","has-post-thumbnail","hentry","topic-hot-news","topic-dpo"],"acf":{"imatge":5948,"informacio":{"ubicacio":"Cosmocaixa de Barcelona","data":"25\/09\/2019","hora":"8:30 - 18:00","preu":"Gratu\u00eft, pr\u00e8via inscripci\u00f3","inscripcions":""}},"yoast_head":"<!-- This site is optimized with the Yoast SEO plugin v27.1.1 - https:\/\/yoast.com\/product\/yoast-seo-wordpress\/ -->\n<title>Technology Empowering People, la Diada TIC de Catalunya 2019 - Fundaci\u00f3 TIC Salut i Social<\/title>\n<meta name=\"robots\" content=\"index, follow, max-snippet:-1, max-image-preview:large, max-video-preview:-1\" \/>\n<link rel=\"canonical\" href=\"https:\/\/ticsalutsocial.atoom.space\/en\/event\/technology-empowering-people-la-diada-tic-de-catalunya-2019\/\" \/>\n<meta property=\"og:locale\" content=\"en_US\" \/>\n<meta property=\"og:type\" content=\"article\" \/>\n<meta property=\"og:title\" content=\"Technology Empowering People, la Diada TIC de Catalunya 2019 - Fundaci\u00f3 TIC Salut i Social\" \/>\n<meta property=\"og:description\" content=\"Ja arriba la Diada TIC de Catalunya del nostre sector! De la m\u00e0 de l&#8217;Associaci\u00f3 GrausTIC enguany podreu gaudir de pon\u00e8ncies, debats i networking. A la taula de debats n\u00famero 5 es tractaran les aplicacions del 5G en l&#8217;\u00e0mbit sanitari. Josu\u00e8 Sallent exposar\u00e0 com el 5G impacta en el model assitencial.\" \/>\n<meta property=\"og:url\" content=\"https:\/\/ticsalutsocial.atoom.space\/en\/event\/technology-empowering-people-la-diada-tic-de-catalunya-2019\/\" \/>\n<meta property=\"og:site_name\" content=\"Fundaci\u00f3 TIC Salut i Social\" \/>\n<meta property=\"article:modified_time\" content=\"2021-07-21T14:26:40+00:00\" \/>\n<meta property=\"og:image\" content=\"https:\/\/ticsalutsocial.atoom.space\/wp-content\/uploads\/2019\/09\/cosmo1.jpg\" \/>\n\t<meta property=\"og:image:width\" content=\"296\" \/>\n\t<meta property=\"og:image:height\" content=\"170\" \/>\n\t<meta property=\"og:image:type\" content=\"image\/jpeg\" \/>\n<meta name=\"twitter:card\" content=\"summary_large_image\" \/>\n<script type=\"application\/ld+json\" class=\"yoast-schema-graph\">{\"@context\":\"https:\/\/schema.org\",\"@graph\":[{\"@type\":\"WebPage\",\"@id\":\"https:\/\/ticsalutsocial.atoom.space\/en\/event\/technology-empowering-people-la-diada-tic-de-catalunya-2019\/\",\"url\":\"https:\/\/ticsalutsocial.atoom.space\/en\/event\/technology-empowering-people-la-diada-tic-de-catalunya-2019\/\",\"name\":\"Technology Empowering People, la Diada TIC de Catalunya 2019 - Fundaci\u00f3 TIC Salut i Social\",\"isPartOf\":{\"@id\":\"https:\/\/ticsalutsocial.atoom.space\/en\/#website\"},\"primaryImageOfPage\":{\"@id\":\"https:\/\/ticsalutsocial.atoom.space\/en\/event\/technology-empowering-people-la-diada-tic-de-catalunya-2019\/#primaryimage\"},\"image\":{\"@id\":\"https:\/\/ticsalutsocial.atoom.space\/en\/event\/technology-empowering-people-la-diada-tic-de-catalunya-2019\/#primaryimage\"},\"thumbnailUrl\":\"https:\/\/ticsalutsocial.atoom.space\/wp-content\/uploads\/2019\/09\/cosmo1.jpg\",\"datePublished\":\"2019-09-20T08:38:34+00:00\",\"dateModified\":\"2021-07-21T14:26:40+00:00\",\"breadcrumb\":{\"@id\":\"https:\/\/ticsalutsocial.atoom.space\/en\/event\/technology-empowering-people-la-diada-tic-de-catalunya-2019\/#breadcrumb\"},\"inLanguage\":\"en-US\",\"potentialAction\":[{\"@type\":\"ReadAction\",\"target\":[\"https:\/\/ticsalutsocial.atoom.space\/en\/event\/technology-empowering-people-la-diada-tic-de-catalunya-2019\/\"]}]},{\"@type\":\"ImageObject\",\"inLanguage\":\"en-US\",\"@id\":\"https:\/\/ticsalutsocial.atoom.space\/en\/event\/technology-empowering-people-la-diada-tic-de-catalunya-2019\/#primaryimage\",\"url\":\"https:\/\/ticsalutsocial.atoom.space\/wp-content\/uploads\/2019\/09\/cosmo1.jpg\",\"contentUrl\":\"https:\/\/ticsalutsocial.atoom.space\/wp-content\/uploads\/2019\/09\/cosmo1.jpg\",\"width\":296,\"height\":170},{\"@type\":\"BreadcrumbList\",\"@id\":\"https:\/\/ticsalutsocial.atoom.space\/en\/event\/technology-empowering-people-la-diada-tic-de-catalunya-2019\/#breadcrumb\",\"itemListElement\":[{\"@type\":\"ListItem\",\"position\":1,\"name\":\"Inici\",\"item\":\"https:\/\/ticsalutsocial.atoom.space\/en\/\"},{\"@type\":\"ListItem\",\"position\":2,\"name\":\"Technology Empowering People, la Diada TIC de Catalunya 2019\"}]},{\"@type\":\"WebSite\",\"@id\":\"https:\/\/ticsalutsocial.atoom.space\/en\/#website\",\"url\":\"https:\/\/ticsalutsocial.atoom.space\/en\/\",\"name\":\"Fundaci\u00f3 TIC Salut i Social\",\"description\":\"\",\"potentialAction\":[{\"@type\":\"SearchAction\",\"target\":{\"@type\":\"EntryPoint\",\"urlTemplate\":\"https:\/\/ticsalutsocial.atoom.space\/en\/?s={search_term_string}\"},\"query-input\":{\"@type\":\"PropertyValueSpecification\",\"valueRequired\":true,\"valueName\":\"search_term_string\"}}],\"inLanguage\":\"en-US\"}]}<\/script>\n<!-- \/ Yoast SEO plugin. -->","yoast_head_json":{"title":"Technology Empowering People, la Diada TIC de Catalunya 2019 - Fundaci\u00f3 TIC Salut i Social","robots":{"index":"index","follow":"follow","max-snippet":"max-snippet:-1","max-image-preview":"max-image-preview:large","max-video-preview":"max-video-preview:-1"},"canonical":"https:\/\/ticsalutsocial.atoom.space\/en\/event\/technology-empowering-people-la-diada-tic-de-catalunya-2019\/","og_locale":"en_US","og_type":"article","og_title":"Technology Empowering People, la Diada TIC de Catalunya 2019 - Fundaci\u00f3 TIC Salut i Social","og_description":"Ja arriba la Diada TIC de Catalunya del nostre sector! De la m\u00e0 de l&#8217;Associaci\u00f3 GrausTIC enguany podreu gaudir de pon\u00e8ncies, debats i networking. A la taula de debats n\u00famero 5 es tractaran les aplicacions del 5G en l&#8217;\u00e0mbit sanitari. Josu\u00e8 Sallent exposar\u00e0 com el 5G impacta en el model assitencial.","og_url":"https:\/\/ticsalutsocial.atoom.space\/en\/event\/technology-empowering-people-la-diada-tic-de-catalunya-2019\/","og_site_name":"Fundaci\u00f3 TIC Salut i Social","article_modified_time":"2021-07-21T14:26:40+00:00","og_image":[{"width":296,"height":170,"url":"https:\/\/ticsalutsocial.atoom.space\/wp-content\/uploads\/2019\/09\/cosmo1.jpg","type":"image\/jpeg"}],"twitter_card":"summary_large_image","schema":{"@context":"https:\/\/schema.org","@graph":[{"@type":"WebPage","@id":"https:\/\/ticsalutsocial.atoom.space\/en\/event\/technology-empowering-people-la-diada-tic-de-catalunya-2019\/","url":"https:\/\/ticsalutsocial.atoom.space\/en\/event\/technology-empowering-people-la-diada-tic-de-catalunya-2019\/","name":"Technology Empowering People, la Diada TIC de Catalunya 2019 - Fundaci\u00f3 TIC Salut i Social","isPartOf":{"@id":"https:\/\/ticsalutsocial.atoom.space\/en\/#website"},"primaryImageOfPage":{"@id":"https:\/\/ticsalutsocial.atoom.space\/en\/event\/technology-empowering-people-la-diada-tic-de-catalunya-2019\/#primaryimage"},"image":{"@id":"https:\/\/ticsalutsocial.atoom.space\/en\/event\/technology-empowering-people-la-diada-tic-de-catalunya-2019\/#primaryimage"},"thumbnailUrl":"https:\/\/ticsalutsocial.atoom.space\/wp-content\/uploads\/2019\/09\/cosmo1.jpg","datePublished":"2019-09-20T08:38:34+00:00","dateModified":"2021-07-21T14:26:40+00:00","breadcrumb":{"@id":"https:\/\/ticsalutsocial.atoom.space\/en\/event\/technology-empowering-people-la-diada-tic-de-catalunya-2019\/#breadcrumb"},"inLanguage":"en-US","potentialAction":[{"@type":"ReadAction","target":["https:\/\/ticsalutsocial.atoom.space\/en\/event\/technology-empowering-people-la-diada-tic-de-catalunya-2019\/"]}]},{"@type":"ImageObject","inLanguage":"en-US","@id":"https:\/\/ticsalutsocial.atoom.space\/en\/event\/technology-empowering-people-la-diada-tic-de-catalunya-2019\/#primaryimage","url":"https:\/\/ticsalutsocial.atoom.space\/wp-content\/uploads\/2019\/09\/cosmo1.jpg","contentUrl":"https:\/\/ticsalutsocial.atoom.space\/wp-content\/uploads\/2019\/09\/cosmo1.jpg","width":296,"height":170},{"@type":"BreadcrumbList","@id":"https:\/\/ticsalutsocial.atoom.space\/en\/event\/technology-empowering-people-la-diada-tic-de-catalunya-2019\/#breadcrumb","itemListElement":[{"@type":"ListItem","position":1,"name":"Inici","item":"https:\/\/ticsalutsocial.atoom.space\/en\/"},{"@type":"ListItem","position":2,"name":"Technology Empowering People, la Diada TIC de Catalunya 2019"}]},{"@type":"WebSite","@id":"https:\/\/ticsalutsocial.atoom.space\/en\/#website","url":"https:\/\/ticsalutsocial.atoom.space\/en\/","name":"Fundaci\u00f3 TIC Salut i Social","description":"","potentialAction":[{"@type":"SearchAction","target":{"@type":"EntryPoint","urlTemplate":"https:\/\/ticsalutsocial.atoom.space\/en\/?s={search_term_string}"},"query-input":{"@type":"PropertyValueSpecification","valueRequired":true,"valueName":"search_term_string"}}],"inLanguage":"en-US"}]}},"_links":{"self":[{"href":"https:\/\/ticsalutsocial.atoom.space\/en\/wp-json\/wp\/v2\/event\/5950","targetHints":{"allow":["GET"]}}],"collection":[{"href":"https:\/\/ticsalutsocial.atoom.space\/en\/wp-json\/wp\/v2\/event"}],"about":[{"href":"https:\/\/ticsalutsocial.atoom.space\/en\/wp-json\/wp\/v2\/types\/event"}],"wp:featuredmedia":[{"embeddable":true,"href":"https:\/\/ticsalutsocial.atoom.space\/en\/wp-json\/wp\/v2\/media\/5947"}],"wp:attachment":[{"href":"https:\/\/ticsalutsocial.atoom.space\/en\/wp-json\/wp\/v2\/media?parent=5950"}],"wp:term":[{"taxonomy":"tipus","embeddable":true,"href":"https:\/\/ticsalutsocial.atoom.space\/en\/wp-json\/wp\/v2\/tipus?post=5950"},{"taxonomy":"topic","embeddable":true,"href":"https:\/\/ticsalutsocial.atoom.space\/en\/wp-json\/wp\/v2\/topic?post=5950"}],"curies":[{"name":"wp","href":"https:\/\/api.w.org\/{rel}","templated":true}]}}

<p>Ja arriba la Diada TIC de Catalunya del nostre sector!</p>
<p>De la mà de l&#8217;Associació GrausTIC enguany podreu gaudir de ponències, debats i networking.</p>
<p>A la taula de debats número 5 es tractaran les aplicacions del 5G en l&#8217;àmbit sanitari.</p>
<p>Josuè Sallent exposarà com el 5G impacta en el model assitencial.</p>

Gratuït, prèvia inscripció

<!-- This site is optimized with the Yoast SEO plugin v27.1.1 - https://yoast.com/product/yoast-seo-wordpress/ -->
<title>Technology Empowering People, la Diada TIC de Catalunya 2019 - Fundació TIC Salut i Social</title>
<meta name="robots" content="index, follow, max-snippet:-1, max-image-preview:large, max-video-preview:-1" />
<link rel="canonical" href="https://ticsalutsocial.atoom.space/en/event/technology-empowering-people-la-diada-tic-de-catalunya-2019/" />
<meta property="og:locale" content="en_US" />
<meta property="og:type" content="article" />
<meta property="og:title" content="Technology Empowering People, la Diada TIC de Catalunya 2019 - Fundació TIC Salut i Social" />
<meta property="og:description" content="Ja arriba la Diada TIC de Catalunya del nostre sector! De la mà de l&#8217;Associació GrausTIC enguany podreu gaudir de ponències, debats i networking. A la taula de debats número 5 es tractaran les aplicacions del 5G en l&#8217;àmbit sanitari. Josuè Sallent exposarà com el 5G impacta en el model assitencial." />
<meta property="og:url" content="https://ticsalutsocial.atoom.space/en/event/technology-empowering-people-la-diada-tic-de-catalunya-2019/" />
<meta property="og:site_name" content="Fundació TIC Salut i Social" />
<meta property="article:modified_time" content="2021-07-21T14:26:40+00:00" />
<meta property="og:image" content="https://ticsalutsocial.atoom.space/wp-content/uploads/2019/09/cosmo1.jpg" />
	<meta property="og:image:width" content="296" />
	<meta property="og:image:height" content="170" />
	<meta property="og:image:type" content="image/jpeg" />
<meta name="twitter:card" content="summary_large_image" />
<script type="application/ld+json" class="yoast-schema-graph">{"@context":"https://schema.org","@graph":[{"@type":"WebPage","@id":"https://ticsalutsocial.atoom.space/en/event/technology-empowering-people-la-diada-tic-de-catalunya-2019/","url":"https://ticsalutsocial.atoom.space/en/event/technology-empowering-people-la-diada-tic-de-catalunya-2019/","name":"Technology Empowering People, la Diada TIC de Catalunya 2019 - Fundació TIC Salut i Social","isPartOf":{"@id":"https://ticsalutsocial.atoom.space/en/#website"},"primaryImageOfPage":{"@id":"https://ticsalutsocial.atoom.space/en/event/technology-empowering-people-la-diada-tic-de-catalunya-2019/#primaryimage"},"image":{"@id":"https://ticsalutsocial.atoom.space/en/event/technology-empowering-people-la-diada-tic-de-catalunya-2019/#primaryimage"},"thumbnailUrl":"https://ticsalutsocial.atoom.space/wp-content/uploads/2019/09/cosmo1.jpg","datePublished":"2019-09-20T08:38:34+00:00","dateModified":"2021-07-21T14:26:40+00:00","breadcrumb":{"@id":"https://ticsalutsocial.atoom.space/en/event/technology-empowering-people-la-diada-tic-de-catalunya-2019/#breadcrumb"},"inLanguage":"en-US","potentialAction":[{"@type":"ReadAction","target":["https://ticsalutsocial.atoom.space/en/event/technology-empowering-people-la-diada-tic-de-catalunya-2019/"]}]},{"@type":"ImageObject","inLanguage":"en-US","@id":"https://ticsalutsocial.atoom.space/en/event/technology-empowering-people-la-diada-tic-de-catalunya-2019/#primaryimage","url":"https://ticsalutsocial.atoom.space/wp-content/uploads/2019/09/cosmo1.jpg","contentUrl":"https://ticsalutsocial.atoom.space/wp-content/uploads/2019/09/cosmo1.jpg","width":296,"height":170},{"@type":"BreadcrumbList","@id":"https://ticsalutsocial.atoom.space/en/event/technology-empowering-people-la-diada-tic-de-catalunya-2019/#breadcrumb","itemListElement":[{"@type":"ListItem","position":1,"name":"Inici","item":"https://ticsalutsocial.atoom.space/en/"},{"@type":"ListItem","position":2,"name":"Technology Empowering People, la Diada TIC de Catalunya 2019"}]},{"@type":"WebSite","@id":"https://ticsalutsocial.atoom.space/en/#website","url":"https://ticsalutsocial.atoom.space/en/","name":"Fundació TIC Salut i Social","description":"","potentialAction":[{"@type":"SearchAction","target":{"@type":"EntryPoint","urlTemplate":"https://ticsalutsocial.atoom.space/en/?s={search_term_string}"},"query-input":{"@type":"PropertyValueSpecification","valueRequired":true,"valueName":"search_term_string"}}],"inLanguage":"en-US"}]}</script>
<!-- / Yoast SEO plugin. -->

Technology Empowering People, la Diada TIC de Catalunya 2019 - Fundació TIC Salut i Social

Ja arriba la Diada TIC de Catalunya del nostre sector! De la mà de l&#8217;Associació GrausTIC enguany podreu gaudir de ponències, debats i networking. A la taula de debats número 5 es tractaran les aplicacions del 5G en l&#8217;àmbit sanitari. Josuè Sallent exposarà com el 5G impacta en el model assitencial.

Fundació TIC Salut i Social
