
{"id":6000,"date":"2020-01-23T10:32:56","date_gmt":"2020-01-23T08:32:56","guid":{"rendered":"https:\/\/ticsalutsocial.atoom.space\/?post_type=event&#038;p=6000"},"modified":"2021-07-21T16:27:20","modified_gmt":"2021-07-21T14:27:20","slug":"seminari-arquitectura-i-experiencia-de-pacients","status":"publish","type":"event","link":"https:\/\/ticsalutsocial.atoom.space\/en\/event\/seminari-arquitectura-i-experiencia-de-pacients\/","title":{"rendered":"Seminari: Arquitectura i experi\u00e8ncia de pacients"},"content":{"rendered":"<ul>\n<li><strong>Presentaci\u00f3.<br \/>\n<\/strong>Dr Joan Escarrabill, Director del programa d\u2019Atenci\u00f3 a la Cronicitat de l\u2019Hospital Cl\u00ednic i Coordinador de l\u2019Espai d\u2019Intercanvi d\u2019Experi\u00e8ncies.<\/li>\n<li><strong>Com s\u2019involucren els pacients i professionals en el disseny d\u2019espais?<br \/>\n<\/strong>Lekshmy Parameswaran, Disenyadora i fundadora de The Care Lab<br \/>\nN\u00faria Vilarasau, Disenyadora, The Care Lab<\/li>\n<li><strong>La participaci\u00f3 de pacients en el disseny de les infraestructures del Cl\u00ednic.<br \/>\n<\/strong>N\u00faria Ruiz, Enginyera biom\u00e8dica, Direcci\u00f3 d\u2019Infraestructures i Enginyeria Biom\u00e8dica de l\u2019Hospital Cl\u00ednic<\/li>\n<li><strong>Els espais invisibles.<br \/>\n<\/strong>Oriol Ventura, Professor investigador en el Centre Universitari de Disseny i Art de Barcelona (EINA) i fundador d\u2019Ovicuo Design<br \/>\nDebat i torn de preguntes.<\/li>\n<\/ul>\n","protected":false},"featured_media":0,"menu_order":0,"template":"","meta":{"_acf_changed":false,"inline_featured_image":false},"tipus":[],"topic":[120],"class_list":["post-6000","event","type-event","status-publish","hentry","topic-dpo"],"acf":{"informacio":{"ubicacio":"Sala d\u2019Actes Farreras Valent\u00ed (Escala 9, planta 3)","data":"25\/02\/2020","hora":"13:00h","preu":"","inscripcions":""}},"yoast_head":"<!-- This site is optimized with the Yoast SEO plugin v27.1.1 - https:\/\/yoast.com\/product\/yoast-seo-wordpress\/ -->\n<title>Seminari: Arquitectura i experi\u00e8ncia de pacients - Fundaci\u00f3 TIC Salut i Social<\/title>\n<meta name=\"robots\" content=\"index, follow, max-snippet:-1, max-image-preview:large, max-video-preview:-1\" \/>\n<link rel=\"canonical\" href=\"https:\/\/ticsalutsocial.atoom.space\/en\/event\/seminari-arquitectura-i-experiencia-de-pacients\/\" \/>\n<meta property=\"og:locale\" content=\"en_US\" \/>\n<meta property=\"og:type\" content=\"article\" \/>\n<meta property=\"og:title\" content=\"Seminari: Arquitectura i experi\u00e8ncia de pacients - Fundaci\u00f3 TIC Salut i Social\" \/>\n<meta property=\"og:description\" content=\"Presentaci\u00f3. Dr Joan Escarrabill, Director del programa d\u2019Atenci\u00f3 a la Cronicitat de l\u2019Hospital Cl\u00ednic i Coordinador de l\u2019Espai d\u2019Intercanvi d\u2019Experi\u00e8ncies. Com s\u2019involucren els pacients i professionals en el disseny d\u2019espais? Lekshmy Parameswaran, Disenyadora i fundadora de The Care Lab N\u00faria Vilarasau, Disenyadora, The Care Lab La participaci\u00f3 de pacients en el disseny de les infraestructures [&hellip;]\" \/>\n<meta property=\"og:url\" content=\"https:\/\/ticsalutsocial.atoom.space\/en\/event\/seminari-arquitectura-i-experiencia-de-pacients\/\" \/>\n<meta property=\"og:site_name\" content=\"Fundaci\u00f3 TIC Salut i Social\" \/>\n<meta property=\"article:modified_time\" content=\"2021-07-21T14:27:20+00:00\" \/>\n<meta name=\"twitter:card\" content=\"summary_large_image\" \/>\n<meta name=\"twitter:label1\" content=\"Est. reading time\" \/>\n\t<meta name=\"twitter:data1\" content=\"1 minute\" \/>\n<script type=\"application\/ld+json\" class=\"yoast-schema-graph\">{\"@context\":\"https:\/\/schema.org\",\"@graph\":[{\"@type\":\"WebPage\",\"@id\":\"https:\/\/ticsalutsocial.atoom.space\/en\/event\/seminari-arquitectura-i-experiencia-de-pacients\/\",\"url\":\"https:\/\/ticsalutsocial.atoom.space\/en\/event\/seminari-arquitectura-i-experiencia-de-pacients\/\",\"name\":\"Seminari: Arquitectura i experi\u00e8ncia de pacients - Fundaci\u00f3 TIC Salut i Social\",\"isPartOf\":{\"@id\":\"https:\/\/ticsalutsocial.atoom.space\/en\/#website\"},\"datePublished\":\"2020-01-23T08:32:56+00:00\",\"dateModified\":\"2021-07-21T14:27:20+00:00\",\"breadcrumb\":{\"@id\":\"https:\/\/ticsalutsocial.atoom.space\/en\/event\/seminari-arquitectura-i-experiencia-de-pacients\/#breadcrumb\"},\"inLanguage\":\"en-US\",\"potentialAction\":[{\"@type\":\"ReadAction\",\"target\":[\"https:\/\/ticsalutsocial.atoom.space\/en\/event\/seminari-arquitectura-i-experiencia-de-pacients\/\"]}]},{\"@type\":\"BreadcrumbList\",\"@id\":\"https:\/\/ticsalutsocial.atoom.space\/en\/event\/seminari-arquitectura-i-experiencia-de-pacients\/#breadcrumb\",\"itemListElement\":[{\"@type\":\"ListItem\",\"position\":1,\"name\":\"Inici\",\"item\":\"https:\/\/ticsalutsocial.atoom.space\/en\/\"},{\"@type\":\"ListItem\",\"position\":2,\"name\":\"Seminari: Arquitectura i experi\u00e8ncia de pacients\"}]},{\"@type\":\"WebSite\",\"@id\":\"https:\/\/ticsalutsocial.atoom.space\/en\/#website\",\"url\":\"https:\/\/ticsalutsocial.atoom.space\/en\/\",\"name\":\"Fundaci\u00f3 TIC Salut i Social\",\"description\":\"\",\"potentialAction\":[{\"@type\":\"SearchAction\",\"target\":{\"@type\":\"EntryPoint\",\"urlTemplate\":\"https:\/\/ticsalutsocial.atoom.space\/en\/?s={search_term_string}\"},\"query-input\":{\"@type\":\"PropertyValueSpecification\",\"valueRequired\":true,\"valueName\":\"search_term_string\"}}],\"inLanguage\":\"en-US\"}]}<\/script>\n<!-- \/ Yoast SEO plugin. -->","yoast_head_json":{"title":"Seminari: Arquitectura i experi\u00e8ncia de pacients - Fundaci\u00f3 TIC Salut i Social","robots":{"index":"index","follow":"follow","max-snippet":"max-snippet:-1","max-image-preview":"max-image-preview:large","max-video-preview":"max-video-preview:-1"},"canonical":"https:\/\/ticsalutsocial.atoom.space\/en\/event\/seminari-arquitectura-i-experiencia-de-pacients\/","og_locale":"en_US","og_type":"article","og_title":"Seminari: Arquitectura i experi\u00e8ncia de pacients - Fundaci\u00f3 TIC Salut i Social","og_description":"Presentaci\u00f3. Dr Joan Escarrabill, Director del programa d\u2019Atenci\u00f3 a la Cronicitat de l\u2019Hospital Cl\u00ednic i Coordinador de l\u2019Espai d\u2019Intercanvi d\u2019Experi\u00e8ncies. Com s\u2019involucren els pacients i professionals en el disseny d\u2019espais? Lekshmy Parameswaran, Disenyadora i fundadora de The Care Lab N\u00faria Vilarasau, Disenyadora, The Care Lab La participaci\u00f3 de pacients en el disseny de les infraestructures [&hellip;]","og_url":"https:\/\/ticsalutsocial.atoom.space\/en\/event\/seminari-arquitectura-i-experiencia-de-pacients\/","og_site_name":"Fundaci\u00f3 TIC Salut i Social","article_modified_time":"2021-07-21T14:27:20+00:00","twitter_card":"summary_large_image","twitter_misc":{"Est. reading time":"1 minute"},"schema":{"@context":"https:\/\/schema.org","@graph":[{"@type":"WebPage","@id":"https:\/\/ticsalutsocial.atoom.space\/en\/event\/seminari-arquitectura-i-experiencia-de-pacients\/","url":"https:\/\/ticsalutsocial.atoom.space\/en\/event\/seminari-arquitectura-i-experiencia-de-pacients\/","name":"Seminari: Arquitectura i experi\u00e8ncia de pacients - Fundaci\u00f3 TIC Salut i Social","isPartOf":{"@id":"https:\/\/ticsalutsocial.atoom.space\/en\/#website"},"datePublished":"2020-01-23T08:32:56+00:00","dateModified":"2021-07-21T14:27:20+00:00","breadcrumb":{"@id":"https:\/\/ticsalutsocial.atoom.space\/en\/event\/seminari-arquitectura-i-experiencia-de-pacients\/#breadcrumb"},"inLanguage":"en-US","potentialAction":[{"@type":"ReadAction","target":["https:\/\/ticsalutsocial.atoom.space\/en\/event\/seminari-arquitectura-i-experiencia-de-pacients\/"]}]},{"@type":"BreadcrumbList","@id":"https:\/\/ticsalutsocial.atoom.space\/en\/event\/seminari-arquitectura-i-experiencia-de-pacients\/#breadcrumb","itemListElement":[{"@type":"ListItem","position":1,"name":"Inici","item":"https:\/\/ticsalutsocial.atoom.space\/en\/"},{"@type":"ListItem","position":2,"name":"Seminari: Arquitectura i experi\u00e8ncia de pacients"}]},{"@type":"WebSite","@id":"https:\/\/ticsalutsocial.atoom.space\/en\/#website","url":"https:\/\/ticsalutsocial.atoom.space\/en\/","name":"Fundaci\u00f3 TIC Salut i Social","description":"","potentialAction":[{"@type":"SearchAction","target":{"@type":"EntryPoint","urlTemplate":"https:\/\/ticsalutsocial.atoom.space\/en\/?s={search_term_string}"},"query-input":{"@type":"PropertyValueSpecification","valueRequired":true,"valueName":"search_term_string"}}],"inLanguage":"en-US"}]}},"_links":{"self":[{"href":"https:\/\/ticsalutsocial.atoom.space\/en\/wp-json\/wp\/v2\/event\/6000","targetHints":{"allow":["GET"]}}],"collection":[{"href":"https:\/\/ticsalutsocial.atoom.space\/en\/wp-json\/wp\/v2\/event"}],"about":[{"href":"https:\/\/ticsalutsocial.atoom.space\/en\/wp-json\/wp\/v2\/types\/event"}],"wp:attachment":[{"href":"https:\/\/ticsalutsocial.atoom.space\/en\/wp-json\/wp\/v2\/media?parent=6000"}],"wp:term":[{"taxonomy":"tipus","embeddable":true,"href":"https:\/\/ticsalutsocial.atoom.space\/en\/wp-json\/wp\/v2\/tipus?post=6000"},{"taxonomy":"topic","embeddable":true,"href":"https:\/\/ticsalutsocial.atoom.space\/en\/wp-json\/wp\/v2\/topic?post=6000"}],"curies":[{"name":"wp","href":"https:\/\/api.w.org\/{rel}","templated":true}]}}

Seminari: Arquitectura i experiència de pacients

<ul>
<li><strong>Presentació.<br />
</strong>Dr Joan Escarrabill, Director del programa d’Atenció a la Cronicitat de l’Hospital Clínic i Coordinador de l’Espai d’Intercanvi d’Experiències.</li>
<li><strong>Com s’involucren els pacients i professionals en el disseny d’espais?<br />
</strong>Lekshmy Parameswaran, Disenyadora i fundadora de The Care Lab<br />
Núria Vilarasau, Disenyadora, The Care Lab</li>
<li><strong>La participació de pacients en el disseny de les infraestructures del Clínic.<br />
</strong>Núria Ruiz, Enginyera biomèdica, Direcció d’Infraestructures i Enginyeria Biomèdica de l’Hospital Clínic</li>
<li><strong>Els espais invisibles.<br />
</strong>Oriol Ventura, Professor investigador en el Centre Universitari de Disseny i Art de Barcelona (EINA) i fundador d’Ovicuo Design<br />
Debat i torn de preguntes.</li>
</ul>

Sala d’Actes Farreras Valentí (Escala 9, planta 3)

<!-- This site is optimized with the Yoast SEO plugin v27.1.1 - https://yoast.com/product/yoast-seo-wordpress/ -->
<title>Seminari: Arquitectura i experiència de pacients - Fundació TIC Salut i Social</title>
<meta name="robots" content="index, follow, max-snippet:-1, max-image-preview:large, max-video-preview:-1" />
<link rel="canonical" href="https://ticsalutsocial.atoom.space/en/event/seminari-arquitectura-i-experiencia-de-pacients/" />
<meta property="og:locale" content="en_US" />
<meta property="og:type" content="article" />
<meta property="og:title" content="Seminari: Arquitectura i experiència de pacients - Fundació TIC Salut i Social" />
<meta property="og:description" content="Presentació. Dr Joan Escarrabill, Director del programa d’Atenció a la Cronicitat de l’Hospital Clínic i Coordinador de l’Espai d’Intercanvi d’Experiències. Com s’involucren els pacients i professionals en el disseny d’espais? Lekshmy Parameswaran, Disenyadora i fundadora de The Care Lab Núria Vilarasau, Disenyadora, The Care Lab La participació de pacients en el disseny de les infraestructures [&hellip;]" />
<meta property="og:url" content="https://ticsalutsocial.atoom.space/en/event/seminari-arquitectura-i-experiencia-de-pacients/" />
<meta property="og:site_name" content="Fundació TIC Salut i Social" />
<meta property="article:modified_time" content="2021-07-21T14:27:20+00:00" />
<meta name="twitter:card" content="summary_large_image" />
<meta name="twitter:label1" content="Est. reading time" />
	<meta name="twitter:data1" content="1 minute" />
<script type="application/ld+json" class="yoast-schema-graph">{"@context":"https://schema.org","@graph":[{"@type":"WebPage","@id":"https://ticsalutsocial.atoom.space/en/event/seminari-arquitectura-i-experiencia-de-pacients/","url":"https://ticsalutsocial.atoom.space/en/event/seminari-arquitectura-i-experiencia-de-pacients/","name":"Seminari: Arquitectura i experiència de pacients - Fundació TIC Salut i Social","isPartOf":{"@id":"https://ticsalutsocial.atoom.space/en/#website"},"datePublished":"2020-01-23T08:32:56+00:00","dateModified":"2021-07-21T14:27:20+00:00","breadcrumb":{"@id":"https://ticsalutsocial.atoom.space/en/event/seminari-arquitectura-i-experiencia-de-pacients/#breadcrumb"},"inLanguage":"en-US","potentialAction":[{"@type":"ReadAction","target":["https://ticsalutsocial.atoom.space/en/event/seminari-arquitectura-i-experiencia-de-pacients/"]}]},{"@type":"BreadcrumbList","@id":"https://ticsalutsocial.atoom.space/en/event/seminari-arquitectura-i-experiencia-de-pacients/#breadcrumb","itemListElement":[{"@type":"ListItem","position":1,"name":"Inici","item":"https://ticsalutsocial.atoom.space/en/"},{"@type":"ListItem","position":2,"name":"Seminari: Arquitectura i experiència de pacients"}]},{"@type":"WebSite","@id":"https://ticsalutsocial.atoom.space/en/#website","url":"https://ticsalutsocial.atoom.space/en/","name":"Fundació TIC Salut i Social","description":"","potentialAction":[{"@type":"SearchAction","target":{"@type":"EntryPoint","urlTemplate":"https://ticsalutsocial.atoom.space/en/?s={search_term_string}"},"query-input":{"@type":"PropertyValueSpecification","valueRequired":true,"valueName":"search_term_string"}}],"inLanguage":"en-US"}]}</script>
<!-- / Yoast SEO plugin. -->

Seminari: Arquitectura i experiència de pacients - Fundació TIC Salut i Social

Presentació. Dr Joan Escarrabill, Director del programa d’Atenció a la Cronicitat de l’Hospital Clínic i Coordinador de l’Espai d’Intercanvi d’Experiències. Com s’involucren els pacients i professionals en el disseny d’espais? Lekshmy Parameswaran, Disenyadora i fundadora de The Care Lab Núria Vilarasau, Disenyadora, The Care Lab La participació de pacients en el disseny de les infraestructures [&hellip;]

Fundació TIC Salut i Social
