
{"version":"1.0","provider_name":"Fundaci\u00f3 TIC Salut i Social","provider_url":"https:\/\/ticsalutsocial.atoom.space\/es\/","author_name":"Victor","author_url":"https:\/\/ticsalutsocial.atoom.space\/es\/author\/victor\/","title":"XXIX Encuentro del Sector de la Tecnolog\u00eda Sanitaria - Fundaci\u00f3 TIC Salut i Social","type":"rich","width":600,"height":338,"html":"<blockquote class=\"wp-embedded-content\" data-secret=\"WtePtCL7Gr\"><a href=\"https:\/\/ticsalutsocial.atoom.space\/es\/event\/xxix-trobada-del-sector-de-la-tecnologia-sanitaria\/\">XXIX Encuentro del Sector de la Tecnolog\u00eda Sanitaria<\/a><\/blockquote><iframe sandbox=\"allow-scripts\" security=\"restricted\" src=\"https:\/\/ticsalutsocial.atoom.space\/es\/event\/xxix-trobada-del-sector-de-la-tecnologia-sanitaria\/embed\/#?secret=WtePtCL7Gr\" width=\"600\" height=\"338\" title=\"\u00abXXIX Encuentro del Sector de la Tecnolog\u00eda Sanitaria\u00bb \u2014 Fundaci\u00f3 TIC Salut i Social\" data-secret=\"WtePtCL7Gr\" frameborder=\"0\" marginwidth=\"0\" marginheight=\"0\" scrolling=\"no\" class=\"wp-embedded-content\"><\/iframe><script type=\"text\/javascript\">\n\/* <![CDATA[ *\/\n\/*! This file is auto-generated *\/\n!function(d,l){\"use strict\";l.querySelector&&d.addEventListener&&\"undefined\"!=typeof URL&&(d.wp=d.wp||{},d.wp.receiveEmbedMessage||(d.wp.receiveEmbedMessage=function(e){var t=e.data;if((t||t.secret||t.message||t.value)&&!\/[^a-zA-Z0-9]\/.test(t.secret)){for(var s,r,n,a=l.querySelectorAll('iframe[data-secret=\"'+t.secret+'\"]'),o=l.querySelectorAll('blockquote[data-secret=\"'+t.secret+'\"]'),c=new RegExp(\"^https?:$\",\"i\"),i=0;i<o.length;i++)o[i].style.display=\"none\";for(i=0;i<a.length;i++)s=a[i],e.source===s.contentWindow&&(s.removeAttribute(\"style\"),\"height\"===t.message?(1e3<(r=parseInt(t.value,10))?r=1e3:~~r<200&&(r=200),s.height=r):\"link\"===t.message&&(r=new URL(s.getAttribute(\"src\")),n=new URL(t.value),c.test(n.protocol))&&n.host===r.host&&l.activeElement===s&&(d.top.location.href=t.value))}},d.addEventListener(\"message\",d.wp.receiveEmbedMessage,!1),l.addEventListener(\"DOMContentLoaded\",function(){for(var e,t,s=l.querySelectorAll(\"iframe.wp-embedded-content\"),r=0;r<s.length;r++)(t=(e=s[r]).getAttribute(\"data-secret\"))||(t=Math.random().toString(36).substring(2,12),e.src+=\"#?secret=\"+t,e.setAttribute(\"data-secret\",t)),e.contentWindow.postMessage({message:\"ready\",secret:t},\"*\")},!1)))}(window,document);\n\/\/# sourceURL=https:\/\/ticsalutsocial.atoom.space\/wp-includes\/js\/wp-embed.min.js\n\/* ]]> *\/\n<\/script>\n","thumbnail_url":"https:\/\/ticsalutsocial.atoom.space\/wp-content\/uploads\/2023\/05\/detail_230317_Esade-Fenin_2023_Twitter_v3.jpg","thumbnail_width":1012,"thumbnail_height":506,"description":"El pr\u00f3ximo 7 de junio de 2023 se celebra la XXIX Edici\u00f3n del tradicional Encuentro del Sector de la Tecnolog\u00eda Sanitaria que organiza Fenin anualmente en colaboraci\u00f3n con la escuela de negocios ESADE.\u00a0 Tendr\u00e1 lugar en el Auditorio Rafael del Pino de Madrid. El t\u00edtulo de este a\u00f1o es \u201cASPECTOS CLAVES DE LA TECNOLOG\u00cdA SANITARIA [&hellip;]"}

Fundació TIC Salut i Social

XXIX Encuentro del Sector de la Tecnología Sanitaria - Fundació TIC Salut i Social

<blockquote class="wp-embedded-content" data-secret="WtePtCL7Gr"><a href="https://ticsalutsocial.atoom.space/es/event/xxix-trobada-del-sector-de-la-tecnologia-sanitaria/">XXIX Encuentro del Sector de la Tecnología Sanitaria</a></blockquote><iframe sandbox="allow-scripts" security="restricted" src="https://ticsalutsocial.atoom.space/es/event/xxix-trobada-del-sector-de-la-tecnologia-sanitaria/embed/#?secret=WtePtCL7Gr" width="600" height="338" title="«XXIX Encuentro del Sector de la Tecnología Sanitaria» — Fundació TIC Salut i Social" data-secret="WtePtCL7Gr" frameborder="0" marginwidth="0" marginheight="0" scrolling="no" class="wp-embedded-content"></iframe><script type="text/javascript">
/* <![CDATA[ */
/*! This file is auto-generated */
!function(d,l){"use strict";l.querySelector&&d.addEventListener&&"undefined"!=typeof URL&&(d.wp=d.wp||{},d.wp.receiveEmbedMessage||(d.wp.receiveEmbedMessage=function(e){var t=e.data;if((t||t.secret||t.message||t.value)&&!/[^a-zA-Z0-9]/.test(t.secret)){for(var s,r,n,a=l.querySelectorAll('iframe[data-secret="'+t.secret+'"]'),o=l.querySelectorAll('blockquote[data-secret="'+t.secret+'"]'),c=new RegExp("^https?:$","i"),i=0;i<o.length;i++)o[i].style.display="none";for(i=0;i<a.length;i++)s=a[i],e.source===s.contentWindow&&(s.removeAttribute("style"),"height"===t.message?(1e3<(r=parseInt(t.value,10))?r=1e3:~~r<200&&(r=200),s.height=r):"link"===t.message&&(r=new URL(s.getAttribute("src")),n=new URL(t.value),c.test(n.protocol))&&n.host===r.host&&l.activeElement===s&&(d.top.location.href=t.value))}},d.addEventListener("message",d.wp.receiveEmbedMessage,!1),l.addEventListener("DOMContentLoaded",function(){for(var e,t,s=l.querySelectorAll("iframe.wp-embedded-content"),r=0;r<s.length;r++)(t=(e=s[r]).getAttribute("data-secret"))||(t=Math.random().toString(36).substring(2,12),e.src+="#?secret="+t,e.setAttribute("data-secret",t)),e.contentWindow.postMessage({message:"ready",secret:t},"*")},!1)))}(window,document);
//# sourceURL=https://ticsalutsocial.atoom.space/wp-includes/js/wp-embed.min.js
/* ]]> */
</script>

El próximo 7 de junio de 2023 se celebra la XXIX Edición del tradicional Encuentro del Sector de la Tecnología Sanitaria que organiza Fenin anualmente en colaboración con la escuela de negocios ESADE.  Tendrá lugar en el Auditorio Rafael del Pino de Madrid. El título de este año es “ASPECTOS CLAVES DE LA TECNOLOGÍA SANITARIA [&hellip;]
