
{"version":"1.0","provider_name":"Fundaci\u00f3 TIC Salut i Social","provider_url":"https:\/\/ticsalutsocial.atoom.space\/es\/","author_name":"whiterabbit","author_url":"https:\/\/ticsalutsocial.atoom.space\/es\/author\/whiterabbit\/","title":"El proyecto Intersocial arranca la segunda fase - Fundaci\u00f3 TIC Salut i Social","type":"rich","width":600,"height":338,"html":"<blockquote class=\"wp-embedded-content\" data-secret=\"J4yC5Dmjmj\"><a href=\"https:\/\/ticsalutsocial.atoom.space\/es\/noticia\/el-proyecto-intersocial-arranca-la-segunda-fase\/\">El proyecto Intersocial arranca la segunda fase<\/a><\/blockquote><iframe sandbox=\"allow-scripts\" security=\"restricted\" src=\"https:\/\/ticsalutsocial.atoom.space\/es\/noticia\/el-proyecto-intersocial-arranca-la-segunda-fase\/embed\/#?secret=J4yC5Dmjmj\" width=\"600\" height=\"338\" title=\"\u00abEl proyecto Intersocial arranca la segunda fase\u00bb \u2014 Fundaci\u00f3 TIC Salut i Social\" data-secret=\"J4yC5Dmjmj\" frameborder=\"0\" marginwidth=\"0\" marginheight=\"0\" scrolling=\"no\" class=\"wp-embedded-content\"><\/iframe><script type=\"text\/javascript\">\n\/* <![CDATA[ *\/\n\/*! This file is auto-generated *\/\n!function(d,l){\"use strict\";l.querySelector&&d.addEventListener&&\"undefined\"!=typeof URL&&(d.wp=d.wp||{},d.wp.receiveEmbedMessage||(d.wp.receiveEmbedMessage=function(e){var t=e.data;if((t||t.secret||t.message||t.value)&&!\/[^a-zA-Z0-9]\/.test(t.secret)){for(var s,r,n,a=l.querySelectorAll('iframe[data-secret=\"'+t.secret+'\"]'),o=l.querySelectorAll('blockquote[data-secret=\"'+t.secret+'\"]'),c=new RegExp(\"^https?:$\",\"i\"),i=0;i<o.length;i++)o[i].style.display=\"none\";for(i=0;i<a.length;i++)s=a[i],e.source===s.contentWindow&&(s.removeAttribute(\"style\"),\"height\"===t.message?(1e3<(r=parseInt(t.value,10))?r=1e3:~~r<200&&(r=200),s.height=r):\"link\"===t.message&&(r=new URL(s.getAttribute(\"src\")),n=new URL(t.value),c.test(n.protocol))&&n.host===r.host&&l.activeElement===s&&(d.top.location.href=t.value))}},d.addEventListener(\"message\",d.wp.receiveEmbedMessage,!1),l.addEventListener(\"DOMContentLoaded\",function(){for(var e,t,s=l.querySelectorAll(\"iframe.wp-embedded-content\"),r=0;r<s.length;r++)(t=(e=s[r]).getAttribute(\"data-secret\"))||(t=Math.random().toString(36).substring(2,12),e.src+=\"#?secret=\"+t,e.setAttribute(\"data-secret\",t)),e.contentWindow.postMessage({message:\"ready\",secret:t},\"*\")},!1)))}(window,document);\n\/\/# sourceURL=https:\/\/ticsalutsocial.atoom.space\/wp-includes\/js\/wp-embed.min.js\n\/* ]]> *\/\n<\/script>\n","thumbnail_url":"https:\/\/ticsalutsocial.atoom.space\/wp-content\/uploads\/2019\/07\/photo-1513957723230-c330c6152342.jpg","thumbnail_width":1350,"thumbnail_height":900,"description":"La Fundaci\u00f3 TIC Salut Social en colaboraci\u00f3n con el Departament de Treball, Afers Socials i Fam\u00edlies y la Diputaci\u00f3 de Barcelona, \u200b\u200bpone en marcha la segunda fase del proyecto Intersocial. El pasado 26 de junio tuvo lugar en Barcelona el kick off del proyecto, donde se reunieron m\u00e1s de quince profesionales del \u00e1mbito social y [&hellip;]"}

Fundació TIC Salut i Social

El proyecto Intersocial arranca la segunda fase - Fundació TIC Salut i Social

<blockquote class="wp-embedded-content" data-secret="J4yC5Dmjmj"><a href="https://ticsalutsocial.atoom.space/es/noticia/el-proyecto-intersocial-arranca-la-segunda-fase/">El proyecto Intersocial arranca la segunda fase</a></blockquote><iframe sandbox="allow-scripts" security="restricted" src="https://ticsalutsocial.atoom.space/es/noticia/el-proyecto-intersocial-arranca-la-segunda-fase/embed/#?secret=J4yC5Dmjmj" width="600" height="338" title="«El proyecto Intersocial arranca la segunda fase» — Fundació TIC Salut i Social" data-secret="J4yC5Dmjmj" frameborder="0" marginwidth="0" marginheight="0" scrolling="no" class="wp-embedded-content"></iframe><script type="text/javascript">
/* <![CDATA[ */
/*! This file is auto-generated */
!function(d,l){"use strict";l.querySelector&&d.addEventListener&&"undefined"!=typeof URL&&(d.wp=d.wp||{},d.wp.receiveEmbedMessage||(d.wp.receiveEmbedMessage=function(e){var t=e.data;if((t||t.secret||t.message||t.value)&&!/[^a-zA-Z0-9]/.test(t.secret)){for(var s,r,n,a=l.querySelectorAll('iframe[data-secret="'+t.secret+'"]'),o=l.querySelectorAll('blockquote[data-secret="'+t.secret+'"]'),c=new RegExp("^https?:$","i"),i=0;i<o.length;i++)o[i].style.display="none";for(i=0;i<a.length;i++)s=a[i],e.source===s.contentWindow&&(s.removeAttribute("style"),"height"===t.message?(1e3<(r=parseInt(t.value,10))?r=1e3:~~r<200&&(r=200),s.height=r):"link"===t.message&&(r=new URL(s.getAttribute("src")),n=new URL(t.value),c.test(n.protocol))&&n.host===r.host&&l.activeElement===s&&(d.top.location.href=t.value))}},d.addEventListener("message",d.wp.receiveEmbedMessage,!1),l.addEventListener("DOMContentLoaded",function(){for(var e,t,s=l.querySelectorAll("iframe.wp-embedded-content"),r=0;r<s.length;r++)(t=(e=s[r]).getAttribute("data-secret"))||(t=Math.random().toString(36).substring(2,12),e.src+="#?secret="+t,e.setAttribute("data-secret",t)),e.contentWindow.postMessage({message:"ready",secret:t},"*")},!1)))}(window,document);
//# sourceURL=https://ticsalutsocial.atoom.space/wp-includes/js/wp-embed.min.js
/* ]]> */
</script>

La Fundació TIC Salut Social en colaboración con el Departament de Treball, Afers Socials i Famílies y la Diputació de Barcelona, ​​pone en marcha la segunda fase del proyecto Intersocial. El pasado 26 de junio tuvo lugar en Barcelona el kick off del proyecto, donde se reunieron más de quince profesionales del ámbito social y [&hellip;]
