
{"version":"1.0","provider_name":"Fundaci\u00f3 TIC Salut i Social","provider_url":"https:\/\/ticsalutsocial.atoom.space\/es\/","author_name":"whiterabbit","author_url":"https:\/\/ticsalutsocial.atoom.space\/es\/author\/whiterabbit\/","title":"III Jornades CTecno #TIC4life - Fundaci\u00f3 TIC Salut i Social","type":"rich","width":600,"height":338,"html":"<blockquote class=\"wp-embedded-content\" data-secret=\"BQDQsRVXrN\"><a href=\"https:\/\/ticsalutsocial.atoom.space\/es\/noticia\/iii-jornades-ctecno-tic4life\/\">III Jornades CTecno #TIC4life<\/a><\/blockquote><iframe sandbox=\"allow-scripts\" security=\"restricted\" src=\"https:\/\/ticsalutsocial.atoom.space\/es\/noticia\/iii-jornades-ctecno-tic4life\/embed\/#?secret=BQDQsRVXrN\" width=\"600\" height=\"338\" title=\"\u00abIII Jornades CTecno #TIC4life\u00bb \u2014 Fundaci\u00f3 TIC Salut i Social\" data-secret=\"BQDQsRVXrN\" frameborder=\"0\" marginwidth=\"0\" marginheight=\"0\" scrolling=\"no\" class=\"wp-embedded-content\"><\/iframe><script type=\"text\/javascript\">\n\/* <![CDATA[ *\/\n\/*! This file is auto-generated *\/\n!function(d,l){\"use strict\";l.querySelector&&d.addEventListener&&\"undefined\"!=typeof URL&&(d.wp=d.wp||{},d.wp.receiveEmbedMessage||(d.wp.receiveEmbedMessage=function(e){var t=e.data;if((t||t.secret||t.message||t.value)&&!\/[^a-zA-Z0-9]\/.test(t.secret)){for(var s,r,n,a=l.querySelectorAll('iframe[data-secret=\"'+t.secret+'\"]'),o=l.querySelectorAll('blockquote[data-secret=\"'+t.secret+'\"]'),c=new RegExp(\"^https?:$\",\"i\"),i=0;i<o.length;i++)o[i].style.display=\"none\";for(i=0;i<a.length;i++)s=a[i],e.source===s.contentWindow&&(s.removeAttribute(\"style\"),\"height\"===t.message?(1e3<(r=parseInt(t.value,10))?r=1e3:~~r<200&&(r=200),s.height=r):\"link\"===t.message&&(r=new URL(s.getAttribute(\"src\")),n=new URL(t.value),c.test(n.protocol))&&n.host===r.host&&l.activeElement===s&&(d.top.location.href=t.value))}},d.addEventListener(\"message\",d.wp.receiveEmbedMessage,!1),l.addEventListener(\"DOMContentLoaded\",function(){for(var e,t,s=l.querySelectorAll(\"iframe.wp-embedded-content\"),r=0;r<s.length;r++)(t=(e=s[r]).getAttribute(\"data-secret\"))||(t=Math.random().toString(36).substring(2,12),e.src+=\"#?secret=\"+t,e.setAttribute(\"data-secret\",t)),e.contentWindow.postMessage({message:\"ready\",secret:t},\"*\")},!1)))}(window,document);\n\/\/# sourceURL=https:\/\/ticsalutsocial.atoom.space\/wp-includes\/js\/wp-embed.min.js\n\/* ]]> *\/\n<\/script>\n","thumbnail_url":"https:\/\/ticsalutsocial.atoom.space\/wp-content\/uploads\/2017\/10\/iii-jornades_1200x628-facebook_centre_78_522.png","thumbnail_width":1200,"thumbnail_height":628,"description":"El&nbsp;proper dimarts&nbsp;19&nbsp;de desembre&nbsp;el CTecno celebra&nbsp;les&nbsp;III Jornades CTecno&nbsp;a l&rsquo;Auditori Imagina-Mediapro. La trobada d&rsquo;aquest any&nbsp;proposa una gran reflexi\u00f3 sobre la innovaci\u00f3 tecnol\u00f2gica i l&rsquo;impacte que hi t\u00e9 en el benestar de la societat. Les Jornades estan concebudes com un espai per reflexionar sobre com la innovaci\u00f3 tecnol\u00f2gica juga un paper fonamental en el m\u00f3n de l&rsquo;oci, l&rsquo;entreteniment [&hellip;]"}

Fundació TIC Salut i Social

III Jornades CTecno #TIC4life - Fundació TIC Salut i Social

<blockquote class="wp-embedded-content" data-secret="BQDQsRVXrN"><a href="https://ticsalutsocial.atoom.space/es/noticia/iii-jornades-ctecno-tic4life/">III Jornades CTecno #TIC4life</a></blockquote><iframe sandbox="allow-scripts" security="restricted" src="https://ticsalutsocial.atoom.space/es/noticia/iii-jornades-ctecno-tic4life/embed/#?secret=BQDQsRVXrN" width="600" height="338" title="«III Jornades CTecno #TIC4life» — Fundació TIC Salut i Social" data-secret="BQDQsRVXrN" frameborder="0" marginwidth="0" marginheight="0" scrolling="no" class="wp-embedded-content"></iframe><script type="text/javascript">
/* <![CDATA[ */
/*! This file is auto-generated */
!function(d,l){"use strict";l.querySelector&&d.addEventListener&&"undefined"!=typeof URL&&(d.wp=d.wp||{},d.wp.receiveEmbedMessage||(d.wp.receiveEmbedMessage=function(e){var t=e.data;if((t||t.secret||t.message||t.value)&&!/[^a-zA-Z0-9]/.test(t.secret)){for(var s,r,n,a=l.querySelectorAll('iframe[data-secret="'+t.secret+'"]'),o=l.querySelectorAll('blockquote[data-secret="'+t.secret+'"]'),c=new RegExp("^https?:$","i"),i=0;i<o.length;i++)o[i].style.display="none";for(i=0;i<a.length;i++)s=a[i],e.source===s.contentWindow&&(s.removeAttribute("style"),"height"===t.message?(1e3<(r=parseInt(t.value,10))?r=1e3:~~r<200&&(r=200),s.height=r):"link"===t.message&&(r=new URL(s.getAttribute("src")),n=new URL(t.value),c.test(n.protocol))&&n.host===r.host&&l.activeElement===s&&(d.top.location.href=t.value))}},d.addEventListener("message",d.wp.receiveEmbedMessage,!1),l.addEventListener("DOMContentLoaded",function(){for(var e,t,s=l.querySelectorAll("iframe.wp-embedded-content"),r=0;r<s.length;r++)(t=(e=s[r]).getAttribute("data-secret"))||(t=Math.random().toString(36).substring(2,12),e.src+="#?secret="+t,e.setAttribute("data-secret",t)),e.contentWindow.postMessage({message:"ready",secret:t},"*")},!1)))}(window,document);
//# sourceURL=https://ticsalutsocial.atoom.space/wp-includes/js/wp-embed.min.js
/* ]]> */
</script>

El&nbsp;proper dimarts&nbsp;19&nbsp;de desembre&nbsp;el CTecno celebra&nbsp;les&nbsp;III Jornades CTecno&nbsp;a l&rsquo;Auditori Imagina-Mediapro. La trobada d&rsquo;aquest any&nbsp;proposa una gran reflexió sobre la innovació tecnològica i l&rsquo;impacte que hi té en el benestar de la societat. Les Jornades estan concebudes com un espai per reflexionar sobre com la innovació tecnològica juga un paper fonamental en el món de l&rsquo;oci, l&rsquo;entreteniment [&hellip;]
