
{"version":"1.0","provider_name":"Fundaci\u00f3 TIC Salut i Social","provider_url":"https:\/\/ticsalutsocial.atoom.space\/es\/","author_name":"whiterabbit","author_url":"https:\/\/ticsalutsocial.atoom.space\/es\/author\/whiterabbit\/","title":"VALORA, un proyecto para monitorizar EPOC y asma - Fundaci\u00f3 TIC Salut i Social","type":"rich","width":600,"height":338,"html":"<blockquote class=\"wp-embedded-content\" data-secret=\"xJIMJmPvcZ\"><a href=\"https:\/\/ticsalutsocial.atoom.space\/es\/noticia\/valora-un-proyecto-para-monitorizar-epoc-y-asma\/\">VALORA, un proyecto para monitorizar EPOC y asma<\/a><\/blockquote><iframe sandbox=\"allow-scripts\" security=\"restricted\" src=\"https:\/\/ticsalutsocial.atoom.space\/es\/noticia\/valora-un-proyecto-para-monitorizar-epoc-y-asma\/embed\/#?secret=xJIMJmPvcZ\" width=\"600\" height=\"338\" title=\"\u00abVALORA, un proyecto para monitorizar EPOC y asma\u00bb \u2014 Fundaci\u00f3 TIC Salut i Social\" data-secret=\"xJIMJmPvcZ\" frameborder=\"0\" marginwidth=\"0\" marginheight=\"0\" scrolling=\"no\" class=\"wp-embedded-content\"><\/iframe><script type=\"text\/javascript\">\n\/* <![CDATA[ *\/\n\/*! This file is auto-generated *\/\n!function(d,l){\"use strict\";l.querySelector&&d.addEventListener&&\"undefined\"!=typeof URL&&(d.wp=d.wp||{},d.wp.receiveEmbedMessage||(d.wp.receiveEmbedMessage=function(e){var t=e.data;if((t||t.secret||t.message||t.value)&&!\/[^a-zA-Z0-9]\/.test(t.secret)){for(var s,r,n,a=l.querySelectorAll('iframe[data-secret=\"'+t.secret+'\"]'),o=l.querySelectorAll('blockquote[data-secret=\"'+t.secret+'\"]'),c=new RegExp(\"^https?:$\",\"i\"),i=0;i<o.length;i++)o[i].style.display=\"none\";for(i=0;i<a.length;i++)s=a[i],e.source===s.contentWindow&&(s.removeAttribute(\"style\"),\"height\"===t.message?(1e3<(r=parseInt(t.value,10))?r=1e3:~~r<200&&(r=200),s.height=r):\"link\"===t.message&&(r=new URL(s.getAttribute(\"src\")),n=new URL(t.value),c.test(n.protocol))&&n.host===r.host&&l.activeElement===s&&(d.top.location.href=t.value))}},d.addEventListener(\"message\",d.wp.receiveEmbedMessage,!1),l.addEventListener(\"DOMContentLoaded\",function(){for(var e,t,s=l.querySelectorAll(\"iframe.wp-embedded-content\"),r=0;r<s.length;r++)(t=(e=s[r]).getAttribute(\"data-secret\"))||(t=Math.random().toString(36).substring(2,12),e.src+=\"#?secret=\"+t,e.setAttribute(\"data-secret\",t)),e.contentWindow.postMessage({message:\"ready\",secret:t},\"*\")},!1)))}(window,document);\n\/\/# sourceURL=https:\/\/ticsalutsocial.atoom.space\/wp-includes\/js\/wp-embed.min.js\n\/* ]]> *\/\n<\/script>\n","thumbnail_url":"https:\/\/ticsalutsocial.atoom.space\/wp-content\/uploads\/2019\/01\/michael-olsen-521882-unsplash-scaled.jpg","thumbnail_width":2560,"thumbnail_height":1880,"description":"La Fundaci\u00f3 TIC Salut Social participa en un nuevo proyecto iniciado en 2018, VALORA. El objetivo es analizar el grado de satisfacci\u00f3n en el uso de la plataforma Propeller en pacientes con asma y EPOC y sus profesionales de referencia. Este estudio se realizar\u00e1 en colaboraci\u00f3n con distintos equipos de Atenci\u00f3n Primaria del SAP Delta [&hellip;]"}

Fundació TIC Salut i Social

VALORA, un proyecto para monitorizar EPOC y asma - Fundació TIC Salut i Social

<blockquote class="wp-embedded-content" data-secret="xJIMJmPvcZ"><a href="https://ticsalutsocial.atoom.space/es/noticia/valora-un-proyecto-para-monitorizar-epoc-y-asma/">VALORA, un proyecto para monitorizar EPOC y asma</a></blockquote><iframe sandbox="allow-scripts" security="restricted" src="https://ticsalutsocial.atoom.space/es/noticia/valora-un-proyecto-para-monitorizar-epoc-y-asma/embed/#?secret=xJIMJmPvcZ" width="600" height="338" title="«VALORA, un proyecto para monitorizar EPOC y asma» — Fundació TIC Salut i Social" data-secret="xJIMJmPvcZ" frameborder="0" marginwidth="0" marginheight="0" scrolling="no" class="wp-embedded-content"></iframe><script type="text/javascript">
/* <![CDATA[ */
/*! This file is auto-generated */
!function(d,l){"use strict";l.querySelector&&d.addEventListener&&"undefined"!=typeof URL&&(d.wp=d.wp||{},d.wp.receiveEmbedMessage||(d.wp.receiveEmbedMessage=function(e){var t=e.data;if((t||t.secret||t.message||t.value)&&!/[^a-zA-Z0-9]/.test(t.secret)){for(var s,r,n,a=l.querySelectorAll('iframe[data-secret="'+t.secret+'"]'),o=l.querySelectorAll('blockquote[data-secret="'+t.secret+'"]'),c=new RegExp("^https?:$","i"),i=0;i<o.length;i++)o[i].style.display="none";for(i=0;i<a.length;i++)s=a[i],e.source===s.contentWindow&&(s.removeAttribute("style"),"height"===t.message?(1e3<(r=parseInt(t.value,10))?r=1e3:~~r<200&&(r=200),s.height=r):"link"===t.message&&(r=new URL(s.getAttribute("src")),n=new URL(t.value),c.test(n.protocol))&&n.host===r.host&&l.activeElement===s&&(d.top.location.href=t.value))}},d.addEventListener("message",d.wp.receiveEmbedMessage,!1),l.addEventListener("DOMContentLoaded",function(){for(var e,t,s=l.querySelectorAll("iframe.wp-embedded-content"),r=0;r<s.length;r++)(t=(e=s[r]).getAttribute("data-secret"))||(t=Math.random().toString(36).substring(2,12),e.src+="#?secret="+t,e.setAttribute("data-secret",t)),e.contentWindow.postMessage({message:"ready",secret:t},"*")},!1)))}(window,document);
//# sourceURL=https://ticsalutsocial.atoom.space/wp-includes/js/wp-embed.min.js
/* ]]> */
</script>

La Fundació TIC Salut Social participa en un nuevo proyecto iniciado en 2018, VALORA. El objetivo es analizar el grado de satisfacción en el uso de la plataforma Propeller en pacientes con asma y EPOC y sus profesionales de referencia. Este estudio se realizará en colaboración con distintos equipos de Atención Primaria del SAP Delta [&hellip;]
