
{"version":"1.0","provider_name":"Fundaci\u00f3 TIC Salut i Social","provider_url":"https:\/\/ticsalutsocial.atoom.space\/es\/","author_name":"whiterabbit","author_url":"https:\/\/ticsalutsocial.atoom.space\/es\/author\/whiterabbit\/","title":"'Visions', conversaciones con el sector - Fundaci\u00f3 TIC Salut i Social","type":"rich","width":600,"height":338,"html":"<blockquote class=\"wp-embedded-content\" data-secret=\"4Sswj7prhu\"><a href=\"https:\/\/ticsalutsocial.atoom.space\/es\/noticia\/visions-conversaciones-con-el-sector\/\">&#8216;Visions&#8217;, conversaciones con el sector<\/a><\/blockquote><iframe sandbox=\"allow-scripts\" security=\"restricted\" src=\"https:\/\/ticsalutsocial.atoom.space\/es\/noticia\/visions-conversaciones-con-el-sector\/embed\/#?secret=4Sswj7prhu\" width=\"600\" height=\"338\" title=\"\u00ab&#8216;Visions&#8217;, conversaciones con el sector\u00bb \u2014 Fundaci\u00f3 TIC Salut i Social\" data-secret=\"4Sswj7prhu\" frameborder=\"0\" marginwidth=\"0\" marginheight=\"0\" scrolling=\"no\" class=\"wp-embedded-content\"><\/iframe><script type=\"text\/javascript\">\n\/* <![CDATA[ *\/\n\/*! This file is auto-generated *\/\n!function(d,l){\"use strict\";l.querySelector&&d.addEventListener&&\"undefined\"!=typeof URL&&(d.wp=d.wp||{},d.wp.receiveEmbedMessage||(d.wp.receiveEmbedMessage=function(e){var t=e.data;if((t||t.secret||t.message||t.value)&&!\/[^a-zA-Z0-9]\/.test(t.secret)){for(var s,r,n,a=l.querySelectorAll('iframe[data-secret=\"'+t.secret+'\"]'),o=l.querySelectorAll('blockquote[data-secret=\"'+t.secret+'\"]'),c=new RegExp(\"^https?:$\",\"i\"),i=0;i<o.length;i++)o[i].style.display=\"none\";for(i=0;i<a.length;i++)s=a[i],e.source===s.contentWindow&&(s.removeAttribute(\"style\"),\"height\"===t.message?(1e3<(r=parseInt(t.value,10))?r=1e3:~~r<200&&(r=200),s.height=r):\"link\"===t.message&&(r=new URL(s.getAttribute(\"src\")),n=new URL(t.value),c.test(n.protocol))&&n.host===r.host&&l.activeElement===s&&(d.top.location.href=t.value))}},d.addEventListener(\"message\",d.wp.receiveEmbedMessage,!1),l.addEventListener(\"DOMContentLoaded\",function(){for(var e,t,s=l.querySelectorAll(\"iframe.wp-embedded-content\"),r=0;r<s.length;r++)(t=(e=s[r]).getAttribute(\"data-secret\"))||(t=Math.random().toString(36).substring(2,12),e.src+=\"#?secret=\"+t,e.setAttribute(\"data-secret\",t)),e.contentWindow.postMessage({message:\"ready\",secret:t},\"*\")},!1)))}(window,document);\n\/\/# sourceURL=https:\/\/ticsalutsocial.atoom.space\/wp-includes\/js\/wp-embed.min.js\n\/* ]]> *\/\n<\/script>\n","thumbnail_url":"https:\/\/ticsalutsocial.atoom.space\/wp-content\/uploads\/2019\/03\/genis_visions_web_8-scaled.jpg","thumbnail_width":2560,"thumbnail_height":1440,"description":"Como agentes de transformaci\u00f3n digital para los sectores de salud y bienestar social trabajamos para adaptar las soluciones tecnol\u00f3gicas de presente y futuro al servicio de las personas. Con el foco puesto en la innovaci\u00f3n, creemos que compartir el conocimiento enriquece el camino del progreso com\u00fan. Desde TIC Salut Social, nos hemos propuesto identificar, ordenar [&hellip;]"}

Fundació TIC Salut i Social

'Visions', conversaciones con el sector - Fundació TIC Salut i Social

<blockquote class="wp-embedded-content" data-secret="4Sswj7prhu"><a href="https://ticsalutsocial.atoom.space/es/noticia/visions-conversaciones-con-el-sector/">&#8216;Visions&#8217;, conversaciones con el sector</a></blockquote><iframe sandbox="allow-scripts" security="restricted" src="https://ticsalutsocial.atoom.space/es/noticia/visions-conversaciones-con-el-sector/embed/#?secret=4Sswj7prhu" width="600" height="338" title="«&#8216;Visions&#8217;, conversaciones con el sector» — Fundació TIC Salut i Social" data-secret="4Sswj7prhu" frameborder="0" marginwidth="0" marginheight="0" scrolling="no" class="wp-embedded-content"></iframe><script type="text/javascript">
/* <![CDATA[ */
/*! This file is auto-generated */
!function(d,l){"use strict";l.querySelector&&d.addEventListener&&"undefined"!=typeof URL&&(d.wp=d.wp||{},d.wp.receiveEmbedMessage||(d.wp.receiveEmbedMessage=function(e){var t=e.data;if((t||t.secret||t.message||t.value)&&!/[^a-zA-Z0-9]/.test(t.secret)){for(var s,r,n,a=l.querySelectorAll('iframe[data-secret="'+t.secret+'"]'),o=l.querySelectorAll('blockquote[data-secret="'+t.secret+'"]'),c=new RegExp("^https?:$","i"),i=0;i<o.length;i++)o[i].style.display="none";for(i=0;i<a.length;i++)s=a[i],e.source===s.contentWindow&&(s.removeAttribute("style"),"height"===t.message?(1e3<(r=parseInt(t.value,10))?r=1e3:~~r<200&&(r=200),s.height=r):"link"===t.message&&(r=new URL(s.getAttribute("src")),n=new URL(t.value),c.test(n.protocol))&&n.host===r.host&&l.activeElement===s&&(d.top.location.href=t.value))}},d.addEventListener("message",d.wp.receiveEmbedMessage,!1),l.addEventListener("DOMContentLoaded",function(){for(var e,t,s=l.querySelectorAll("iframe.wp-embedded-content"),r=0;r<s.length;r++)(t=(e=s[r]).getAttribute("data-secret"))||(t=Math.random().toString(36).substring(2,12),e.src+="#?secret="+t,e.setAttribute("data-secret",t)),e.contentWindow.postMessage({message:"ready",secret:t},"*")},!1)))}(window,document);
//# sourceURL=https://ticsalutsocial.atoom.space/wp-includes/js/wp-embed.min.js
/* ]]> */
</script>

Como agentes de transformación digital para los sectores de salud y bienestar social trabajamos para adaptar las soluciones tecnológicas de presente y futuro al servicio de las personas. Con el foco puesto en la innovación, creemos que compartir el conocimiento enriquece el camino del progreso común. Desde TIC Salut Social, nos hemos propuesto identificar, ordenar [&hellip;]
