
{"id":13549,"date":"2022-07-26T11:07:15","date_gmt":"2022-07-26T09:07:15","guid":{"rendered":"https:\/\/ticsalutsocial.atoom.space\/app\/mysugr\/"},"modified":"2024-02-29T13:23:15","modified_gmt":"2024-02-29T11:23:15","slug":"mysugr","status":"publish","type":"app","link":"https:\/\/ticsalutsocial.atoom.space\/es\/app\/mysugr\/","title":{"rendered":"mySugr"},"content":{"rendered":"","protected":false},"template":"","categoria_app":[846],"especialitat":[863,932],"especialitat_social":[],"public":[878,936],"class_list":["post-13549","app","type-app","status-publish","hentry","ambit-salud","categoria_app-apps-certificades-es","dispositiu_mdic-clase-iib","dispositiu_mdic-dispositivo-medico","dispositiu_mdic-producto-sanitario","especialitat-endocrinologia-es","especialitat-diabetes-es","public-pacient-es","public-profesionales-de-la-salud-es"],"acf":{"icona":"https:\/\/ticsalutsocial.atoom.space\/wp-content\/uploads\/2021\/07\/app-my-sugr-1.png","descripcio":"La App mySugr es una aplicaci\u00f3n gratuita, dirigida a ciudadanos que permite realizar un registro de la diabetes y hacer seguimiento de la evoluci\u00f3n de la enfermedad","public":"<p>Pacients<\/p>\n","contenido":{"definicio":"<p><strong>La App\u00a0mySugr<\/strong>\u00a0es una aplicaci\u00f3n gratuita, dirigida a ciudadanos\u00a0que permite hacer un registro de la diabetes y hacer seguimiento de la evoluci\u00f3n de la enfermedad. La App registra autom\u00e1ticamente los datos y puede recoger la informaci\u00f3n de la terapia diaria, como el comido, la dieta y la ingesta de carbohidratos, tambi\u00e9n permite registrar la toma de medicaci\u00f3n, los valores de glucemia y los niveles de insulina. La App permite la vinculaci\u00f3n con dispositivos Accu-Chek.<\/p>\n","captures":["https:\/\/ticsalutsocial.atoom.space\/wp-content\/uploads\/2021\/09\/screenshot.png","https:\/\/ticsalutsocial.atoom.space\/wp-content\/uploads\/2021\/09\/screenshot2.png","https:\/\/ticsalutsocial.atoom.space\/wp-content\/uploads\/2021\/09\/screenshot3.png","https:\/\/ticsalutsocial.atoom.space\/wp-content\/uploads\/2021\/09\/screenshot4.png","https:\/\/ticsalutsocial.atoom.space\/wp-content\/uploads\/2021\/09\/screenshot5.png"],"informacio":"","informacio_list":{"desenvolupador":"Roche Diabetes Care Spain S.L.U","cost":"Gratuita, ofrece compras dentro de la app","versio_revisada":"3.92.33 (Android), 3.83.33 (iOS)","data_revisio":"14\/12\/2020","narc_referencia":"Fundaci\u00f3n TIC Salud \/ Fundaci\u00f3n iSYS","especialitat":"Endocrinolog\u00eda, Diabetes","adrecat_a":"Ciudadano Paciente"},"links_descarrega":{"googleplay":"https:\/\/play.google.com\/store\/apps\/details?id=com.mysugr.android.companion&hl=ca&gl=US","appstore":"https:\/\/apps.apple.com\/es\/app\/mysugr-app-diario-diabetes\/id516509211"},"etiqueta_short":false,"etiqueta_long":false,"prospecte":""}},"yoast_head":"<!-- This site is optimized with the Yoast SEO plugin v27.1.1 - https:\/\/yoast.com\/product\/yoast-seo-wordpress\/ -->\n<title>mySugr - Fundaci\u00f3 TIC Salut i Social<\/title>\n<meta name=\"robots\" content=\"index, follow, max-snippet:-1, max-image-preview:large, max-video-preview:-1\" \/>\n<link rel=\"canonical\" href=\"https:\/\/ticsalutsocial.atoom.space\/es\/app\/mysugr\/\" \/>\n<meta property=\"og:locale\" content=\"es_ES\" \/>\n<meta property=\"og:type\" content=\"article\" \/>\n<meta property=\"og:title\" content=\"mySugr - Fundaci\u00f3 TIC Salut i Social\" \/>\n<meta property=\"og:url\" content=\"https:\/\/ticsalutsocial.atoom.space\/es\/app\/mysugr\/\" \/>\n<meta property=\"og:site_name\" content=\"Fundaci\u00f3 TIC Salut i Social\" \/>\n<meta property=\"article:modified_time\" content=\"2024-02-29T11:23:15+00:00\" \/>\n<meta name=\"twitter:card\" content=\"summary_large_image\" \/>\n<script type=\"application\/ld+json\" class=\"yoast-schema-graph\">{\"@context\":\"https:\/\/schema.org\",\"@graph\":[{\"@type\":\"WebPage\",\"@id\":\"https:\/\/ticsalutsocial.atoom.space\/es\/app\/mysugr\/\",\"url\":\"https:\/\/ticsalutsocial.atoom.space\/es\/app\/mysugr\/\",\"name\":\"mySugr - Fundaci\u00f3 TIC Salut i Social\",\"isPartOf\":{\"@id\":\"https:\/\/ticsalutsocial.atoom.space\/es\/#website\"},\"datePublished\":\"2022-07-26T09:07:15+00:00\",\"dateModified\":\"2024-02-29T11:23:15+00:00\",\"breadcrumb\":{\"@id\":\"https:\/\/ticsalutsocial.atoom.space\/es\/app\/mysugr\/#breadcrumb\"},\"inLanguage\":\"es\",\"potentialAction\":[{\"@type\":\"ReadAction\",\"target\":[\"https:\/\/ticsalutsocial.atoom.space\/es\/app\/mysugr\/\"]}]},{\"@type\":\"BreadcrumbList\",\"@id\":\"https:\/\/ticsalutsocial.atoom.space\/es\/app\/mysugr\/#breadcrumb\",\"itemListElement\":[{\"@type\":\"ListItem\",\"position\":1,\"name\":\"Inici\",\"item\":\"https:\/\/ticsalutsocial.atoom.space\/es\/\"},{\"@type\":\"ListItem\",\"position\":2,\"name\":\"mySugr\"}]},{\"@type\":\"WebSite\",\"@id\":\"https:\/\/ticsalutsocial.atoom.space\/es\/#website\",\"url\":\"https:\/\/ticsalutsocial.atoom.space\/es\/\",\"name\":\"Fundaci\u00f3 TIC Salut i Social\",\"description\":\"\",\"potentialAction\":[{\"@type\":\"SearchAction\",\"target\":{\"@type\":\"EntryPoint\",\"urlTemplate\":\"https:\/\/ticsalutsocial.atoom.space\/es\/?s={search_term_string}\"},\"query-input\":{\"@type\":\"PropertyValueSpecification\",\"valueRequired\":true,\"valueName\":\"search_term_string\"}}],\"inLanguage\":\"es\"}]}<\/script>\n<!-- \/ Yoast SEO plugin. -->","yoast_head_json":{"title":"mySugr - Fundaci\u00f3 TIC Salut i Social","robots":{"index":"index","follow":"follow","max-snippet":"max-snippet:-1","max-image-preview":"max-image-preview:large","max-video-preview":"max-video-preview:-1"},"canonical":"https:\/\/ticsalutsocial.atoom.space\/es\/app\/mysugr\/","og_locale":"es_ES","og_type":"article","og_title":"mySugr - Fundaci\u00f3 TIC Salut i Social","og_url":"https:\/\/ticsalutsocial.atoom.space\/es\/app\/mysugr\/","og_site_name":"Fundaci\u00f3 TIC Salut i Social","article_modified_time":"2024-02-29T11:23:15+00:00","twitter_card":"summary_large_image","schema":{"@context":"https:\/\/schema.org","@graph":[{"@type":"WebPage","@id":"https:\/\/ticsalutsocial.atoom.space\/es\/app\/mysugr\/","url":"https:\/\/ticsalutsocial.atoom.space\/es\/app\/mysugr\/","name":"mySugr - Fundaci\u00f3 TIC Salut i Social","isPartOf":{"@id":"https:\/\/ticsalutsocial.atoom.space\/es\/#website"},"datePublished":"2022-07-26T09:07:15+00:00","dateModified":"2024-02-29T11:23:15+00:00","breadcrumb":{"@id":"https:\/\/ticsalutsocial.atoom.space\/es\/app\/mysugr\/#breadcrumb"},"inLanguage":"es","potentialAction":[{"@type":"ReadAction","target":["https:\/\/ticsalutsocial.atoom.space\/es\/app\/mysugr\/"]}]},{"@type":"BreadcrumbList","@id":"https:\/\/ticsalutsocial.atoom.space\/es\/app\/mysugr\/#breadcrumb","itemListElement":[{"@type":"ListItem","position":1,"name":"Inici","item":"https:\/\/ticsalutsocial.atoom.space\/es\/"},{"@type":"ListItem","position":2,"name":"mySugr"}]},{"@type":"WebSite","@id":"https:\/\/ticsalutsocial.atoom.space\/es\/#website","url":"https:\/\/ticsalutsocial.atoom.space\/es\/","name":"Fundaci\u00f3 TIC Salut i Social","description":"","potentialAction":[{"@type":"SearchAction","target":{"@type":"EntryPoint","urlTemplate":"https:\/\/ticsalutsocial.atoom.space\/es\/?s={search_term_string}"},"query-input":{"@type":"PropertyValueSpecification","valueRequired":true,"valueName":"search_term_string"}}],"inLanguage":"es"}]}},"_links":{"self":[{"href":"https:\/\/ticsalutsocial.atoom.space\/es\/wp-json\/wp\/v2\/app\/13549","targetHints":{"allow":["GET"]}}],"collection":[{"href":"https:\/\/ticsalutsocial.atoom.space\/es\/wp-json\/wp\/v2\/app"}],"about":[{"href":"https:\/\/ticsalutsocial.atoom.space\/es\/wp-json\/wp\/v2\/types\/app"}],"wp:attachment":[{"href":"https:\/\/ticsalutsocial.atoom.space\/es\/wp-json\/wp\/v2\/media?parent=13549"}],"wp:term":[{"taxonomy":"categoria_app","embeddable":true,"href":"https:\/\/ticsalutsocial.atoom.space\/es\/wp-json\/wp\/v2\/categoria_app?post=13549"},{"taxonomy":"especialitat","embeddable":true,"href":"https:\/\/ticsalutsocial.atoom.space\/es\/wp-json\/wp\/v2\/especialitat?post=13549"},{"taxonomy":"especialitat_social","embeddable":true,"href":"https:\/\/ticsalutsocial.atoom.space\/es\/wp-json\/wp\/v2\/especialitat_social?post=13549"},{"taxonomy":"public","embeddable":true,"href":"https:\/\/ticsalutsocial.atoom.space\/es\/wp-json\/wp\/v2\/public?post=13549"}],"curies":[{"name":"wp","href":"https:\/\/api.w.org\/{rel}","templated":true}]}}

La App mySugr es una aplicación gratuita, dirigida a ciudadanos que permite realizar un registro de la diabetes y hacer seguimiento de la evolución de la enfermedad

<p><strong>La App mySugr</strong> es una aplicación gratuita, dirigida a ciudadanos que permite hacer un registro de la diabetes y hacer seguimiento de la evolución de la enfermedad. La App registra automáticamente los datos y puede recoger la información de la terapia diaria, como el comido, la dieta y la ingesta de carbohidratos, también permite registrar la toma de medicación, los valores de glucemia y los niveles de insulina. La App permite la vinculación con dispositivos Accu-Chek.</p>

Fundación TIC Salud / Fundación iSYS

Endocrinología, Diabetes

<!-- This site is optimized with the Yoast SEO plugin v27.1.1 - https://yoast.com/product/yoast-seo-wordpress/ -->
<title>mySugr - Fundació TIC Salut i Social</title>
<meta name="robots" content="index, follow, max-snippet:-1, max-image-preview:large, max-video-preview:-1" />
<link rel="canonical" href="https://ticsalutsocial.atoom.space/es/app/mysugr/" />
<meta property="og:locale" content="es_ES" />
<meta property="og:type" content="article" />
<meta property="og:title" content="mySugr - Fundació TIC Salut i Social" />
<meta property="og:url" content="https://ticsalutsocial.atoom.space/es/app/mysugr/" />
<meta property="og:site_name" content="Fundació TIC Salut i Social" />
<meta property="article:modified_time" content="2024-02-29T11:23:15+00:00" />
<meta name="twitter:card" content="summary_large_image" />
<script type="application/ld+json" class="yoast-schema-graph">{"@context":"https://schema.org","@graph":[{"@type":"WebPage","@id":"https://ticsalutsocial.atoom.space/es/app/mysugr/","url":"https://ticsalutsocial.atoom.space/es/app/mysugr/","name":"mySugr - Fundació TIC Salut i Social","isPartOf":{"@id":"https://ticsalutsocial.atoom.space/es/#website"},"datePublished":"2022-07-26T09:07:15+00:00","dateModified":"2024-02-29T11:23:15+00:00","breadcrumb":{"@id":"https://ticsalutsocial.atoom.space/es/app/mysugr/#breadcrumb"},"inLanguage":"es","potentialAction":[{"@type":"ReadAction","target":["https://ticsalutsocial.atoom.space/es/app/mysugr/"]}]},{"@type":"BreadcrumbList","@id":"https://ticsalutsocial.atoom.space/es/app/mysugr/#breadcrumb","itemListElement":[{"@type":"ListItem","position":1,"name":"Inici","item":"https://ticsalutsocial.atoom.space/es/"},{"@type":"ListItem","position":2,"name":"mySugr"}]},{"@type":"WebSite","@id":"https://ticsalutsocial.atoom.space/es/#website","url":"https://ticsalutsocial.atoom.space/es/","name":"Fundació TIC Salut i Social","description":"","potentialAction":[{"@type":"SearchAction","target":{"@type":"EntryPoint","urlTemplate":"https://ticsalutsocial.atoom.space/es/?s={search_term_string}"},"query-input":{"@type":"PropertyValueSpecification","valueRequired":true,"valueName":"search_term_string"}}],"inLanguage":"es"}]}</script>
<!-- / Yoast SEO plugin. -->

mySugr - Fundació TIC Salut i Social

Fundació TIC Salut i Social
