
{"id":14937,"date":"2022-12-19T12:39:56","date_gmt":"2022-12-19T10:39:56","guid":{"rendered":"https:\/\/ticsalutsocial.atoom.space\/?post_type=app&#038;p=14937"},"modified":"2024-02-29T13:11:02","modified_gmt":"2024-02-29T11:11:02","slug":"yotecuido-alzheimer","status":"publish","type":"app","link":"https:\/\/ticsalutsocial.atoom.space\/es\/app\/yotecuido-alzheimer\/","title":{"rendered":"YoTeCuido Alzheimer"},"content":{"rendered":"","protected":false},"template":"","categoria_app":[847],"especialitat":[942],"especialitat_social":[],"public":[875,878],"class_list":["post-14937","app","type-app","status-publish","hentry","ambit-salud","categoria_app-altres-apps-es","especialitat-neurologia-es","public-personal-cuidador","public-pacient-es"],"acf":{"icona":"https:\/\/ticsalutsocial.atoom.space\/wp-content\/uploads\/2022\/12\/YOTECUIDOICONO.webp","contenido":{"definicio":"<p>La app ofrece informaci\u00f3n pr\u00e1ctica para resolver dudas sobre alimentaci\u00f3n, vivienda, comunicaci\u00f3n, cuidados, enfermer\u00eda y recursos legales y sociales disponibles.<\/p>\n<p>Adem\u00e1s, incluye rutinas f\u00edsicas y cognitivas para realizar a diario en casa, una secci\u00f3n espec\u00edfica con consejos para el cuidador, un listado completo de las Asociaciones de Familiares de enfermos de Alzheimer de toda Espa\u00f1a y la posibilidad de enviar dudas directamente a los especialistas de AFACO ( Asociaci\u00f3n de Familiares de personas con Alzheimer de A Coru\u00f1a).<\/p>\n<p>Es una aplicaci\u00f3n muy f\u00e1cil de usar, con contenidos elaborados por familiares y especialistas de diversas asociaciones.<\/p>\n","captures":["https:\/\/ticsalutsocial.atoom.space\/wp-content\/uploads\/2022\/12\/ytca1.webp","https:\/\/ticsalutsocial.atoom.space\/wp-content\/uploads\/2022\/12\/ytca2.webp","https:\/\/ticsalutsocial.atoom.space\/wp-content\/uploads\/2022\/12\/ytca3.webp","https:\/\/ticsalutsocial.atoom.space\/wp-content\/uploads\/2022\/12\/ytca4.webp","https:\/\/ticsalutsocial.atoom.space\/wp-content\/uploads\/2022\/12\/ytca5.webp","https:\/\/ticsalutsocial.atoom.space\/wp-content\/uploads\/2022\/12\/ytca6.webp","https:\/\/ticsalutsocial.atoom.space\/wp-content\/uploads\/2022\/12\/ytca7.webp","https:\/\/ticsalutsocial.atoom.space\/wp-content\/uploads\/2022\/12\/ytca8.webp"],"informacio":"","informacio_list":{"desenvolupador":"Lapisoft Projects SL","cost":"Gratuita","versio_revisada":"1.3.1 (Android), 1.1.2 (iOS)","data_revisio":"17\/12\/2020 (Google Play), 14\/12\/2020 v1.1.2 (App Store)","narc_referencia":"Fundaci\u00f3n iSYS \/ Fundaci\u00f3n TIC Salud Social \/ Asociaci\u00f3n de familiares de enfermos de Alzheimer de A Coru\u00f1a (AFACO)","especialitat":"Neurolog\u00eda, Informaci\u00f3n","adrecat_a":"Cuidador y paciente con Alzheimer"},"links_descarrega":{"googleplay":"https:\/\/play.google.com\/store\/apps\/details?id=es.lapisoft.yotecuido&hl=es&gl=US","appstore":"https:\/\/apps.apple.com\/es\/app\/yotecuido-alzheimer\/id1163736386"},"etiqueta_short":false,"etiqueta_long":false,"prospecte":""},"descripcio":"App gratuita de informaci\u00f3n y ayuda en el d\u00eda a d\u00eda conviviendo con el Alzheimer. Pensado para cuidadores familiares de enfermos de Alzheimer y personas diagnosticadas de la enfermedad (en fase inicial).","public":"<p>Cuidador Paciente<\/p>\n"},"yoast_head":"<!-- This site is optimized with the Yoast SEO plugin v27.1.1 - https:\/\/yoast.com\/product\/yoast-seo-wordpress\/ -->\n<title>YoTeCuido Alzheimer - Fundaci\u00f3 TIC Salut i Social<\/title>\n<meta name=\"robots\" content=\"index, follow, max-snippet:-1, max-image-preview:large, max-video-preview:-1\" \/>\n<link rel=\"canonical\" href=\"https:\/\/ticsalutsocial.atoom.space\/es\/app\/yotecuido-alzheimer\/\" \/>\n<meta property=\"og:locale\" content=\"es_ES\" \/>\n<meta property=\"og:type\" content=\"article\" \/>\n<meta property=\"og:title\" content=\"YoTeCuido Alzheimer - Fundaci\u00f3 TIC Salut i Social\" \/>\n<meta property=\"og:url\" content=\"https:\/\/ticsalutsocial.atoom.space\/es\/app\/yotecuido-alzheimer\/\" \/>\n<meta property=\"og:site_name\" content=\"Fundaci\u00f3 TIC Salut i Social\" \/>\n<meta property=\"article:modified_time\" content=\"2024-02-29T11:11:02+00:00\" \/>\n<meta name=\"twitter:card\" content=\"summary_large_image\" \/>\n<script type=\"application\/ld+json\" class=\"yoast-schema-graph\">{\"@context\":\"https:\/\/schema.org\",\"@graph\":[{\"@type\":\"WebPage\",\"@id\":\"https:\/\/ticsalutsocial.atoom.space\/es\/app\/yotecuido-alzheimer\/\",\"url\":\"https:\/\/ticsalutsocial.atoom.space\/es\/app\/yotecuido-alzheimer\/\",\"name\":\"YoTeCuido Alzheimer - Fundaci\u00f3 TIC Salut i Social\",\"isPartOf\":{\"@id\":\"https:\/\/ticsalutsocial.atoom.space\/es\/#website\"},\"datePublished\":\"2022-12-19T10:39:56+00:00\",\"dateModified\":\"2024-02-29T11:11:02+00:00\",\"breadcrumb\":{\"@id\":\"https:\/\/ticsalutsocial.atoom.space\/es\/app\/yotecuido-alzheimer\/#breadcrumb\"},\"inLanguage\":\"es\",\"potentialAction\":[{\"@type\":\"ReadAction\",\"target\":[\"https:\/\/ticsalutsocial.atoom.space\/es\/app\/yotecuido-alzheimer\/\"]}]},{\"@type\":\"BreadcrumbList\",\"@id\":\"https:\/\/ticsalutsocial.atoom.space\/es\/app\/yotecuido-alzheimer\/#breadcrumb\",\"itemListElement\":[{\"@type\":\"ListItem\",\"position\":1,\"name\":\"Inici\",\"item\":\"https:\/\/ticsalutsocial.atoom.space\/es\/\"},{\"@type\":\"ListItem\",\"position\":2,\"name\":\"YoTeCuido Alzheimer\"}]},{\"@type\":\"WebSite\",\"@id\":\"https:\/\/ticsalutsocial.atoom.space\/es\/#website\",\"url\":\"https:\/\/ticsalutsocial.atoom.space\/es\/\",\"name\":\"Fundaci\u00f3 TIC Salut i Social\",\"description\":\"\",\"potentialAction\":[{\"@type\":\"SearchAction\",\"target\":{\"@type\":\"EntryPoint\",\"urlTemplate\":\"https:\/\/ticsalutsocial.atoom.space\/es\/?s={search_term_string}\"},\"query-input\":{\"@type\":\"PropertyValueSpecification\",\"valueRequired\":true,\"valueName\":\"search_term_string\"}}],\"inLanguage\":\"es\"}]}<\/script>\n<!-- \/ Yoast SEO plugin. -->","yoast_head_json":{"title":"YoTeCuido Alzheimer - Fundaci\u00f3 TIC Salut i Social","robots":{"index":"index","follow":"follow","max-snippet":"max-snippet:-1","max-image-preview":"max-image-preview:large","max-video-preview":"max-video-preview:-1"},"canonical":"https:\/\/ticsalutsocial.atoom.space\/es\/app\/yotecuido-alzheimer\/","og_locale":"es_ES","og_type":"article","og_title":"YoTeCuido Alzheimer - Fundaci\u00f3 TIC Salut i Social","og_url":"https:\/\/ticsalutsocial.atoom.space\/es\/app\/yotecuido-alzheimer\/","og_site_name":"Fundaci\u00f3 TIC Salut i Social","article_modified_time":"2024-02-29T11:11:02+00:00","twitter_card":"summary_large_image","schema":{"@context":"https:\/\/schema.org","@graph":[{"@type":"WebPage","@id":"https:\/\/ticsalutsocial.atoom.space\/es\/app\/yotecuido-alzheimer\/","url":"https:\/\/ticsalutsocial.atoom.space\/es\/app\/yotecuido-alzheimer\/","name":"YoTeCuido Alzheimer - Fundaci\u00f3 TIC Salut i Social","isPartOf":{"@id":"https:\/\/ticsalutsocial.atoom.space\/es\/#website"},"datePublished":"2022-12-19T10:39:56+00:00","dateModified":"2024-02-29T11:11:02+00:00","breadcrumb":{"@id":"https:\/\/ticsalutsocial.atoom.space\/es\/app\/yotecuido-alzheimer\/#breadcrumb"},"inLanguage":"es","potentialAction":[{"@type":"ReadAction","target":["https:\/\/ticsalutsocial.atoom.space\/es\/app\/yotecuido-alzheimer\/"]}]},{"@type":"BreadcrumbList","@id":"https:\/\/ticsalutsocial.atoom.space\/es\/app\/yotecuido-alzheimer\/#breadcrumb","itemListElement":[{"@type":"ListItem","position":1,"name":"Inici","item":"https:\/\/ticsalutsocial.atoom.space\/es\/"},{"@type":"ListItem","position":2,"name":"YoTeCuido Alzheimer"}]},{"@type":"WebSite","@id":"https:\/\/ticsalutsocial.atoom.space\/es\/#website","url":"https:\/\/ticsalutsocial.atoom.space\/es\/","name":"Fundaci\u00f3 TIC Salut i Social","description":"","potentialAction":[{"@type":"SearchAction","target":{"@type":"EntryPoint","urlTemplate":"https:\/\/ticsalutsocial.atoom.space\/es\/?s={search_term_string}"},"query-input":{"@type":"PropertyValueSpecification","valueRequired":true,"valueName":"search_term_string"}}],"inLanguage":"es"}]}},"_links":{"self":[{"href":"https:\/\/ticsalutsocial.atoom.space\/es\/wp-json\/wp\/v2\/app\/14937","targetHints":{"allow":["GET"]}}],"collection":[{"href":"https:\/\/ticsalutsocial.atoom.space\/es\/wp-json\/wp\/v2\/app"}],"about":[{"href":"https:\/\/ticsalutsocial.atoom.space\/es\/wp-json\/wp\/v2\/types\/app"}],"wp:attachment":[{"href":"https:\/\/ticsalutsocial.atoom.space\/es\/wp-json\/wp\/v2\/media?parent=14937"}],"wp:term":[{"taxonomy":"categoria_app","embeddable":true,"href":"https:\/\/ticsalutsocial.atoom.space\/es\/wp-json\/wp\/v2\/categoria_app?post=14937"},{"taxonomy":"especialitat","embeddable":true,"href":"https:\/\/ticsalutsocial.atoom.space\/es\/wp-json\/wp\/v2\/especialitat?post=14937"},{"taxonomy":"especialitat_social","embeddable":true,"href":"https:\/\/ticsalutsocial.atoom.space\/es\/wp-json\/wp\/v2\/especialitat_social?post=14937"},{"taxonomy":"public","embeddable":true,"href":"https:\/\/ticsalutsocial.atoom.space\/es\/wp-json\/wp\/v2\/public?post=14937"}],"curies":[{"name":"wp","href":"https:\/\/api.w.org\/{rel}","templated":true}]}}

<p>La app ofrece información práctica para resolver dudas sobre alimentación, vivienda, comunicación, cuidados, enfermería y recursos legales y sociales disponibles.</p>
<p>Además, incluye rutinas físicas y cognitivas para realizar a diario en casa, una sección específica con consejos para el cuidador, un listado completo de las Asociaciones de Familiares de enfermos de Alzheimer de toda España y la posibilidad de enviar dudas directamente a los especialistas de AFACO ( Asociación de Familiares de personas con Alzheimer de A Coruña).</p>
<p>Es una aplicación muy fácil de usar, con contenidos elaborados por familiares y especialistas de diversas asociaciones.</p>

Fundación iSYS / Fundación TIC Salud Social / Asociación de familiares de enfermos de Alzheimer de A Coruña (AFACO)

Neurología, Información

App gratuita de información y ayuda en el día a día conviviendo con el Alzheimer. Pensado para cuidadores familiares de enfermos de Alzheimer y personas diagnosticadas de la enfermedad (en fase inicial).

<!-- This site is optimized with the Yoast SEO plugin v27.1.1 - https://yoast.com/product/yoast-seo-wordpress/ -->
<title>YoTeCuido Alzheimer - Fundació TIC Salut i Social</title>
<meta name="robots" content="index, follow, max-snippet:-1, max-image-preview:large, max-video-preview:-1" />
<link rel="canonical" href="https://ticsalutsocial.atoom.space/es/app/yotecuido-alzheimer/" />
<meta property="og:locale" content="es_ES" />
<meta property="og:type" content="article" />
<meta property="og:title" content="YoTeCuido Alzheimer - Fundació TIC Salut i Social" />
<meta property="og:url" content="https://ticsalutsocial.atoom.space/es/app/yotecuido-alzheimer/" />
<meta property="og:site_name" content="Fundació TIC Salut i Social" />
<meta property="article:modified_time" content="2024-02-29T11:11:02+00:00" />
<meta name="twitter:card" content="summary_large_image" />
<script type="application/ld+json" class="yoast-schema-graph">{"@context":"https://schema.org","@graph":[{"@type":"WebPage","@id":"https://ticsalutsocial.atoom.space/es/app/yotecuido-alzheimer/","url":"https://ticsalutsocial.atoom.space/es/app/yotecuido-alzheimer/","name":"YoTeCuido Alzheimer - Fundació TIC Salut i Social","isPartOf":{"@id":"https://ticsalutsocial.atoom.space/es/#website"},"datePublished":"2022-12-19T10:39:56+00:00","dateModified":"2024-02-29T11:11:02+00:00","breadcrumb":{"@id":"https://ticsalutsocial.atoom.space/es/app/yotecuido-alzheimer/#breadcrumb"},"inLanguage":"es","potentialAction":[{"@type":"ReadAction","target":["https://ticsalutsocial.atoom.space/es/app/yotecuido-alzheimer/"]}]},{"@type":"BreadcrumbList","@id":"https://ticsalutsocial.atoom.space/es/app/yotecuido-alzheimer/#breadcrumb","itemListElement":[{"@type":"ListItem","position":1,"name":"Inici","item":"https://ticsalutsocial.atoom.space/es/"},{"@type":"ListItem","position":2,"name":"YoTeCuido Alzheimer"}]},{"@type":"WebSite","@id":"https://ticsalutsocial.atoom.space/es/#website","url":"https://ticsalutsocial.atoom.space/es/","name":"Fundació TIC Salut i Social","description":"","potentialAction":[{"@type":"SearchAction","target":{"@type":"EntryPoint","urlTemplate":"https://ticsalutsocial.atoom.space/es/?s={search_term_string}"},"query-input":{"@type":"PropertyValueSpecification","valueRequired":true,"valueName":"search_term_string"}}],"inLanguage":"es"}]}</script>
<!-- / Yoast SEO plugin. -->

YoTeCuido Alzheimer - Fundació TIC Salut i Social

Fundació TIC Salut i Social
