
{"id":18377,"date":"2023-02-02T14:53:56","date_gmt":"2023-02-02T12:53:56","guid":{"rendered":"https:\/\/ticsalutsocial.atoom.space\/?post_type=app&#038;p=18377"},"modified":"2023-08-22T14:44:36","modified_gmt":"2023-08-22T12:44:36","slug":"vih-sida-cruz-roja-espanola","status":"publish","type":"app","link":"https:\/\/ticsalutsocial.atoom.space\/es\/app\/vih-sida-cruz-roja-espanola\/","title":{"rendered":"VIH\/SIDA Cruz Roja Espa\u00f1ola"},"content":{"rendered":"","protected":false},"template":"","categoria_app":[847],"especialitat":[988],"especialitat_social":[],"public":[874,878],"class_list":["post-18377","app","type-app","status-publish","hentry","ambit-salud","categoria_app-altres-apps-es","especialitat-inmunologia","public-ciudadania","public-pacient-es"],"acf":{"contenido":{"definicio":"<p>El Servicio Multicanal de Informaci\u00f3n y Prevenci\u00f3n del VIH de Cruz Roja Espa\u00f1ola y del Plan Nacional sobre el Sida ofrece informaci\u00f3n y recursos sobre el VIH y el sida en tiempo real, a trav\u00e9s de los distintos canales, a todas aquellas personas que lo requieran desde cualquier punto del mundo.<\/p>\n<p><img loading=\"lazy\" decoding=\"async\" class=\"alignnone wp-image-18335\" src=\"https:\/\/ticsalutsocial.atoom.space\/wp-content\/uploads\/2023\/02\/unnamed-1114-183x300.webp\" alt=\"\" width=\"296\" height=\"485\" srcset=\"https:\/\/ticsalutsocial.atoom.space\/wp-content\/uploads\/2023\/02\/unnamed-1114-183x300.webp 183w, https:\/\/ticsalutsocial.atoom.space\/wp-content\/uploads\/2023\/02\/unnamed-1114-768x1262.webp 768w\" sizes=\"auto, (max-width: 296px) 100vw, 296px\" \/>\u00a0 \u00a0<img loading=\"lazy\" decoding=\"async\" class=\"alignnone wp-image-18332\" src=\"https:\/\/ticsalutsocial.atoom.space\/wp-content\/uploads\/2023\/02\/unnamed-1115-183x300.webp\" alt=\"\" width=\"297\" height=\"487\" srcset=\"https:\/\/ticsalutsocial.atoom.space\/wp-content\/uploads\/2023\/02\/unnamed-1115-183x300.webp 183w, https:\/\/ticsalutsocial.atoom.space\/wp-content\/uploads\/2023\/02\/unnamed-1115-623x1024.webp 623w, https:\/\/ticsalutsocial.atoom.space\/wp-content\/uploads\/2023\/02\/unnamed-1115-768x1262.webp 768w, https:\/\/ticsalutsocial.atoom.space\/wp-content\/uploads\/2023\/02\/unnamed-1115.webp 876w\" sizes=\"auto, (max-width: 297px) 100vw, 297px\" \/>\u00a0 \u00a0<img loading=\"lazy\" decoding=\"async\" class=\"alignnone wp-image-18329\" src=\"https:\/\/ticsalutsocial.atoom.space\/wp-content\/uploads\/2023\/02\/unnamed-1116-183x300.webp\" alt=\"\" width=\"297\" height=\"487\" srcset=\"https:\/\/ticsalutsocial.atoom.space\/wp-content\/uploads\/2023\/02\/unnamed-1116-183x300.webp 183w, https:\/\/ticsalutsocial.atoom.space\/wp-content\/uploads\/2023\/02\/unnamed-1116-623x1024.webp 623w, https:\/\/ticsalutsocial.atoom.space\/wp-content\/uploads\/2023\/02\/unnamed-1116-768x1262.webp 768w, https:\/\/ticsalutsocial.atoom.space\/wp-content\/uploads\/2023\/02\/unnamed-1116.webp 876w\" sizes=\"auto, (max-width: 297px) 100vw, 297px\" \/>\u00a0 \u00a0<img loading=\"lazy\" decoding=\"async\" class=\"alignnone wp-image-18326\" src=\"https:\/\/ticsalutsocial.atoom.space\/wp-content\/uploads\/2023\/02\/unnamed-1117-183x300.webp\" alt=\"\" width=\"297\" height=\"487\" srcset=\"https:\/\/ticsalutsocial.atoom.space\/wp-content\/uploads\/2023\/02\/unnamed-1117-183x300.webp 183w, https:\/\/ticsalutsocial.atoom.space\/wp-content\/uploads\/2023\/02\/unnamed-1117-623x1024.webp 623w, https:\/\/ticsalutsocial.atoom.space\/wp-content\/uploads\/2023\/02\/unnamed-1117-768x1262.webp 768w, https:\/\/ticsalutsocial.atoom.space\/wp-content\/uploads\/2023\/02\/unnamed-1117.webp 876w\" sizes=\"auto, (max-width: 297px) 100vw, 297px\" \/>\u00a0 \u00a0<img loading=\"lazy\" decoding=\"async\" class=\"alignnone wp-image-18323\" src=\"https:\/\/ticsalutsocial.atoom.space\/wp-content\/uploads\/2023\/02\/unnamed-1118-169x300.webp\" alt=\"\" width=\"274\" height=\"486\" srcset=\"https:\/\/ticsalutsocial.atoom.space\/wp-content\/uploads\/2023\/02\/unnamed-1118-169x300.webp 169w, https:\/\/ticsalutsocial.atoom.space\/wp-content\/uploads\/2023\/02\/unnamed-1118-576x1024.webp 576w, https:\/\/ticsalutsocial.atoom.space\/wp-content\/uploads\/2023\/02\/unnamed-1118.webp 720w\" sizes=\"auto, (max-width: 274px) 100vw, 274px\" \/><\/p>\n","captures":false,"informacio":"<p><strong>Desarrollador:\u00a0<\/strong>Cruz Roja Espa\u00f1ola<\/p>\n<p><strong>Coste:\u00a0<\/strong>Gratuita<\/p>\n<p><strong>Versi\u00f3n revisada:\u00a0<\/strong>4.8.12.33rel (Android), 1.0.1 (iOS)<\/p>\n<p><strong>Fecha de revisi\u00f3n:\u00a0<\/strong>30\/06\/2022 (Google Play), 15\/06\/2015 (App Store)<\/p>\n<p><strong>Participaci\u00f3n de centros reconocidos o profesionales:<\/strong> Servicio Multicanal de Informaci\u00f3n y Prevenci\u00f3n del VIH de Cruz Roja Espa\u00f1ola y del Plan Nacional sobre el Sida<\/p>\n<p><strong>Marco de referencia:\u00a0<\/strong>Fundaci\u00f3n iSYS<\/p>\n<p><strong>Especialidad:\u00a0<\/strong>Inmunolog\u00eda<\/p>\n<p><strong>Dirigida a:\u00a0<\/strong>Paciente, ciudadano<\/p>\n","informacio_list":{"desenvolupador":"","cost":"","versio_revisada":"","data_revisio":"","narc_referencia":"","especialitat":"","adrecat_a":""},"links_descarrega":{"googleplay":"https:\/\/play.google.com\/store\/apps\/details?id=com.xone.android.multicanalvih","appstore":"https:\/\/apps.apple.com\/es\/app\/vih-sida-cruz-roja-espa%C3%B1ola\/id985658111"},"etiqueta_short":false,"etiqueta_long":false,"prospecte":""},"icona":"https:\/\/ticsalutsocial.atoom.space\/wp-content\/uploads\/2023\/02\/unnamed-1119.webp","descripcio":"El Servicio Multicanal de Informaci\u00f3n y Prevenci\u00f3n del VIH de Cruz Roja Espa\u00f1ola y del Plan Nacional sobre el Sida ofrece informaci\u00f3n y recursos sobre el VIH y el sida en tiempo real.","public":"<p>Paciente, ciudadano<\/p>\n"},"yoast_head":"<!-- This site is optimized with the Yoast SEO plugin v27.1.1 - https:\/\/yoast.com\/product\/yoast-seo-wordpress\/ -->\n<title>VIH\/SIDA Cruz Roja Espa\u00f1ola - Fundaci\u00f3 TIC Salut i Social<\/title>\n<meta name=\"robots\" content=\"index, follow, max-snippet:-1, max-image-preview:large, max-video-preview:-1\" \/>\n<link rel=\"canonical\" href=\"https:\/\/ticsalutsocial.atoom.space\/es\/app\/vih-sida-cruz-roja-espanola\/\" \/>\n<meta property=\"og:locale\" content=\"es_ES\" \/>\n<meta property=\"og:type\" content=\"article\" \/>\n<meta property=\"og:title\" content=\"VIH\/SIDA Cruz Roja Espa\u00f1ola - Fundaci\u00f3 TIC Salut i Social\" \/>\n<meta property=\"og:url\" content=\"https:\/\/ticsalutsocial.atoom.space\/es\/app\/vih-sida-cruz-roja-espanola\/\" \/>\n<meta property=\"og:site_name\" content=\"Fundaci\u00f3 TIC Salut i Social\" \/>\n<meta property=\"article:modified_time\" content=\"2023-08-22T12:44:36+00:00\" \/>\n<meta name=\"twitter:card\" content=\"summary_large_image\" \/>\n<script type=\"application\/ld+json\" class=\"yoast-schema-graph\">{\"@context\":\"https:\/\/schema.org\",\"@graph\":[{\"@type\":\"WebPage\",\"@id\":\"https:\/\/ticsalutsocial.atoom.space\/es\/app\/vih-sida-cruz-roja-espanola\/\",\"url\":\"https:\/\/ticsalutsocial.atoom.space\/es\/app\/vih-sida-cruz-roja-espanola\/\",\"name\":\"VIH\/SIDA Cruz Roja Espa\u00f1ola - Fundaci\u00f3 TIC Salut i Social\",\"isPartOf\":{\"@id\":\"https:\/\/ticsalutsocial.atoom.space\/es\/#website\"},\"datePublished\":\"2023-02-02T12:53:56+00:00\",\"dateModified\":\"2023-08-22T12:44:36+00:00\",\"breadcrumb\":{\"@id\":\"https:\/\/ticsalutsocial.atoom.space\/es\/app\/vih-sida-cruz-roja-espanola\/#breadcrumb\"},\"inLanguage\":\"es\",\"potentialAction\":[{\"@type\":\"ReadAction\",\"target\":[\"https:\/\/ticsalutsocial.atoom.space\/es\/app\/vih-sida-cruz-roja-espanola\/\"]}]},{\"@type\":\"BreadcrumbList\",\"@id\":\"https:\/\/ticsalutsocial.atoom.space\/es\/app\/vih-sida-cruz-roja-espanola\/#breadcrumb\",\"itemListElement\":[{\"@type\":\"ListItem\",\"position\":1,\"name\":\"Inici\",\"item\":\"https:\/\/ticsalutsocial.atoom.space\/es\/\"},{\"@type\":\"ListItem\",\"position\":2,\"name\":\"VIH\/SIDA Cruz Roja Espa\u00f1ola\"}]},{\"@type\":\"WebSite\",\"@id\":\"https:\/\/ticsalutsocial.atoom.space\/es\/#website\",\"url\":\"https:\/\/ticsalutsocial.atoom.space\/es\/\",\"name\":\"Fundaci\u00f3 TIC Salut i Social\",\"description\":\"\",\"potentialAction\":[{\"@type\":\"SearchAction\",\"target\":{\"@type\":\"EntryPoint\",\"urlTemplate\":\"https:\/\/ticsalutsocial.atoom.space\/es\/?s={search_term_string}\"},\"query-input\":{\"@type\":\"PropertyValueSpecification\",\"valueRequired\":true,\"valueName\":\"search_term_string\"}}],\"inLanguage\":\"es\"}]}<\/script>\n<!-- \/ Yoast SEO plugin. -->","yoast_head_json":{"title":"VIH\/SIDA Cruz Roja Espa\u00f1ola - Fundaci\u00f3 TIC Salut i Social","robots":{"index":"index","follow":"follow","max-snippet":"max-snippet:-1","max-image-preview":"max-image-preview:large","max-video-preview":"max-video-preview:-1"},"canonical":"https:\/\/ticsalutsocial.atoom.space\/es\/app\/vih-sida-cruz-roja-espanola\/","og_locale":"es_ES","og_type":"article","og_title":"VIH\/SIDA Cruz Roja Espa\u00f1ola - Fundaci\u00f3 TIC Salut i Social","og_url":"https:\/\/ticsalutsocial.atoom.space\/es\/app\/vih-sida-cruz-roja-espanola\/","og_site_name":"Fundaci\u00f3 TIC Salut i Social","article_modified_time":"2023-08-22T12:44:36+00:00","twitter_card":"summary_large_image","schema":{"@context":"https:\/\/schema.org","@graph":[{"@type":"WebPage","@id":"https:\/\/ticsalutsocial.atoom.space\/es\/app\/vih-sida-cruz-roja-espanola\/","url":"https:\/\/ticsalutsocial.atoom.space\/es\/app\/vih-sida-cruz-roja-espanola\/","name":"VIH\/SIDA Cruz Roja Espa\u00f1ola - Fundaci\u00f3 TIC Salut i Social","isPartOf":{"@id":"https:\/\/ticsalutsocial.atoom.space\/es\/#website"},"datePublished":"2023-02-02T12:53:56+00:00","dateModified":"2023-08-22T12:44:36+00:00","breadcrumb":{"@id":"https:\/\/ticsalutsocial.atoom.space\/es\/app\/vih-sida-cruz-roja-espanola\/#breadcrumb"},"inLanguage":"es","potentialAction":[{"@type":"ReadAction","target":["https:\/\/ticsalutsocial.atoom.space\/es\/app\/vih-sida-cruz-roja-espanola\/"]}]},{"@type":"BreadcrumbList","@id":"https:\/\/ticsalutsocial.atoom.space\/es\/app\/vih-sida-cruz-roja-espanola\/#breadcrumb","itemListElement":[{"@type":"ListItem","position":1,"name":"Inici","item":"https:\/\/ticsalutsocial.atoom.space\/es\/"},{"@type":"ListItem","position":2,"name":"VIH\/SIDA Cruz Roja Espa\u00f1ola"}]},{"@type":"WebSite","@id":"https:\/\/ticsalutsocial.atoom.space\/es\/#website","url":"https:\/\/ticsalutsocial.atoom.space\/es\/","name":"Fundaci\u00f3 TIC Salut i Social","description":"","potentialAction":[{"@type":"SearchAction","target":{"@type":"EntryPoint","urlTemplate":"https:\/\/ticsalutsocial.atoom.space\/es\/?s={search_term_string}"},"query-input":{"@type":"PropertyValueSpecification","valueRequired":true,"valueName":"search_term_string"}}],"inLanguage":"es"}]}},"_links":{"self":[{"href":"https:\/\/ticsalutsocial.atoom.space\/es\/wp-json\/wp\/v2\/app\/18377","targetHints":{"allow":["GET"]}}],"collection":[{"href":"https:\/\/ticsalutsocial.atoom.space\/es\/wp-json\/wp\/v2\/app"}],"about":[{"href":"https:\/\/ticsalutsocial.atoom.space\/es\/wp-json\/wp\/v2\/types\/app"}],"wp:attachment":[{"href":"https:\/\/ticsalutsocial.atoom.space\/es\/wp-json\/wp\/v2\/media?parent=18377"}],"wp:term":[{"taxonomy":"categoria_app","embeddable":true,"href":"https:\/\/ticsalutsocial.atoom.space\/es\/wp-json\/wp\/v2\/categoria_app?post=18377"},{"taxonomy":"especialitat","embeddable":true,"href":"https:\/\/ticsalutsocial.atoom.space\/es\/wp-json\/wp\/v2\/especialitat?post=18377"},{"taxonomy":"especialitat_social","embeddable":true,"href":"https:\/\/ticsalutsocial.atoom.space\/es\/wp-json\/wp\/v2\/especialitat_social?post=18377"},{"taxonomy":"public","embeddable":true,"href":"https:\/\/ticsalutsocial.atoom.space\/es\/wp-json\/wp\/v2\/public?post=18377"}],"curies":[{"name":"wp","href":"https:\/\/api.w.org\/{rel}","templated":true}]}}

VIH/SIDA Cruz Roja Española

<p>El Servicio Multicanal de Información y Prevención del VIH de Cruz Roja Española y del Plan Nacional sobre el Sida ofrece información y recursos sobre el VIH y el sida en tiempo real, a través de los distintos canales, a todas aquellas personas que lo requieran desde cualquier punto del mundo.</p>
<p><img loading="lazy" decoding="async" class="alignnone wp-image-18335" src="https://ticsalutsocial.atoom.space/wp-content/uploads/2023/02/unnamed-1114-183x300.webp" alt="" width="296" height="485" srcset="https://ticsalutsocial.atoom.space/wp-content/uploads/2023/02/unnamed-1114-183x300.webp 183w, https://ticsalutsocial.atoom.space/wp-content/uploads/2023/02/unnamed-1114-768x1262.webp 768w" sizes="auto, (max-width: 296px) 100vw, 296px" />   <img loading="lazy" decoding="async" class="alignnone wp-image-18332" src="https://ticsalutsocial.atoom.space/wp-content/uploads/2023/02/unnamed-1115-183x300.webp" alt="" width="297" height="487" srcset="https://ticsalutsocial.atoom.space/wp-content/uploads/2023/02/unnamed-1115-183x300.webp 183w, https://ticsalutsocial.atoom.space/wp-content/uploads/2023/02/unnamed-1115-623x1024.webp 623w, https://ticsalutsocial.atoom.space/wp-content/uploads/2023/02/unnamed-1115-768x1262.webp 768w, https://ticsalutsocial.atoom.space/wp-content/uploads/2023/02/unnamed-1115.webp 876w" sizes="auto, (max-width: 297px) 100vw, 297px" />   <img loading="lazy" decoding="async" class="alignnone wp-image-18329" src="https://ticsalutsocial.atoom.space/wp-content/uploads/2023/02/unnamed-1116-183x300.webp" alt="" width="297" height="487" srcset="https://ticsalutsocial.atoom.space/wp-content/uploads/2023/02/unnamed-1116-183x300.webp 183w, https://ticsalutsocial.atoom.space/wp-content/uploads/2023/02/unnamed-1116-623x1024.webp 623w, https://ticsalutsocial.atoom.space/wp-content/uploads/2023/02/unnamed-1116-768x1262.webp 768w, https://ticsalutsocial.atoom.space/wp-content/uploads/2023/02/unnamed-1116.webp 876w" sizes="auto, (max-width: 297px) 100vw, 297px" />   <img loading="lazy" decoding="async" class="alignnone wp-image-18326" src="https://ticsalutsocial.atoom.space/wp-content/uploads/2023/02/unnamed-1117-183x300.webp" alt="" width="297" height="487" srcset="https://ticsalutsocial.atoom.space/wp-content/uploads/2023/02/unnamed-1117-183x300.webp 183w, https://ticsalutsocial.atoom.space/wp-content/uploads/2023/02/unnamed-1117-623x1024.webp 623w, https://ticsalutsocial.atoom.space/wp-content/uploads/2023/02/unnamed-1117-768x1262.webp 768w, https://ticsalutsocial.atoom.space/wp-content/uploads/2023/02/unnamed-1117.webp 876w" sizes="auto, (max-width: 297px) 100vw, 297px" />   <img loading="lazy" decoding="async" class="alignnone wp-image-18323" src="https://ticsalutsocial.atoom.space/wp-content/uploads/2023/02/unnamed-1118-169x300.webp" alt="" width="274" height="486" srcset="https://ticsalutsocial.atoom.space/wp-content/uploads/2023/02/unnamed-1118-169x300.webp 169w, https://ticsalutsocial.atoom.space/wp-content/uploads/2023/02/unnamed-1118-576x1024.webp 576w, https://ticsalutsocial.atoom.space/wp-content/uploads/2023/02/unnamed-1118.webp 720w" sizes="auto, (max-width: 274px) 100vw, 274px" /></p>

<p><strong>Desarrollador: </strong>Cruz Roja Española</p>
<p><strong>Coste: </strong>Gratuita</p>
<p><strong>Versión revisada: </strong>4.8.12.33rel (Android), 1.0.1 (iOS)</p>
<p><strong>Fecha de revisión: </strong>30/06/2022 (Google Play), 15/06/2015 (App Store)</p>
<p><strong>Participación de centros reconocidos o profesionales:</strong> Servicio Multicanal de Información y Prevención del VIH de Cruz Roja Española y del Plan Nacional sobre el Sida</p>
<p><strong>Marco de referencia: </strong>Fundación iSYS</p>
<p><strong>Especialidad: </strong>Inmunología</p>
<p><strong>Dirigida a: </strong>Paciente, ciudadano</p>

El Servicio Multicanal de Información y Prevención del VIH de Cruz Roja Española y del Plan Nacional sobre el Sida ofrece información y recursos sobre el VIH y el sida en tiempo real.

<!-- This site is optimized with the Yoast SEO plugin v27.1.1 - https://yoast.com/product/yoast-seo-wordpress/ -->
<title>VIH/SIDA Cruz Roja Española - Fundació TIC Salut i Social</title>
<meta name="robots" content="index, follow, max-snippet:-1, max-image-preview:large, max-video-preview:-1" />
<link rel="canonical" href="https://ticsalutsocial.atoom.space/es/app/vih-sida-cruz-roja-espanola/" />
<meta property="og:locale" content="es_ES" />
<meta property="og:type" content="article" />
<meta property="og:title" content="VIH/SIDA Cruz Roja Española - Fundació TIC Salut i Social" />
<meta property="og:url" content="https://ticsalutsocial.atoom.space/es/app/vih-sida-cruz-roja-espanola/" />
<meta property="og:site_name" content="Fundació TIC Salut i Social" />
<meta property="article:modified_time" content="2023-08-22T12:44:36+00:00" />
<meta name="twitter:card" content="summary_large_image" />
<script type="application/ld+json" class="yoast-schema-graph">{"@context":"https://schema.org","@graph":[{"@type":"WebPage","@id":"https://ticsalutsocial.atoom.space/es/app/vih-sida-cruz-roja-espanola/","url":"https://ticsalutsocial.atoom.space/es/app/vih-sida-cruz-roja-espanola/","name":"VIH/SIDA Cruz Roja Española - Fundació TIC Salut i Social","isPartOf":{"@id":"https://ticsalutsocial.atoom.space/es/#website"},"datePublished":"2023-02-02T12:53:56+00:00","dateModified":"2023-08-22T12:44:36+00:00","breadcrumb":{"@id":"https://ticsalutsocial.atoom.space/es/app/vih-sida-cruz-roja-espanola/#breadcrumb"},"inLanguage":"es","potentialAction":[{"@type":"ReadAction","target":["https://ticsalutsocial.atoom.space/es/app/vih-sida-cruz-roja-espanola/"]}]},{"@type":"BreadcrumbList","@id":"https://ticsalutsocial.atoom.space/es/app/vih-sida-cruz-roja-espanola/#breadcrumb","itemListElement":[{"@type":"ListItem","position":1,"name":"Inici","item":"https://ticsalutsocial.atoom.space/es/"},{"@type":"ListItem","position":2,"name":"VIH/SIDA Cruz Roja Española"}]},{"@type":"WebSite","@id":"https://ticsalutsocial.atoom.space/es/#website","url":"https://ticsalutsocial.atoom.space/es/","name":"Fundació TIC Salut i Social","description":"","potentialAction":[{"@type":"SearchAction","target":{"@type":"EntryPoint","urlTemplate":"https://ticsalutsocial.atoom.space/es/?s={search_term_string}"},"query-input":{"@type":"PropertyValueSpecification","valueRequired":true,"valueName":"search_term_string"}}],"inLanguage":"es"}]}</script>
<!-- / Yoast SEO plugin. -->

VIH/SIDA Cruz Roja Española - Fundació TIC Salut i Social

Fundació TIC Salut i Social
