
{"id":18437,"date":"2023-02-02T13:24:42","date_gmt":"2023-02-02T11:24:42","guid":{"rendered":"https:\/\/ticsalutsocial.atoom.space\/?post_type=app&#038;p=18437"},"modified":"2024-02-28T15:36:28","modified_gmt":"2024-02-28T13:36:28","slug":"urcare","status":"publish","type":"app","link":"https:\/\/ticsalutsocial.atoom.space\/es\/app\/urcare\/","title":{"rendered":"UrCare"},"content":{"rendered":"","protected":false},"template":"","categoria_app":[847],"especialitat":[862],"especialitat_social":[],"public":[878],"class_list":["post-18437","app","type-app","status-publish","hentry","ambit-salud","categoria_app-altres-apps-es","especialitat-dermatologia-es","public-pacient-es"],"acf":{"contenido":{"definicio":"<p>La aplicaci\u00f3n UrCare nace con el objetivo de apoyar a pacientes y profesionales sanitarios en el seguimiento de la urticaria cr\u00f3nica y del angioedema.<\/p>\n<p>Con la ayuda de esta app y de tu m\u00e9dico y mediante el uso de diferentes instrumentos validados, podr\u00e1s realizar una valoraci\u00f3n del estado de actividad, del impacto en tu calidad de vida y el grado de control de la enfermedad.<\/p>\n<p>La aplicaci\u00f3n tiene tres tipos de cuestionarios: con el cuestionario UAS podr\u00e1s registrar la intensidad del picor y el n\u00famero de habas presentes cada d\u00eda. Tambi\u00e9n podr\u00e1s anotar tu angioedema (A) identificando patrones de frecuencia, duraci\u00f3n y ubicaci\u00f3n. Por \u00faltimo con el cuestionario de calidad de vida (QQV) podr\u00e1s evaluar objetivamente c\u00f3mo te afecta la urticaria cr\u00f3nica y el angioedema. La combinaci\u00f3n de estos tres valores, UAS, A, QQV, te permitir\u00e1n a ti ya tu m\u00e9dico realizar una valoraci\u00f3n integral de tu Urticaria Cr\u00f3nica. Adem\u00e1s, la aplicaci\u00f3n cuenta con la posibilidad de tomar fotograf\u00edas y notas que podr\u00e1s compartir con tu m\u00e9dico junto con los resultados de los cuestionarios. Toda esta informaci\u00f3n debe facilitar la toma de decisiones a tu m\u00e9dico para el mejor tratamiento y manejo diario de la enfermedad.<\/p>\n<p>&nbsp;<\/p>\n<p><img loading=\"lazy\" decoding=\"async\" class=\"alignnone wp-image-18047\" src=\"https:\/\/ticsalutsocial.atoom.space\/wp-content\/uploads\/2023\/02\/UrCare-300x237.jpg\" alt=\"\" width=\"377\" height=\"298\" srcset=\"https:\/\/ticsalutsocial.atoom.space\/wp-content\/uploads\/2023\/02\/UrCare-300x237.jpg 300w, https:\/\/ticsalutsocial.atoom.space\/wp-content\/uploads\/2023\/02\/UrCare.jpg 350w\" sizes=\"auto, (max-width: 377px) 100vw, 377px\" \/> <img loading=\"lazy\" decoding=\"async\" class=\"alignnone size-medium wp-image-18050\" src=\"https:\/\/ticsalutsocial.atoom.space\/wp-content\/uploads\/2023\/02\/UrCare_03-169x300.jpg\" alt=\"\" width=\"169\" height=\"300\" srcset=\"https:\/\/ticsalutsocial.atoom.space\/wp-content\/uploads\/2023\/02\/UrCare_03-169x300.jpg 169w, https:\/\/ticsalutsocial.atoom.space\/wp-content\/uploads\/2023\/02\/UrCare_03.jpg 320w\" sizes=\"auto, (max-width: 169px) 100vw, 169px\" \/><\/p>\n","captures":false,"informacio":"","informacio_list":{"desenvolupador":"Novartis Farmaceutica SA","cost":"Gratuita","versio_revisada":"1.2.5\u00a0(Android), 1.2.4 (iOS)","data_revisio":"28\/11\/2022 (Google Play), 13\/07\/2022(App Store)","narc_referencia":"Fundaci\u00f3n iSYS","especialitat":"Dermatolog\u00eda","adrecat_a":"Pacientes"},"links_descarrega":{"googleplay":"https:\/\/play.google.com\/store\/apps\/details?id=com.novartis.pharma.gbl.urcare.ext&hl=es&gl=US","appstore":"https:\/\/apps.apple.com\/es\/app\/urcare\/id950793646"},"etiqueta_short":false,"etiqueta_long":false,"prospecte":""},"icona":"https:\/\/ticsalutsocial.atoom.space\/wp-content\/uploads\/2023\/02\/230x0w-10.webp","descripcio":"La aplicaci\u00f3n permite el seguimiento de la Urticaria Cr\u00f3nica y del Angioedema. Permite realizar una valoraci\u00f3n del estado de actividad, del impacto en la calidad de vida y del grado de control de la enfermedad.","public":"<p>Pacientes<\/p>\n"},"yoast_head":"<!-- This site is optimized with the Yoast SEO plugin v27.1.1 - https:\/\/yoast.com\/product\/yoast-seo-wordpress\/ -->\n<title>UrCare - Fundaci\u00f3 TIC Salut i Social<\/title>\n<meta name=\"robots\" content=\"index, follow, max-snippet:-1, max-image-preview:large, max-video-preview:-1\" \/>\n<link rel=\"canonical\" href=\"https:\/\/ticsalutsocial.atoom.space\/es\/app\/urcare\/\" \/>\n<meta property=\"og:locale\" content=\"es_ES\" \/>\n<meta property=\"og:type\" content=\"article\" \/>\n<meta property=\"og:title\" content=\"UrCare - Fundaci\u00f3 TIC Salut i Social\" \/>\n<meta property=\"og:url\" content=\"https:\/\/ticsalutsocial.atoom.space\/es\/app\/urcare\/\" \/>\n<meta property=\"og:site_name\" content=\"Fundaci\u00f3 TIC Salut i Social\" \/>\n<meta property=\"article:modified_time\" content=\"2024-02-28T13:36:28+00:00\" \/>\n<meta name=\"twitter:card\" content=\"summary_large_image\" \/>\n<script type=\"application\/ld+json\" class=\"yoast-schema-graph\">{\"@context\":\"https:\/\/schema.org\",\"@graph\":[{\"@type\":\"WebPage\",\"@id\":\"https:\/\/ticsalutsocial.atoom.space\/es\/app\/urcare\/\",\"url\":\"https:\/\/ticsalutsocial.atoom.space\/es\/app\/urcare\/\",\"name\":\"UrCare - Fundaci\u00f3 TIC Salut i Social\",\"isPartOf\":{\"@id\":\"https:\/\/ticsalutsocial.atoom.space\/es\/#website\"},\"datePublished\":\"2023-02-02T11:24:42+00:00\",\"dateModified\":\"2024-02-28T13:36:28+00:00\",\"breadcrumb\":{\"@id\":\"https:\/\/ticsalutsocial.atoom.space\/es\/app\/urcare\/#breadcrumb\"},\"inLanguage\":\"es\",\"potentialAction\":[{\"@type\":\"ReadAction\",\"target\":[\"https:\/\/ticsalutsocial.atoom.space\/es\/app\/urcare\/\"]}]},{\"@type\":\"BreadcrumbList\",\"@id\":\"https:\/\/ticsalutsocial.atoom.space\/es\/app\/urcare\/#breadcrumb\",\"itemListElement\":[{\"@type\":\"ListItem\",\"position\":1,\"name\":\"Inici\",\"item\":\"https:\/\/ticsalutsocial.atoom.space\/es\/\"},{\"@type\":\"ListItem\",\"position\":2,\"name\":\"UrCare\"}]},{\"@type\":\"WebSite\",\"@id\":\"https:\/\/ticsalutsocial.atoom.space\/es\/#website\",\"url\":\"https:\/\/ticsalutsocial.atoom.space\/es\/\",\"name\":\"Fundaci\u00f3 TIC Salut i Social\",\"description\":\"\",\"potentialAction\":[{\"@type\":\"SearchAction\",\"target\":{\"@type\":\"EntryPoint\",\"urlTemplate\":\"https:\/\/ticsalutsocial.atoom.space\/es\/?s={search_term_string}\"},\"query-input\":{\"@type\":\"PropertyValueSpecification\",\"valueRequired\":true,\"valueName\":\"search_term_string\"}}],\"inLanguage\":\"es\"}]}<\/script>\n<!-- \/ Yoast SEO plugin. -->","yoast_head_json":{"title":"UrCare - Fundaci\u00f3 TIC Salut i Social","robots":{"index":"index","follow":"follow","max-snippet":"max-snippet:-1","max-image-preview":"max-image-preview:large","max-video-preview":"max-video-preview:-1"},"canonical":"https:\/\/ticsalutsocial.atoom.space\/es\/app\/urcare\/","og_locale":"es_ES","og_type":"article","og_title":"UrCare - Fundaci\u00f3 TIC Salut i Social","og_url":"https:\/\/ticsalutsocial.atoom.space\/es\/app\/urcare\/","og_site_name":"Fundaci\u00f3 TIC Salut i Social","article_modified_time":"2024-02-28T13:36:28+00:00","twitter_card":"summary_large_image","schema":{"@context":"https:\/\/schema.org","@graph":[{"@type":"WebPage","@id":"https:\/\/ticsalutsocial.atoom.space\/es\/app\/urcare\/","url":"https:\/\/ticsalutsocial.atoom.space\/es\/app\/urcare\/","name":"UrCare - Fundaci\u00f3 TIC Salut i Social","isPartOf":{"@id":"https:\/\/ticsalutsocial.atoom.space\/es\/#website"},"datePublished":"2023-02-02T11:24:42+00:00","dateModified":"2024-02-28T13:36:28+00:00","breadcrumb":{"@id":"https:\/\/ticsalutsocial.atoom.space\/es\/app\/urcare\/#breadcrumb"},"inLanguage":"es","potentialAction":[{"@type":"ReadAction","target":["https:\/\/ticsalutsocial.atoom.space\/es\/app\/urcare\/"]}]},{"@type":"BreadcrumbList","@id":"https:\/\/ticsalutsocial.atoom.space\/es\/app\/urcare\/#breadcrumb","itemListElement":[{"@type":"ListItem","position":1,"name":"Inici","item":"https:\/\/ticsalutsocial.atoom.space\/es\/"},{"@type":"ListItem","position":2,"name":"UrCare"}]},{"@type":"WebSite","@id":"https:\/\/ticsalutsocial.atoom.space\/es\/#website","url":"https:\/\/ticsalutsocial.atoom.space\/es\/","name":"Fundaci\u00f3 TIC Salut i Social","description":"","potentialAction":[{"@type":"SearchAction","target":{"@type":"EntryPoint","urlTemplate":"https:\/\/ticsalutsocial.atoom.space\/es\/?s={search_term_string}"},"query-input":{"@type":"PropertyValueSpecification","valueRequired":true,"valueName":"search_term_string"}}],"inLanguage":"es"}]}},"_links":{"self":[{"href":"https:\/\/ticsalutsocial.atoom.space\/es\/wp-json\/wp\/v2\/app\/18437","targetHints":{"allow":["GET"]}}],"collection":[{"href":"https:\/\/ticsalutsocial.atoom.space\/es\/wp-json\/wp\/v2\/app"}],"about":[{"href":"https:\/\/ticsalutsocial.atoom.space\/es\/wp-json\/wp\/v2\/types\/app"}],"wp:attachment":[{"href":"https:\/\/ticsalutsocial.atoom.space\/es\/wp-json\/wp\/v2\/media?parent=18437"}],"wp:term":[{"taxonomy":"categoria_app","embeddable":true,"href":"https:\/\/ticsalutsocial.atoom.space\/es\/wp-json\/wp\/v2\/categoria_app?post=18437"},{"taxonomy":"especialitat","embeddable":true,"href":"https:\/\/ticsalutsocial.atoom.space\/es\/wp-json\/wp\/v2\/especialitat?post=18437"},{"taxonomy":"especialitat_social","embeddable":true,"href":"https:\/\/ticsalutsocial.atoom.space\/es\/wp-json\/wp\/v2\/especialitat_social?post=18437"},{"taxonomy":"public","embeddable":true,"href":"https:\/\/ticsalutsocial.atoom.space\/es\/wp-json\/wp\/v2\/public?post=18437"}],"curies":[{"name":"wp","href":"https:\/\/api.w.org\/{rel}","templated":true}]}}

<p>La aplicación UrCare nace con el objetivo de apoyar a pacientes y profesionales sanitarios en el seguimiento de la urticaria crónica y del angioedema.</p>
<p>Con la ayuda de esta app y de tu médico y mediante el uso de diferentes instrumentos validados, podrás realizar una valoración del estado de actividad, del impacto en tu calidad de vida y el grado de control de la enfermedad.</p>
<p>La aplicación tiene tres tipos de cuestionarios: con el cuestionario UAS podrás registrar la intensidad del picor y el número de habas presentes cada día. También podrás anotar tu angioedema (A) identificando patrones de frecuencia, duración y ubicación. Por último con el cuestionario de calidad de vida (QQV) podrás evaluar objetivamente cómo te afecta la urticaria crónica y el angioedema. La combinación de estos tres valores, UAS, A, QQV, te permitirán a ti ya tu médico realizar una valoración integral de tu Urticaria Crónica. Además, la aplicación cuenta con la posibilidad de tomar fotografías y notas que podrás compartir con tu médico junto con los resultados de los cuestionarios. Toda esta información debe facilitar la toma de decisiones a tu médico para el mejor tratamiento y manejo diario de la enfermedad.</p>
<p>&nbsp;</p>
<p><img loading="lazy" decoding="async" class="alignnone wp-image-18047" src="https://ticsalutsocial.atoom.space/wp-content/uploads/2023/02/UrCare-300x237.jpg" alt="" width="377" height="298" srcset="https://ticsalutsocial.atoom.space/wp-content/uploads/2023/02/UrCare-300x237.jpg 300w, https://ticsalutsocial.atoom.space/wp-content/uploads/2023/02/UrCare.jpg 350w" sizes="auto, (max-width: 377px) 100vw, 377px" /> <img loading="lazy" decoding="async" class="alignnone size-medium wp-image-18050" src="https://ticsalutsocial.atoom.space/wp-content/uploads/2023/02/UrCare_03-169x300.jpg" alt="" width="169" height="300" srcset="https://ticsalutsocial.atoom.space/wp-content/uploads/2023/02/UrCare_03-169x300.jpg 169w, https://ticsalutsocial.atoom.space/wp-content/uploads/2023/02/UrCare_03.jpg 320w" sizes="auto, (max-width: 169px) 100vw, 169px" /></p>

Fundación iSYS

Dermatología

La aplicación permite el seguimiento de la Urticaria Crónica y del Angioedema. Permite realizar una valoración del estado de actividad, del impacto en la calidad de vida y del grado de control de la enfermedad.

<!-- This site is optimized with the Yoast SEO plugin v27.1.1 - https://yoast.com/product/yoast-seo-wordpress/ -->
<title>UrCare - Fundació TIC Salut i Social</title>
<meta name="robots" content="index, follow, max-snippet:-1, max-image-preview:large, max-video-preview:-1" />
<link rel="canonical" href="https://ticsalutsocial.atoom.space/es/app/urcare/" />
<meta property="og:locale" content="es_ES" />
<meta property="og:type" content="article" />
<meta property="og:title" content="UrCare - Fundació TIC Salut i Social" />
<meta property="og:url" content="https://ticsalutsocial.atoom.space/es/app/urcare/" />
<meta property="og:site_name" content="Fundació TIC Salut i Social" />
<meta property="article:modified_time" content="2024-02-28T13:36:28+00:00" />
<meta name="twitter:card" content="summary_large_image" />
<script type="application/ld+json" class="yoast-schema-graph">{"@context":"https://schema.org","@graph":[{"@type":"WebPage","@id":"https://ticsalutsocial.atoom.space/es/app/urcare/","url":"https://ticsalutsocial.atoom.space/es/app/urcare/","name":"UrCare - Fundació TIC Salut i Social","isPartOf":{"@id":"https://ticsalutsocial.atoom.space/es/#website"},"datePublished":"2023-02-02T11:24:42+00:00","dateModified":"2024-02-28T13:36:28+00:00","breadcrumb":{"@id":"https://ticsalutsocial.atoom.space/es/app/urcare/#breadcrumb"},"inLanguage":"es","potentialAction":[{"@type":"ReadAction","target":["https://ticsalutsocial.atoom.space/es/app/urcare/"]}]},{"@type":"BreadcrumbList","@id":"https://ticsalutsocial.atoom.space/es/app/urcare/#breadcrumb","itemListElement":[{"@type":"ListItem","position":1,"name":"Inici","item":"https://ticsalutsocial.atoom.space/es/"},{"@type":"ListItem","position":2,"name":"UrCare"}]},{"@type":"WebSite","@id":"https://ticsalutsocial.atoom.space/es/#website","url":"https://ticsalutsocial.atoom.space/es/","name":"Fundació TIC Salut i Social","description":"","potentialAction":[{"@type":"SearchAction","target":{"@type":"EntryPoint","urlTemplate":"https://ticsalutsocial.atoom.space/es/?s={search_term_string}"},"query-input":{"@type":"PropertyValueSpecification","valueRequired":true,"valueName":"search_term_string"}}],"inLanguage":"es"}]}</script>
<!-- / Yoast SEO plugin. -->

UrCare - Fundació TIC Salut i Social

Fundació TIC Salut i Social
