
{"id":18451,"date":"2023-02-01T10:46:40","date_gmt":"2023-02-01T08:46:40","guid":{"rendered":"https:\/\/ticsalutsocial.atoom.space\/app\/artrocadera\/"},"modified":"2024-02-28T17:56:39","modified_gmt":"2024-02-28T15:56:39","slug":"artrocadera","status":"publish","type":"app","link":"https:\/\/ticsalutsocial.atoom.space\/es\/app\/artrocadera\/","title":{"rendered":"ArtroCadera"},"content":{"rendered":"","protected":false},"template":"","categoria_app":[847],"especialitat":[976],"especialitat_social":[],"public":[878],"class_list":["post-18451","app","type-app","status-publish","hentry","ambit-salud","categoria_app-altres-apps-es","especialitat-traumatologia-es-2","public-pacient-es"],"acf":{"icona":"https:\/\/ticsalutsocial.atoom.space\/wp-content\/uploads\/2023\/02\/artro.webp","descripcio":"Aplicaci\u00f3n desarrollada para evaluar el impingemento de cadera o choque femoro-acetabular (CFA).","public":"<p>Paciente<\/p>\n","contenido":{"definicio":"<p>Aplicaci\u00f3n desarrollada para evaluar el impingemento de cadera. El impingemento de cadera o choque femoro-acetabular (CFA), afecta a la articulaci\u00f3n de la cadera en adultos j\u00f3venes y de mediana edad y se produce cuando la cabeza femoral se articula anormalmente o no permite un rango normal de movimiento en el cotil o acet\u00e1bulo.<\/p>\n<p><img loading=\"lazy\" decoding=\"async\" class=\"alignnone wp-image-16754\" src=\"https:\/\/ticsalutsocial.atoom.space\/wp-content\/uploads\/2023\/02\/unnamed-1-250-225x300.webp\" alt=\"\" width=\"330\" height=\"440\" srcset=\"https:\/\/ticsalutsocial.atoom.space\/wp-content\/uploads\/2023\/02\/unnamed-1-250-225x300.webp 225w, https:\/\/ticsalutsocial.atoom.space\/wp-content\/uploads\/2023\/02\/unnamed-1-250.webp 768w\" sizes=\"auto, (max-width: 330px) 100vw, 330px\" \/> \u00a0 <img loading=\"lazy\" decoding=\"async\" class=\"alignnone wp-image-16751\" src=\"https:\/\/ticsalutsocial.atoom.space\/wp-content\/uploads\/2023\/02\/unnamed-1-251-225x300.webp\" alt=\"\" width=\"330\" height=\"440\" srcset=\"https:\/\/ticsalutsocial.atoom.space\/wp-content\/uploads\/2023\/02\/unnamed-1-251-225x300.webp 225w, https:\/\/ticsalutsocial.atoom.space\/wp-content\/uploads\/2023\/02\/unnamed-1-251.webp 768w\" sizes=\"auto, (max-width: 330px) 100vw, 330px\" \/> \u00a0 <img loading=\"lazy\" decoding=\"async\" class=\"alignnone wp-image-16748\" src=\"https:\/\/ticsalutsocial.atoom.space\/wp-content\/uploads\/2023\/02\/unnamed-1-252-225x300.webp\" alt=\"\" width=\"330\" height=\"440\" srcset=\"https:\/\/ticsalutsocial.atoom.space\/wp-content\/uploads\/2023\/02\/unnamed-1-252-225x300.webp 225w, https:\/\/ticsalutsocial.atoom.space\/wp-content\/uploads\/2023\/02\/unnamed-1-252-768x1024.webp 768w, https:\/\/ticsalutsocial.atoom.space\/wp-content\/uploads\/2023\/02\/unnamed-1-252.webp 1080w\" sizes=\"auto, (max-width: 330px) 100vw, 330px\" \/> \u00a0 <img loading=\"lazy\" decoding=\"async\" class=\"alignnone wp-image-16745\" src=\"https:\/\/ticsalutsocial.atoom.space\/wp-content\/uploads\/2023\/02\/unnamed-1-253-225x300.webp\" alt=\"\" width=\"330\" height=\"440\" srcset=\"https:\/\/ticsalutsocial.atoom.space\/wp-content\/uploads\/2023\/02\/unnamed-1-253-225x300.webp 225w, https:\/\/ticsalutsocial.atoom.space\/wp-content\/uploads\/2023\/02\/unnamed-1-253.webp 768w\" sizes=\"auto, (max-width: 330px) 100vw, 330px\" \/><\/p>\n","captures":false,"informacio":"","informacio_list":{"desenvolupador":"Alberto Sanchez","cost":"Gratuita","versio_revisada":"3.1","data_revisio":"18\/10\/2020","narc_referencia":"Fundaci\u00f3n iSYS \/ Cl\u00ednica CEMTRO Madrid, Hospital Universitario Infante Leonor-Vallecas, Hospital Quir\u00f3n Barcelona","especialitat":"Traumatolog\u00eda","adrecat_a":"Paciente"},"links_descarrega":{"googleplay":"https:\/\/play.google.com\/store\/apps\/details?id=com.albertosh.artrocadera&hl=es_419&gl=ES","appstore":""},"etiqueta_short":false,"etiqueta_long":false,"prospecte":""}},"yoast_head":"<!-- This site is optimized with the Yoast SEO plugin v27.1.1 - https:\/\/yoast.com\/product\/yoast-seo-wordpress\/ -->\n<title>ArtroCadera - Fundaci\u00f3 TIC Salut i Social<\/title>\n<meta name=\"robots\" content=\"index, follow, max-snippet:-1, max-image-preview:large, max-video-preview:-1\" \/>\n<link rel=\"canonical\" href=\"https:\/\/ticsalutsocial.atoom.space\/es\/app\/artrocadera\/\" \/>\n<meta property=\"og:locale\" content=\"es_ES\" \/>\n<meta property=\"og:type\" content=\"article\" \/>\n<meta property=\"og:title\" content=\"ArtroCadera - Fundaci\u00f3 TIC Salut i Social\" \/>\n<meta property=\"og:url\" content=\"https:\/\/ticsalutsocial.atoom.space\/es\/app\/artrocadera\/\" \/>\n<meta property=\"og:site_name\" content=\"Fundaci\u00f3 TIC Salut i Social\" \/>\n<meta property=\"article:modified_time\" content=\"2024-02-28T15:56:39+00:00\" \/>\n<meta name=\"twitter:card\" content=\"summary_large_image\" \/>\n<script type=\"application\/ld+json\" class=\"yoast-schema-graph\">{\"@context\":\"https:\/\/schema.org\",\"@graph\":[{\"@type\":\"WebPage\",\"@id\":\"https:\/\/ticsalutsocial.atoom.space\/es\/app\/artrocadera\/\",\"url\":\"https:\/\/ticsalutsocial.atoom.space\/es\/app\/artrocadera\/\",\"name\":\"ArtroCadera - Fundaci\u00f3 TIC Salut i Social\",\"isPartOf\":{\"@id\":\"https:\/\/ticsalutsocial.atoom.space\/es\/#website\"},\"datePublished\":\"2023-02-01T08:46:40+00:00\",\"dateModified\":\"2024-02-28T15:56:39+00:00\",\"breadcrumb\":{\"@id\":\"https:\/\/ticsalutsocial.atoom.space\/es\/app\/artrocadera\/#breadcrumb\"},\"inLanguage\":\"es\",\"potentialAction\":[{\"@type\":\"ReadAction\",\"target\":[\"https:\/\/ticsalutsocial.atoom.space\/es\/app\/artrocadera\/\"]}]},{\"@type\":\"BreadcrumbList\",\"@id\":\"https:\/\/ticsalutsocial.atoom.space\/es\/app\/artrocadera\/#breadcrumb\",\"itemListElement\":[{\"@type\":\"ListItem\",\"position\":1,\"name\":\"Inici\",\"item\":\"https:\/\/ticsalutsocial.atoom.space\/es\/\"},{\"@type\":\"ListItem\",\"position\":2,\"name\":\"ArtroCadera\"}]},{\"@type\":\"WebSite\",\"@id\":\"https:\/\/ticsalutsocial.atoom.space\/es\/#website\",\"url\":\"https:\/\/ticsalutsocial.atoom.space\/es\/\",\"name\":\"Fundaci\u00f3 TIC Salut i Social\",\"description\":\"\",\"potentialAction\":[{\"@type\":\"SearchAction\",\"target\":{\"@type\":\"EntryPoint\",\"urlTemplate\":\"https:\/\/ticsalutsocial.atoom.space\/es\/?s={search_term_string}\"},\"query-input\":{\"@type\":\"PropertyValueSpecification\",\"valueRequired\":true,\"valueName\":\"search_term_string\"}}],\"inLanguage\":\"es\"}]}<\/script>\n<!-- \/ Yoast SEO plugin. -->","yoast_head_json":{"title":"ArtroCadera - Fundaci\u00f3 TIC Salut i Social","robots":{"index":"index","follow":"follow","max-snippet":"max-snippet:-1","max-image-preview":"max-image-preview:large","max-video-preview":"max-video-preview:-1"},"canonical":"https:\/\/ticsalutsocial.atoom.space\/es\/app\/artrocadera\/","og_locale":"es_ES","og_type":"article","og_title":"ArtroCadera - Fundaci\u00f3 TIC Salut i Social","og_url":"https:\/\/ticsalutsocial.atoom.space\/es\/app\/artrocadera\/","og_site_name":"Fundaci\u00f3 TIC Salut i Social","article_modified_time":"2024-02-28T15:56:39+00:00","twitter_card":"summary_large_image","schema":{"@context":"https:\/\/schema.org","@graph":[{"@type":"WebPage","@id":"https:\/\/ticsalutsocial.atoom.space\/es\/app\/artrocadera\/","url":"https:\/\/ticsalutsocial.atoom.space\/es\/app\/artrocadera\/","name":"ArtroCadera - Fundaci\u00f3 TIC Salut i Social","isPartOf":{"@id":"https:\/\/ticsalutsocial.atoom.space\/es\/#website"},"datePublished":"2023-02-01T08:46:40+00:00","dateModified":"2024-02-28T15:56:39+00:00","breadcrumb":{"@id":"https:\/\/ticsalutsocial.atoom.space\/es\/app\/artrocadera\/#breadcrumb"},"inLanguage":"es","potentialAction":[{"@type":"ReadAction","target":["https:\/\/ticsalutsocial.atoom.space\/es\/app\/artrocadera\/"]}]},{"@type":"BreadcrumbList","@id":"https:\/\/ticsalutsocial.atoom.space\/es\/app\/artrocadera\/#breadcrumb","itemListElement":[{"@type":"ListItem","position":1,"name":"Inici","item":"https:\/\/ticsalutsocial.atoom.space\/es\/"},{"@type":"ListItem","position":2,"name":"ArtroCadera"}]},{"@type":"WebSite","@id":"https:\/\/ticsalutsocial.atoom.space\/es\/#website","url":"https:\/\/ticsalutsocial.atoom.space\/es\/","name":"Fundaci\u00f3 TIC Salut i Social","description":"","potentialAction":[{"@type":"SearchAction","target":{"@type":"EntryPoint","urlTemplate":"https:\/\/ticsalutsocial.atoom.space\/es\/?s={search_term_string}"},"query-input":{"@type":"PropertyValueSpecification","valueRequired":true,"valueName":"search_term_string"}}],"inLanguage":"es"}]}},"_links":{"self":[{"href":"https:\/\/ticsalutsocial.atoom.space\/es\/wp-json\/wp\/v2\/app\/18451","targetHints":{"allow":["GET"]}}],"collection":[{"href":"https:\/\/ticsalutsocial.atoom.space\/es\/wp-json\/wp\/v2\/app"}],"about":[{"href":"https:\/\/ticsalutsocial.atoom.space\/es\/wp-json\/wp\/v2\/types\/app"}],"wp:attachment":[{"href":"https:\/\/ticsalutsocial.atoom.space\/es\/wp-json\/wp\/v2\/media?parent=18451"}],"wp:term":[{"taxonomy":"categoria_app","embeddable":true,"href":"https:\/\/ticsalutsocial.atoom.space\/es\/wp-json\/wp\/v2\/categoria_app?post=18451"},{"taxonomy":"especialitat","embeddable":true,"href":"https:\/\/ticsalutsocial.atoom.space\/es\/wp-json\/wp\/v2\/especialitat?post=18451"},{"taxonomy":"especialitat_social","embeddable":true,"href":"https:\/\/ticsalutsocial.atoom.space\/es\/wp-json\/wp\/v2\/especialitat_social?post=18451"},{"taxonomy":"public","embeddable":true,"href":"https:\/\/ticsalutsocial.atoom.space\/es\/wp-json\/wp\/v2\/public?post=18451"}],"curies":[{"name":"wp","href":"https:\/\/api.w.org\/{rel}","templated":true}]}}

Aplicación desarrollada para evaluar el impingemento de cadera o choque femoro-acetabular (CFA).

<p>Aplicación desarrollada para evaluar el impingemento de cadera. El impingemento de cadera o choque femoro-acetabular (CFA), afecta a la articulación de la cadera en adultos jóvenes y de mediana edad y se produce cuando la cabeza femoral se articula anormalmente o no permite un rango normal de movimiento en el cotil o acetábulo.</p>
<p><img loading="lazy" decoding="async" class="alignnone wp-image-16754" src="https://ticsalutsocial.atoom.space/wp-content/uploads/2023/02/unnamed-1-250-225x300.webp" alt="" width="330" height="440" srcset="https://ticsalutsocial.atoom.space/wp-content/uploads/2023/02/unnamed-1-250-225x300.webp 225w, https://ticsalutsocial.atoom.space/wp-content/uploads/2023/02/unnamed-1-250.webp 768w" sizes="auto, (max-width: 330px) 100vw, 330px" />   <img loading="lazy" decoding="async" class="alignnone wp-image-16751" src="https://ticsalutsocial.atoom.space/wp-content/uploads/2023/02/unnamed-1-251-225x300.webp" alt="" width="330" height="440" srcset="https://ticsalutsocial.atoom.space/wp-content/uploads/2023/02/unnamed-1-251-225x300.webp 225w, https://ticsalutsocial.atoom.space/wp-content/uploads/2023/02/unnamed-1-251.webp 768w" sizes="auto, (max-width: 330px) 100vw, 330px" />   <img loading="lazy" decoding="async" class="alignnone wp-image-16748" src="https://ticsalutsocial.atoom.space/wp-content/uploads/2023/02/unnamed-1-252-225x300.webp" alt="" width="330" height="440" srcset="https://ticsalutsocial.atoom.space/wp-content/uploads/2023/02/unnamed-1-252-225x300.webp 225w, https://ticsalutsocial.atoom.space/wp-content/uploads/2023/02/unnamed-1-252-768x1024.webp 768w, https://ticsalutsocial.atoom.space/wp-content/uploads/2023/02/unnamed-1-252.webp 1080w" sizes="auto, (max-width: 330px) 100vw, 330px" />   <img loading="lazy" decoding="async" class="alignnone wp-image-16745" src="https://ticsalutsocial.atoom.space/wp-content/uploads/2023/02/unnamed-1-253-225x300.webp" alt="" width="330" height="440" srcset="https://ticsalutsocial.atoom.space/wp-content/uploads/2023/02/unnamed-1-253-225x300.webp 225w, https://ticsalutsocial.atoom.space/wp-content/uploads/2023/02/unnamed-1-253.webp 768w" sizes="auto, (max-width: 330px) 100vw, 330px" /></p>

Fundación iSYS / Clínica CEMTRO Madrid, Hospital Universitario Infante Leonor-Vallecas, Hospital Quirón Barcelona

Traumatología

<!-- This site is optimized with the Yoast SEO plugin v27.1.1 - https://yoast.com/product/yoast-seo-wordpress/ -->
<title>ArtroCadera - Fundació TIC Salut i Social</title>
<meta name="robots" content="index, follow, max-snippet:-1, max-image-preview:large, max-video-preview:-1" />
<link rel="canonical" href="https://ticsalutsocial.atoom.space/es/app/artrocadera/" />
<meta property="og:locale" content="es_ES" />
<meta property="og:type" content="article" />
<meta property="og:title" content="ArtroCadera - Fundació TIC Salut i Social" />
<meta property="og:url" content="https://ticsalutsocial.atoom.space/es/app/artrocadera/" />
<meta property="og:site_name" content="Fundació TIC Salut i Social" />
<meta property="article:modified_time" content="2024-02-28T15:56:39+00:00" />
<meta name="twitter:card" content="summary_large_image" />
<script type="application/ld+json" class="yoast-schema-graph">{"@context":"https://schema.org","@graph":[{"@type":"WebPage","@id":"https://ticsalutsocial.atoom.space/es/app/artrocadera/","url":"https://ticsalutsocial.atoom.space/es/app/artrocadera/","name":"ArtroCadera - Fundació TIC Salut i Social","isPartOf":{"@id":"https://ticsalutsocial.atoom.space/es/#website"},"datePublished":"2023-02-01T08:46:40+00:00","dateModified":"2024-02-28T15:56:39+00:00","breadcrumb":{"@id":"https://ticsalutsocial.atoom.space/es/app/artrocadera/#breadcrumb"},"inLanguage":"es","potentialAction":[{"@type":"ReadAction","target":["https://ticsalutsocial.atoom.space/es/app/artrocadera/"]}]},{"@type":"BreadcrumbList","@id":"https://ticsalutsocial.atoom.space/es/app/artrocadera/#breadcrumb","itemListElement":[{"@type":"ListItem","position":1,"name":"Inici","item":"https://ticsalutsocial.atoom.space/es/"},{"@type":"ListItem","position":2,"name":"ArtroCadera"}]},{"@type":"WebSite","@id":"https://ticsalutsocial.atoom.space/es/#website","url":"https://ticsalutsocial.atoom.space/es/","name":"Fundació TIC Salut i Social","description":"","potentialAction":[{"@type":"SearchAction","target":{"@type":"EntryPoint","urlTemplate":"https://ticsalutsocial.atoom.space/es/?s={search_term_string}"},"query-input":{"@type":"PropertyValueSpecification","valueRequired":true,"valueName":"search_term_string"}}],"inLanguage":"es"}]}</script>
<!-- / Yoast SEO plugin. -->

ArtroCadera - Fundació TIC Salut i Social

Fundació TIC Salut i Social
